{"id":1093,"date":"2016-01-20T12:58:42","date_gmt":"2016-01-20T11:58:42","guid":{"rendered":"http:\/\/unser-quartier.de\/tmp-musterblog3\/?page_id=1093"},"modified":"2020-03-17T13:18:40","modified_gmt":"2020-03-17T12:18:40","slug":"links","status":"publish","type":"page","link":"https:\/\/unser-quartier.de\/55plus-am-westpark\/links\/","title":{"rendered":"Wichtige Links"},"content":{"rendered":"<p>Wichtige und Links f\u00fcr B\u00fcrgerinnen und B\u00fcrger, auf unsere Partner und Organisationen sowie Themen rund um das Alter:<!--more--><\/p>\n<h2><strong>Beh\u00f6rden und kommunale Dienste<\/strong><\/h2>\n<p><a href=\"http:\/\/www.aachen.de\/\" data-wpel-link=\"external\" target=\"_blank\" rel=\"nofollow external noopener noreferrer\" title=\"Externer Link: Stadt Aachen\" class=\"ext-link wpel-icon-right\">Stadt Aachen<span class=\"wpel-icon wpel-image wpel-icon-6\"><\/span><\/a><\/p>\n<p><a href=\"https:\/\/serviceportal.aachen.de\/home\" data-wpel-link=\"external\" target=\"_blank\" rel=\"nofollow external noopener noreferrer\" title=\"Externer Link: Serviceportal Stadt Aachen\" class=\"ext-link wpel-icon-right\">Serviceportal Stadt Aachen<span class=\"wpel-icon wpel-image wpel-icon-6\"><\/span><\/a><\/p>\n<p><a href=\"https:\/\/bportal.staedteregion-aachen.de\/home\" data-wpel-link=\"external\" target=\"_blank\" rel=\"nofollow external noopener noreferrer\" title=\"Externer Link: Serviceportal St\u00e4dteRegion Aachen\" class=\"ext-link wpel-icon-right\">Serviceportal St\u00e4dteRegion Aachen<span class=\"wpel-icon wpel-image wpel-icon-6\"><\/span><\/a><\/p>\n<p><a href=\"http:\/\/www.aachen.de\/DE\/stadt_buerger\/gesellschaft_soziales\/senioren\/1_leitstelle_aelter_werden1.html\" data-wpel-link=\"external\" target=\"_blank\" rel=\"nofollow external noopener noreferrer\" title=\"Externer Link: Leitstelle \u00c4lter werden in Aachen\" class=\"ext-link wpel-icon-right\">Leitstelle \u00c4lter werden in Aachen<span class=\"wpel-icon wpel-image wpel-icon-6\"><\/span><\/a><\/p>\n<h2><strong>Antr\u00e4ge<\/strong><\/h2>\n<p><a href=\"https:\/\/www.verbraucherzentrale.de\/wissen\/gesundheit-pflege\/pflegeantrag-und-leistungen\/pflegegrad-beantragen-so-gehts-13413\" data-wpel-link=\"external\" target=\"_blank\" rel=\"nofollow external noopener noreferrer\" title=\"Externer Link: Pflegegrad\" class=\"ext-link wpel-icon-right\">Pflegegrad<span class=\"wpel-icon wpel-image wpel-icon-6\"><\/span><\/a><\/p>\n<p><a href=\"https:\/\/www.pflege.de\/pflegekasse-pflegefinanzierung\/pflegeleistungen\/pflegegeld\/beantragen\/\" data-wpel-link=\"external\" target=\"_blank\" rel=\"nofollow external noopener noreferrer\" title=\"Externer Link: Pflegegeld\" class=\"ext-link wpel-icon-right\">Pflegegeld<span class=\"wpel-icon wpel-image wpel-icon-6\"><\/span><\/a><\/p>\n<p><a href=\"https:\/\/www.vdk.de\/kv-rhein-ruhr\/ID36310\" data-wpel-link=\"external\" target=\"_blank\" rel=\"nofollow external noopener noreferrer\" title=\"Externer Link: Schwerbehinderung\" class=\"ext-link wpel-icon-right\">Schwerbehinderung<span class=\"wpel-icon wpel-image wpel-icon-6\"><\/span><\/a><\/p>\n<p><a href=\"https:\/\/serviceportal.aachen.de\/suche\/-\/egov-bis-search\/service\/3248\" data-wpel-link=\"external\" target=\"_blank\" rel=\"nofollow external noopener noreferrer\" title=\"Externer Link: Wohngeld\" class=\"ext-link wpel-icon-right\">Wohngeld<span class=\"wpel-icon wpel-image wpel-icon-6\"><\/span><\/a><\/p>\n<p><a href=\"https:\/\/www.staedteregion-aachen.de\/fileadmin\/user_upload\/A_50\/Dateien\/504_SH_Hauptantrag.pdf\" class=\"mtli_attachment mtli_pdf ext-link wpel-icon-right\" data-wpel-link=\"external\" target=\"_blank\" rel=\"nofollow external noopener noreferrer\" title=\"Externer Link: Sozialhilfe Formular zum Ausdrucken\">Sozialhilfe Formular zum Ausdrucken<span class=\"wpel-icon wpel-image wpel-icon-6\"><\/span><\/a><\/p>\n<p><a href=\"https:\/\/www.bmas.de\/DE\/Themen\/Soziale-Sicherung\/Sozialhilfe\/grundsicherung-im-alter-und-bei-erwerbsminderung.html\" data-wpel-link=\"external\" target=\"_blank\" rel=\"nofollow external noopener noreferrer\" title=\"Externer Link: Grundsicherung\" class=\"ext-link wpel-icon-right\">Grundsicherung<span class=\"wpel-icon wpel-image wpel-icon-6\"><\/span><\/a><\/p>\n<p><a href=\"https:\/\/serviceportal.aachen.de\/suche\/-\/egov-bis-search\/service\/3300\" data-wpel-link=\"external\" target=\"_blank\" rel=\"nofollow external noopener noreferrer\" title=\"Externer Link: Befreiung Rundfunkgeb\u00fchren\" class=\"ext-link wpel-icon-right\">Befreiung Rundfunkgeb\u00fchren<span class=\"wpel-icon wpel-image wpel-icon-6\"><\/span><\/a><\/p>\n<p><a href=\"https:\/\/serviceportal.aachen.de\/suche\/-\/egov-bis-search\/service\/3300\" data-wpel-link=\"external\" target=\"_blank\" rel=\"nofollow external noopener noreferrer\" title=\"Externer Link: Befreiung Zuzahlung \" class=\"ext-link wpel-icon-right\">Befreiung Zuzahlung <span class=\"wpel-icon wpel-image wpel-icon-6\"><\/span><\/a><\/p>\n<p><a href=\"https:\/\/www.lvr.de\/de\/nav_main\/soziales_1\/menschenmitbehinderung\/blindenundgehrlosengeld\/blindengeld_und_blindenhilfe\/blindengeldundblindenhilfe.jsp\" data-wpel-link=\"external\" target=\"_blank\" rel=\"nofollow external noopener noreferrer\" title=\"Externer Link: Blindengeld\" class=\"ext-link wpel-icon-right\">Blindengeld<span class=\"wpel-icon wpel-image wpel-icon-6\"><\/span><\/a><\/p>\n<p><a href=\"https:\/\/www.lvr.de\/de\/nav_main\/soziales_1\/menschenmitbehinderung\/blindenundgehrlosengeld\/gehoerlosengeld\/gehoerlosengeld.jsp\" data-wpel-link=\"external\" target=\"_blank\" rel=\"nofollow external noopener noreferrer\" title=\"Externer Link: Geh\u00f6rlosengeld\" class=\"ext-link wpel-icon-right\">Geh\u00f6rlosengeld<span class=\"wpel-icon wpel-image wpel-icon-6\"><\/span><\/a><\/p>\n<h2><strong>Themen rund um das Alter<\/strong><\/h2>\n<h3><span style=\"text-decoration: underline;\">Alterserkrankungen<\/span><\/h3>\n<p><a href=\"https:\/\/www.deutsche-alzheimer.de\/die-krankheit\/die-alzheimer-krankheit.html\" data-wpel-link=\"external\" target=\"_blank\" rel=\"nofollow external noopener noreferrer\" title=\"Externer Link: Das Wichtigste \u00fcber Alzeheimererkrankungen\" class=\"ext-link wpel-icon-right\">Das Wichtigste \u00fcber Alzeheimererkrankungen<span class=\"wpel-icon wpel-image wpel-icon-6\"><\/span><\/a><\/p>\n<p><a href=\"https:\/\/www.deutsche-depressionshilfe.de\/depression-infos-und-hilfe\/depression-in-verschiedenen-facetten\/depression-im-alter\" data-wpel-link=\"external\" target=\"_blank\" rel=\"nofollow external noopener noreferrer\" title=\"Externer Link: Depression im Alter\" class=\"ext-link wpel-icon-right\">Depression im Alter<span class=\"wpel-icon wpel-image wpel-icon-6\"><\/span><\/a><\/p>\n<p><a href=\"https:\/\/www.wohnen-im-alter.de\/gesundheit\/sucht\" data-wpel-link=\"external\" target=\"_blank\" rel=\"nofollow external noopener noreferrer\" title=\"Externer Link: Suchterkrankungen im Alter\" class=\"ext-link wpel-icon-right\">Suchterkrankungen im Alter<span class=\"wpel-icon wpel-image wpel-icon-6\"><\/span><\/a><\/p>\n<p><a href=\"https:\/\/www.herzstiftung.de\/\" data-wpel-link=\"external\" target=\"_blank\" rel=\"nofollow external noopener noreferrer\" title=\"Externer Link: Informationen zu Herzerkrankungen\" class=\"ext-link wpel-icon-right\">Informationen zu Herzerkrankungen<span class=\"wpel-icon wpel-image wpel-icon-6\"><\/span><\/a><\/p>\n<p><a href=\"https:\/\/www.schlaganfall-hilfe.de\/de\/verstehen-vermeiden\/schlaganfall-ursachen\" data-wpel-link=\"external\" target=\"_blank\" rel=\"nofollow external noopener noreferrer\" title=\"Externer Link: Informationen zu Schlaganfall\" class=\"ext-link wpel-icon-right\">Informationen zu Schlaganfall<span class=\"wpel-icon wpel-image wpel-icon-6\"><\/span><\/a><\/p>\n<p><a href=\"https:\/\/www.krebshilfe.de\/informieren\/ueber-krebs\/was-ist-krebs\/\" data-wpel-link=\"external\" target=\"_blank\" rel=\"nofollow external noopener noreferrer\" title=\"Externer Link: Informationen zu Krebserkrankungen\" class=\"ext-link wpel-icon-right\">Informationen zu Krebserkrankungen<span class=\"wpel-icon wpel-image wpel-icon-6\"><\/span><\/a><\/p>\n<h3><span style=\"text-decoration: underline;\">Wohnen und Pflege<\/span><strong><br \/>\n<\/strong><\/h3>\n<p><a href=\"https:\/\/www.staedteregion-aachen.de\/de\/navigation\/aemter\/amt-fuer-soziale-angelegenheiten-a-50\/wohn-und-pflegeberatung\/\" data-wpel-link=\"external\" target=\"_blank\" rel=\"nofollow external noopener noreferrer\" title=\"Externer Link: Wohn- und Pflegeberatung der St\u00e4dteRegion Aachen\" class=\"ext-link wpel-icon-right\">Wohn- und Pflegeberatung der St\u00e4dteRegion Aachen<span class=\"wpel-icon wpel-image wpel-icon-6\"><\/span><\/a><\/p>\n<h3><span style=\"text-decoration: underline;\">Demenz<\/span><\/h3>\n<p><a href=\"https:\/\/www.demenz-service-aachen-eifel.de\/information-und-beratung.html\" data-wpel-link=\"external\" target=\"_blank\" rel=\"nofollow external noopener noreferrer\" title=\"Externer Link: Demenz-Servicezentrum Regio Aachen \/ Eifel\" class=\"ext-link wpel-icon-right\">Demenz-Servicezentrum Regio Aachen \/ Eifel<span class=\"wpel-icon wpel-image wpel-icon-6\"><\/span><\/a><\/p>\n<h3><span style=\"text-decoration: underline;\">Ehrenamtliches Engagement<\/span><\/h3>\n<p><a href=\"http:\/\/www.aachen.de\/DE\/stadt_buerger\/gesellschaft_soziales\/ehrenamt\/index.html\" data-wpel-link=\"external\" target=\"_blank\" rel=\"nofollow external noopener noreferrer\" title=\"Externer Link: Ehrenamtsportal der Stadt Aachen\" class=\"ext-link wpel-icon-right\">Ehrenamtsportal der Stadt Aachen<span class=\"wpel-icon wpel-image wpel-icon-6\"><\/span><\/a><\/p>\n<p><a href=\"https:\/\/caritas-aachen.de\/angebote\/ehrenamt\/freiwilligenzentrum-aachen\/\" data-wpel-link=\"external\" target=\"_blank\" rel=\"nofollow external noopener noreferrer\" title=\"Externer Link: Freiwilligenzentrum Aachen\" class=\"ext-link wpel-icon-right\">Freiwilligenzentrum Aachen<span class=\"wpel-icon wpel-image wpel-icon-6\"><\/span><\/a><\/p>\n<h3><span style=\"text-decoration: underline;\">Interessenvertretung<\/span><\/h3>\n<p><a href=\"http:\/\/www.aachen.de\/DE\/stadt_buerger\/gesellschaft_soziales\/senioren\/index.html\" data-wpel-link=\"external\" target=\"_blank\" rel=\"nofollow external noopener noreferrer\" title=\"Externer Link: Seniorenrat der Stadt Aachen\" class=\"ext-link wpel-icon-right\">Seniorenrat der Stadt Aachen<span class=\"wpel-icon wpel-image wpel-icon-6\"><\/span><\/a><\/p>\n<h3><span style=\"text-decoration: underline;\">Selbsthilfe<\/span><\/h3>\n<p><a href=\"https:\/\/www.vhs-aachen.de\/vhs\/akis.htm\" data-wpel-link=\"external\" target=\"_blank\" rel=\"nofollow external noopener noreferrer\" title=\"Externer Link: Aachener Kontakt- und Informationsstelle f\u00fcr Selbsthilfe\" class=\"ext-link wpel-icon-right\">Aachener Kontakt- und Informationsstelle f\u00fcr Selbsthilfe<span class=\"wpel-icon wpel-image wpel-icon-6\"><\/span><\/a><\/p>\n<p><a href=\"http:\/\/www.krebsberatungsstelle.de\/i_selbsthilfe.htm\" data-wpel-link=\"external\" target=\"_blank\" rel=\"nofollow external noopener noreferrer\" title=\"Externer Link: Kontaktstelle f\u00fcr Selbsthilfegruppen im Gesundheitswesen e.V.\" class=\"ext-link wpel-icon-right\">Kontaktstelle f\u00fcr Selbsthilfegruppen im Gesundheitswesen e.V.<span class=\"wpel-icon wpel-image wpel-icon-6\"><\/span><\/a><\/p>\n<h3><span style=\"text-decoration: underline;\">Beratungsstellen<\/span><\/h3>\n<p><a href=\"https:\/\/www.verbraucherzentrale.nrw\/beratungsstellen\/aachen\/veranstaltungen\/574\" data-wpel-link=\"external\" target=\"_blank\" rel=\"nofollow external noopener noreferrer\" title=\"Externer Link: Verbraucherzentrale Aachen\" class=\"ext-link wpel-icon-right\">Verbraucherzentrale Aachen<span class=\"wpel-icon wpel-image wpel-icon-6\"><\/span><\/a><\/p>\n<p><a href=\"http:\/\/www.suchthilfe-aachen.de\/angebote\/\" data-wpel-link=\"external\" target=\"_blank\" rel=\"nofollow external noopener noreferrer\" title=\"Externer Link: Suchthilfe Aachen\" class=\"ext-link wpel-icon-right\">Suchthilfe Aachen<span class=\"wpel-icon wpel-image wpel-icon-6\"><\/span><\/a><\/p>\n<p><a href=\"https:\/\/www.bistum-aachen.de\/Beratungszentrum-Aachen\/\" data-wpel-link=\"external\" target=\"_blank\" rel=\"nofollow external noopener noreferrer\" title=\"Externer Link: Katholische Beratungsstelle Aachen\" class=\"ext-link wpel-icon-right\">Katholische Beratungsstelle Aachen<span class=\"wpel-icon wpel-image wpel-icon-6\"><\/span><\/a><\/p>\n<p><a href=\"https:\/\/www.diakonie-aachen.de\/start\/erziehungs-familien-und-sozialberatung\/anker\/\" data-wpel-link=\"external\" target=\"_blank\" rel=\"nofollow external noopener noreferrer\" title=\"Externer Link: Evangelische Beratungsstelle Aachen\" class=\"ext-link wpel-icon-right\">Evangelische Beratungsstelle Aachen<span class=\"wpel-icon wpel-image wpel-icon-6\"><\/span><\/a><\/p>\n<div><a href=\"https:\/\/www.vdk.de\/kv-aachen\/\" data-wpel-link=\"external\" target=\"_blank\" rel=\"nofollow external noopener noreferrer\" title=\"Externer Link: Sozialverband VdK &#8211; Kreisverband Stadt Aachen\" class=\"ext-link wpel-icon-right\">Sozialverband VdK &#8211; Kreisverband Stadt Aachen<span class=\"wpel-icon wpel-image wpel-icon-6\"><\/span><\/a><\/div>\n<div>\u00a0<\/div>\n<div><a href=\"https:\/\/www.staedteregion-aachen.de\/de\/navigation\/aemter\/amt-fuer-soziale-angelegenheiten-a-50\/wohn-und-pflegeberatung\/\" data-wpel-link=\"external\" target=\"_blank\" rel=\"nofollow external noopener noreferrer\" title=\"Externer Link: Wohn- und Pflegeberatung der St\u00e4dteRegion Aachen\" class=\"ext-link wpel-icon-right\">Wohn- und Pflegeberatung der St\u00e4dteRegion Aachen<span class=\"wpel-icon wpel-image wpel-icon-6\"><\/span><\/a><\/div>\n<div>\u00a0<\/div>\n<div><a href=\"https:\/\/www.demenz-service-aachen-eifel.de\/information-und-beratung.html\" data-wpel-link=\"external\" target=\"_blank\" rel=\"nofollow external noopener noreferrer\" title=\"Externer Link: Demenz-Servicezentrum Regio Aachen \/ Eifel\" class=\"ext-link wpel-icon-right\">Demenz-Servicezentrum Regio Aachen \/ Eifel<span class=\"wpel-icon wpel-image wpel-icon-6\"><\/span><\/a><\/div>\n<div>\u00a0<\/div>\n<h2><strong>Kirche und Religionsgemeinschaften<\/strong><\/h2>\n<p><a href=\"http:\/\/www.pfarrei-sankt-jakob.de\/\" data-wpel-link=\"external\" target=\"_blank\" rel=\"nofollow external noopener noreferrer\" title=\"Externer Link: Katholische Pfarrei St. Jakob\" class=\"ext-link wpel-icon-right\">Katholische Pfarrei St. Jakob<span class=\"wpel-icon wpel-image wpel-icon-6\"><\/span><\/a><\/p>\n<p><a href=\"https:\/\/www.evangelisch-in-aachen.de\/genezareth-kirche\/\" data-wpel-link=\"external\" target=\"_blank\" rel=\"nofollow external noopener noreferrer\" title=\"Externer Link: Evangelische Kirchengemeinde Genezarethkirche\" class=\"ext-link wpel-icon-right\">Evangelische Kirchengemeinde Genezarethkirche<span class=\"wpel-icon wpel-image wpel-icon-6\"><\/span><\/a><\/p>\n<p><a href=\"http:\/\/www.jgaachen.de\/index.htm\" data-wpel-link=\"external\" target=\"_blank\" rel=\"nofollow external noopener noreferrer\" title=\"Externer Link: J\u00fcdische Gemeinde Aachen\" class=\"ext-link wpel-icon-right\">J\u00fcdische Gemeinde Aachen<span class=\"wpel-icon wpel-image wpel-icon-6\"><\/span><\/a><\/p>\n<p><a href=\"https:\/\/izaachen.de\/\" data-wpel-link=\"external\" target=\"_blank\" rel=\"nofollow external noopener noreferrer\" title=\"Externer Link: Islamisches Zentrum Aachen (Bilal Moschee) e.V.\" class=\"ext-link wpel-icon-right\">Islamisches Zentrum Aachen (Bilal Moschee) e.V.<span class=\"wpel-icon wpel-image wpel-icon-6\"><\/span><\/a><\/p>\n<p><a href=\"http:\/\/www.st-elisabeth-ac.de\/kapelle-und-seelsorge\/\" data-wpel-link=\"external\" target=\"_blank\" rel=\"nofollow external noopener noreferrer\" title=\"Externer Link: Gottesdienste im Altenheim St. Elisabeth, Welkenrather Stra\u00dfe 69-71\" class=\"ext-link wpel-icon-right\">Gottesdienste im Altenheim St. Elisabeth, Welkenrather Stra\u00dfe 69-71<span class=\"wpel-icon wpel-image wpel-icon-6\"><\/span><\/a><\/p>\n<p>Die Gottesdienste im AltenheimSt. Elisabeth sind aus Platzgr\u00fcnden haupts\u00e4chlich f\u00fcr die Heimbewohner gedacht. Gehbehinderte B\u00fcrger sind aber auch stets willkommen.<\/p>\n<p>Katholische Gottesdienste:<\/p>\n<ul>\n<li>Regelm\u00e4\u00dfig samstags, 11:00 \u2013 12:00 Uhr<\/li>\n<li>Abweichungen an Ostern, Weihnachten und bei gro\u00dfen Feiern im Hause.<\/li>\n<\/ul>\n<p>Evangelische Gottesdienste:<\/p>\n<ul>\n<li>Regelm\u00e4\u00dfig jeden 1. Dienstag im Monat, 16:00 \u2013 16:30 Uhr<\/li>\n<li>Verschiebung auf einen anderen Dienstag, wenn auf den Tag ein Feiertag f\u00e4llt.<\/li>\n<\/ul>\n<p>Aktuelle Abweichungen k\u00f6nnen Sie auch telefonisch erfragen: 0241\/87918 \u2013 0.<\/p>\n<h2><strong>Kunst und Kultur<\/strong><\/h2>\n<p><a href=\"https:\/\/www.cineplex.de\/filmreihe\/cinecafe\/1996\/detail\/ueber-das-cinecafe\/1\/aachen\/\" data-wpel-link=\"external\" target=\"_blank\" rel=\"nofollow external noopener noreferrer\" title=\"Externer Link: CineCaf\u00e8 &#8211; Film&amp;Fr\u00fchst\u00fcck am Morgen\" class=\"ext-link wpel-icon-right\">CineCaf\u00e8 &#8211; Film&amp;Fr\u00fchst\u00fcck am Morgen<span class=\"wpel-icon wpel-image wpel-icon-6\"><\/span><\/a><\/p>\n<p><a href=\"http:\/\/www.apollo-aachen.de\/?page_id=7542\" data-wpel-link=\"external\" target=\"_blank\" rel=\"nofollow external noopener noreferrer\" title=\"Externer Link: Seniorenkino &#8211; Begegnung bei Kaffee und Kuchen\" class=\"ext-link wpel-icon-right\">Seniorenkino &#8211; Begegnung bei Kaffee und Kuchen<span class=\"wpel-icon wpel-image wpel-icon-6\"><\/span><\/a><\/p>\n<p><a href=\"https:\/\/www.engagiert-aelter-in-aachen.de\/programm-engagiert\/kulturellesmiteinander\/orgelcafe-in-der-annakirche\/\" data-wpel-link=\"external\" target=\"_blank\" rel=\"nofollow external noopener noreferrer\" title=\"Externer Link: Orgelcaf\u00e9 in der Annakirche\" class=\"ext-link wpel-icon-right\">Orgelcaf\u00e9 in der Annakirche<span class=\"wpel-icon wpel-image wpel-icon-6\"><\/span><\/a><\/p>\n","protected":false},"excerpt":{"rendered":"<p>Wichtige und Links f\u00fcr B\u00fcrgerinnen und B\u00fcrger, auf unsere Partner und Organisationen sowie Themen rund um das Alter:<\/p>\n","protected":false},"author":701,"featured_media":0,"parent":0,"menu_order":10,"comment_status":"closed","ping_status":"closed","template":"","meta":{"generate_page_header":"","footnotes":""},"class_list":["post-1093","page","type-page","status-publish"],"_links":{"self":[{"href":"https:\/\/unser-quartier.de\/55plus-am-westpark\/wp-json\/wp\/v2\/pages\/1093","targetHints":{"allow":["GET"]}}],"collection":[{"href":"https:\/\/unser-quartier.de\/55plus-am-westpark\/wp-json\/wp\/v2\/pages"}],"about":[{"href":"https:\/\/unser-quartier.de\/55plus-am-westpark\/wp-json\/wp\/v2\/types\/page"}],"author":[{"embeddable":true,"href":"https:\/\/unser-quartier.de\/55plus-am-westpark\/wp-json\/wp\/v2\/users\/701"}],"replies":[{"embeddable":true,"href":"https:\/\/unser-quartier.de\/55plus-am-westpark\/wp-json\/wp\/v2\/comments?post=1093"}],"version-history":[{"count":0,"href":"https:\/\/unser-quartier.de\/55plus-am-westpark\/wp-json\/wp\/v2\/pages\/1093\/revisions"}],"wp:attachment":[{"href":"https:\/\/unser-quartier.de\/55plus-am-westpark\/wp-json\/wp\/v2\/media?parent=1093"}],"curies":[{"name":"wp","href":"https:\/\/api.w.org\/{rel}","templated":true}]}}