{"id":2,"date":"2014-01-22T07:22:37","date_gmt":"2014-01-22T07:22:37","guid":{"rendered":"http:\/\/unser-quartier.de\/tmp-musterblog3\/?page_id=2"},"modified":"2021-03-03T18:34:37","modified_gmt":"2021-03-03T17:34:37","slug":"home","status":"publish","type":"page","link":"https:\/\/unser-quartier.de\/55plus-am-westpark\/","title":{"rendered":"Home"},"content":{"rendered":"<div id=\"pl-2\"  class=\"panel-layout\" ><div id=\"pg-2-0\"  class=\"panel-grid panel-has-style\" ><div class=\"panel-row-style panel-row-style-for-2-0\" ><div id=\"pgc-2-0-0\"  class=\"panel-grid-cell\" ><div id=\"panel-2-0-0-0\" class=\"so-panel widget widget_sow-editor panel-first-child panel-last-child\" data-index=\"0\" ><div class=\"panel-widget-style panel-widget-style-for-2-0-0-0\" ><div\n\t\t\t\n\t\t\tclass=\"so-widget-sow-editor so-widget-sow-editor-base\"\n\t\t\t\n\t\t><h3 class=\"widget-title\">Altengerechte Quartiersentwicklung  im Westparkviertel<\/h3>\n<div class=\"siteorigin-widget-tinymce textwidget\">\n\t<h4><strong>Liebe Anwohnerinnen und Anwohner des Westparkviertels,<\/strong><\/h4>\n<p>das Westparkviertel ist Ihr Zuhause. Hier haben Sie Ihre sozialen Kontakte, hier f\u00fchlen Sie sich aufgehoben und k\u00f6nnen selbstbestimmt leben. Damit das auch im Alter so bleibt, hat das Quartier 55<sup>plus<\/sup> im Altenheim St. Elisabeth Anfang September 2017 seine Arbeit aufgenommen. Gemeinsam mit Ihnen m\u00f6chten wir Strukturen schaffen, damit Sie weiter und lange selbstbestimmt in vertrauter Umgebung Gemeinschaft erleben und sich zuhause f\u00fchlen k\u00f6nnen.<\/p>\n<p>Im Sommer 2018 haben sich einige engagierte B\u00fcrgerinnen und B\u00fcrger des Westparkviertels zu einem Projektteam gefunden und entwickeln seitdem\u00a0 neue Angebote f\u00fcr die Generation 55 plus hier im Viertel. Wir sind gut vernetzt hier im Quartier und Mitglied der<a href=\"https:\/\/westparkviertel.de\/\" data-wpel-link=\"external\" target=\"_blank\" rel=\"nofollow external noopener noreferrer\" title=\"Externer Link:  Stadtteilkonferenz Westparkviertel.\" class=\"ext-link wpel-icon-right\"> Stadtteilkonferenz Westparkviertel.<span class=\"wpel-icon wpel-image wpel-icon-6\"><\/span><\/a><\/p>\n<p><img loading=\"lazy\" decoding=\"async\" class=\"alignright wp-image-4058\" src=\"https:\/\/unser-quartier.de\/55plus-am-westpark\/files\/2019\/04\/Grafik_Projektgebiet.jpg\" alt=\"Karte Projektgebiet 55 plus am Westpark\" width=\"400\" height=\"365\" srcset=\"https:\/\/unser-quartier.de\/55plus-am-westpark\/files\/2019\/04\/Grafik_Projektgebiet.jpg 1200w, https:\/\/unser-quartier.de\/55plus-am-westpark\/files\/2019\/04\/Grafik_Projektgebiet-150x137.jpg 150w, https:\/\/unser-quartier.de\/55plus-am-westpark\/files\/2019\/04\/Grafik_Projektgebiet-300x274.jpg 300w, https:\/\/unser-quartier.de\/55plus-am-westpark\/files\/2019\/04\/Grafik_Projektgebiet-768x701.jpg 768w, https:\/\/unser-quartier.de\/55plus-am-westpark\/files\/2019\/04\/Grafik_Projektgebiet-1024x934.jpg 1024w\" sizes=\"auto, (max-width: 400px) 100vw, 400px\" \/>Wir laden Sie ein, mit uns<\/p>\n<ul>\n<li>ins Gespr\u00e4ch zu kommen<\/li>\n<li>kreativ zu werden<\/li>\n<li>neue Ideen zu entwickeln und umzusetzen<\/li>\n<li>Netzwerke zu kn\u00fcpfen<\/li>\n<li>Nachbarschaft zu f\u00f6rdern<\/li>\n<li>mitzumachen<\/li>\n<\/ul>\n<p>&nbsp;<\/p>\n<p>Herzliche Gr\u00fc\u00dfe<\/p>\n<p>F\u00fcr das Projektteam<br \/>\nMarion Bergk<\/p>\n<h4><strong>\u00a0<\/strong><\/h4>\n<\/div>\n<\/div><\/div><\/div><\/div><\/div><\/div><div id=\"pg-2-1\"  class=\"panel-grid panel-no-style\" ><div id=\"pgc-2-1-0\"  class=\"panel-grid-cell\" ><div id=\"panel-2-1-0-0\" class=\"so-panel widget widget_ink-blog panel-first-child panel-last-child\" data-index=\"1\" ><div\n\t\t\t\n\t\t\tclass=\"so-widget-ink-blog so-widget-ink-blog-thumb-above-c65bab8c82d6-2\"\n\t\t\t\n\t\t>\n<h3 class=\"widget-title\">Aktuelle Beitr\u00e4ge<\/h3>\n\n\t<div class=\"iw-so-blog\">\n\n\t\t<div id=\"my-ajax-blog-widget\">\n\n\t\t\t<div class=\"iw-so-blog-container iw-so-blog-equal-height\">\n\n\t\t\t\t\n\t\t\t\t\t<div class=\"iw-so-article iw-so-thumb-above iw-so-blog-three-column iw-so-first-col\">\n\n\t\t\t\t\t\t\n\t\t\t\t\t\t\t<div class=\"iw-so-article-thumb\">\n\n\t\t\t\t\t\t\t\t\n\t\t\t\t\t\t\t\t\t<a href=\"https:\/\/unser-quartier.de\/55plus-am-westpark\/2025\/06\/geschichten-in-nachbars-garten\/\" data-wpel-link=\"internal\">\n\t\t\t\t\t\t\t\t\t\t<img loading=\"lazy\" decoding=\"async\" width=\"272\" height=\"182\" src=\"https:\/\/unser-quartier.de\/55plus-am-westpark\/files\/2025\/06\/Geschichten-in-Nachbars-Garten-272x182.jpg\" class=\"attachment-sow-carousel-default size-sow-carousel-default wp-post-image\" alt=\"\" srcset=\"https:\/\/unser-quartier.de\/55plus-am-westpark\/files\/2025\/06\/Geschichten-in-Nachbars-Garten-272x182.jpg 272w, https:\/\/unser-quartier.de\/55plus-am-westpark\/files\/2025\/06\/Geschichten-in-Nachbars-Garten-600x400.jpg 600w\" sizes=\"auto, (max-width: 272px) 100vw, 272px\" \/>\t\t\t\t\t\t\t\t\t\t\t\t\t\t\t\t\t\t\t<\/a>\n\n\t\t\t\t\t\t\t\t\n\t\t\t\t\t\t\t<\/div>\n\n\t\t\t\t\t\t\n\t\t\t\t\t\t<div class=\"iw-so-article-content\">\n\n\t\t\t\t\t\t\t\n\t\t\t\t\t\t\t<h3 class=\"iw-so-article-title iw-text-left\">\n\t\t\t\t\t\t\t\t<a href=\"https:\/\/unser-quartier.de\/55plus-am-westpark\/2025\/06\/geschichten-in-nachbars-garten\/\" data-wpel-link=\"internal\">\t\t\t\t\t\t\t\t\tGeschichten in Nachbars Garten\t\t\t\t\t\t\t\t<\/a>\t\t\t\t\t\t\t<\/h3>\n\n\t\t\t\t\t\t\t\n\t\t\t\t\t\t\t\t<p class=\"iw-so-article-byline-below iw-text-left\">\n\t\t\t\t\t\t\t\t\tvom 05. Juni 2025\t\t\t\t\t\t\t\t<\/p>\n\n\t\t\t\t\t\t\t\n\t\t\t\t\t\t\t\n\t\t\t\t\t\t\t\t<p class=\"iw-so-article-excerpt iw-text-left\">\n\t\t\t\t\t\t\t\t\t\t\t\t\t\t\t\t\t\t\tGeschichten in Nachbars Garten sind spannend, unterhaltsam, inspirierend, ber\u00fchrend, erfunden, wahr, immer wieder neu und auf jeden Fall erz\u00e4hlenswert.\u00a0Darum \u00f6ffnen in diesem Sommer bereits...\t\t\t\t\t\t\t\t\t\t\t\t\t\t\t\t\t<\/p>\n\n\t\t\t\t\t\t\t\n\t\t\t\t\t\t\t\n\t\t\t\t\t\t\t\n\t\t\t\t\t\t<\/div>\n\n\t\t\t\t\t<\/div>\n\n\t\t\t\t\t\n\t\t\t\t\n\t\t\t\t\t<div class=\"iw-so-article iw-so-thumb-above iw-so-blog-three-column \">\n\n\t\t\t\t\t\t\n\t\t\t\t\t\t\t<div class=\"iw-so-article-thumb\">\n\n\t\t\t\t\t\t\t\t\n\t\t\t\t\t\t\t\t\t<a href=\"https:\/\/unser-quartier.de\/55plus-am-westpark\/2025\/02\/der-letzte-hilfe-kurs-am-ende-wissen-wie-es-geht\/\" data-wpel-link=\"internal\">\n\t\t\t\t\t\t\t\t\t\t<img loading=\"lazy\" decoding=\"async\" width=\"272\" height=\"182\" src=\"https:\/\/unser-quartier.de\/55plus-am-westpark\/files\/2025\/02\/Letzte-Hilfen-272x182.jpg\" class=\"attachment-sow-carousel-default size-sow-carousel-default wp-post-image\" alt=\"\" \/>\t\t\t\t\t\t\t\t\t\t\t\t\t\t\t\t\t\t\t<\/a>\n\n\t\t\t\t\t\t\t\t\n\t\t\t\t\t\t\t<\/div>\n\n\t\t\t\t\t\t\n\t\t\t\t\t\t<div class=\"iw-so-article-content\">\n\n\t\t\t\t\t\t\t\n\t\t\t\t\t\t\t<h3 class=\"iw-so-article-title iw-text-left\">\n\t\t\t\t\t\t\t\t<a href=\"https:\/\/unser-quartier.de\/55plus-am-westpark\/2025\/02\/der-letzte-hilfe-kurs-am-ende-wissen-wie-es-geht\/\" data-wpel-link=\"internal\">\t\t\t\t\t\t\t\t\tDer Letzte Hilfe Kurs &#8211; Am Ende wissen, wie es geht\t\t\t\t\t\t\t\t<\/a>\t\t\t\t\t\t\t<\/h3>\n\n\t\t\t\t\t\t\t\n\t\t\t\t\t\t\t\t<p class=\"iw-so-article-byline-below iw-text-left\">\n\t\t\t\t\t\t\t\t\tvom 24. Februar 2025\t\t\t\t\t\t\t\t<\/p>\n\n\t\t\t\t\t\t\t\n\t\t\t\t\t\t\t\n\t\t\t\t\t\t\t\t<p class=\"iw-so-article-excerpt iw-text-left\">\n\t\t\t\t\t\t\t\t\t\t\t\t\t\t\t\t\t\t\tDas Lebensende und Sterben unserer Angeh\u00f6rigen, Freunde und Nachbarn macht uns oft hilflos, denn uraltes Wissen zum Sterbegeleit ist mit der Industrialisierung schleichend verloren...\t\t\t\t\t\t\t\t\t\t\t\t\t\t\t\t\t<\/p>\n\n\t\t\t\t\t\t\t\n\t\t\t\t\t\t\t\n\t\t\t\t\t\t\t\n\t\t\t\t\t\t<\/div>\n\n\t\t\t\t\t<\/div>\n\n\t\t\t\t\t\n\t\t\t\t\n\t\t\t\t\t<div class=\"iw-so-article iw-so-thumb-above iw-so-blog-three-column iw-so-last-col\">\n\n\t\t\t\t\t\t\n\t\t\t\t\t\t\t<div class=\"iw-so-article-thumb\">\n\n\t\t\t\t\t\t\t\t\n\t\t\t\t\t\t\t\t\t<a href=\"https:\/\/unser-quartier.de\/55plus-am-westpark\/2024\/11\/der-aachener-spendenkalender-2025-ist-da-ausstellung-am-freitag-29-november-17-21-uhr-im-jakobushaus\/\" data-wpel-link=\"internal\">\n\t\t\t\t\t\t\t\t\t\t<img loading=\"lazy\" decoding=\"async\" width=\"272\" height=\"182\" src=\"https:\/\/unser-quartier.de\/55plus-am-westpark\/files\/2024\/11\/Kalender-272x182.jpg\" class=\"attachment-sow-carousel-default size-sow-carousel-default wp-post-image\" alt=\"\" \/>\t\t\t\t\t\t\t\t\t\t\t\t\t\t\t\t\t\t\t<\/a>\n\n\t\t\t\t\t\t\t\t\n\t\t\t\t\t\t\t<\/div>\n\n\t\t\t\t\t\t\n\t\t\t\t\t\t<div class=\"iw-so-article-content\">\n\n\t\t\t\t\t\t\t\n\t\t\t\t\t\t\t<h3 class=\"iw-so-article-title iw-text-left\">\n\t\t\t\t\t\t\t\t<a href=\"https:\/\/unser-quartier.de\/55plus-am-westpark\/2024\/11\/der-aachener-spendenkalender-2025-ist-da-ausstellung-am-freitag-29-november-17-21-uhr-im-jakobushaus\/\" data-wpel-link=\"internal\">\t\t\t\t\t\t\t\t\tDer Aachener Spendenkalender 2025 ist da! Ausstellung am Freitag, 29. November, 17 &#8211; 21 Uhr im Jakobushaus\t\t\t\t\t\t\t\t<\/a>\t\t\t\t\t\t\t<\/h3>\n\n\t\t\t\t\t\t\t\n\t\t\t\t\t\t\t\t<p class=\"iw-so-article-byline-below iw-text-left\">\n\t\t\t\t\t\t\t\t\tvom 28. November 2024\t\t\t\t\t\t\t\t<\/p>\n\n\t\t\t\t\t\t\t\n\t\t\t\t\t\t\t\n\t\t\t\t\t\t\t\t<p class=\"iw-so-article-excerpt iw-text-left\">\n\t\t\t\t\t\t\t\t\t\t\t\t\t\t\t\t\t\t\tDer Aachener Spendenkalender 2025 ist da. Die K\u00fcnstler, die ihre Fotos zur Verf\u00fcgung gestellt haben, haben sich wieder selbst \u00fcbertroffen! Hier gibt es einen...\t\t\t\t\t\t\t\t\t\t\t\t\t\t\t\t\t<\/p>\n\n\t\t\t\t\t\t\t\n\t\t\t\t\t\t\t\n\t\t\t\t\t\t\t\n\t\t\t\t\t\t<\/div>\n\n\t\t\t\t\t<\/div>\n\n\t\t\t\t\t\n\t\t\t\t\n\t\t\t<\/div>\n\n\t\t\t\n\t\t<\/div>\n\n\t<\/div>\n\n\n<\/div><\/div><\/div><\/div><div id=\"pg-2-2\"  class=\"panel-grid panel-no-style\" ><div id=\"pgc-2-2-0\"  class=\"panel-grid-cell\" ><div id=\"panel-2-2-0-0\" class=\"so-panel widget widget_em_widget panel-first-child panel-last-child\" data-index=\"2\" ><div class=\"panel-widget-style panel-widget-style-for-2-2-0-0\" ><h3 class=\"widget-title\">N\u00e4chste Veranstaltungen:<\/h3><div class=\"em pixelbones em-list-widget em-events-widget\"><li>Zur Zeit keine Veranstaltungen<\/li><li class=\"all-events-link\"><a href=\"https:\/\/unser-quartier.de\/55plus-am-westpark\/veranstaltungen\/liste\/\" title=\"weitere Veranstaltungen\" data-wpel-link=\"internal\">weitere Veranstaltungen<\/a><\/li><\/div><\/div><\/div><\/div><div id=\"pgc-2-2-1\"  class=\"panel-grid-cell\" ><div id=\"panel-2-2-1-0\" class=\"so-panel widget widget_sow-editor panel-first-child panel-last-child\" data-index=\"3\" ><div class=\"iw-med-up panel-widget-style panel-widget-style-for-2-2-1-0\" ><div\n\t\t\t\n\t\t\tclass=\"so-widget-sow-editor so-widget-sow-editor-base\"\n\t\t\t\n\t\t><h3 class=\"widget-title\">Hinweis f\u00fcr Akteure<\/h3>\n<div class=\"siteorigin-widget-tinymce textwidget\">\n\t<p>Sind Sie noch nicht im Anbieterverzeichnis registriert? Bitte f\u00fcllen Sie das <a href=\"https:\/\/unser-quartier.de\/55plus-am-westpark\/uebersicht2\/eintragsformular\/\" data-wpel-link=\"internal\">\u00bb Eintragsformular<\/a> aus!<\/p>\n<p>Senden Sie uns auch Ihre Terminhinweise! <a href=\"https:\/\/unser-quartier.de\/55plus-am-westpark\/kontakt\/\" data-wpel-link=\"internal\">\u00bb Kontakt aufnehmen<\/a><\/p>\n<\/div>\n<\/div><\/div><\/div><\/div><\/div><div id=\"pg-2-3\"  class=\"panel-grid panel-no-style\" ><div id=\"pgc-2-3-0\"  class=\"panel-grid-cell\" ><div id=\"panel-2-3-0-0\" class=\"so-panel widget widget_wp_views panel-first-child panel-last-child\" data-index=\"4\" ><div class=\"panel-widget-style panel-widget-style-for-2-3-0-0\" ><h3 class=\"widget-title\">Orte im Quartier<\/h3>\n\n\n<div id=\"wpv-view-layout-1047\" class=\"js-wpv-view-layout js-wpv-layout-responsive js-wpv-view-layout-1047\" data-viewnumber=\"1047\" data-pagination=\"{&quot;id&quot;:&quot;1047&quot;,&quot;query&quot;:&quot;normal&quot;,&quot;type&quot;:&quot;disabled&quot;,&quot;effect&quot;:&quot;fade&quot;,&quot;duration&quot;:&quot;500&quot;,&quot;speed&quot;:5,&quot;pause_on_hover&quot;:&quot;disabled&quot;,&quot;stop_rollover&quot;:&quot;false&quot;,&quot;cache_pages&quot;:&quot;enabled&quot;,&quot;preload_images&quot;:&quot;enabled&quot;,&quot;preload_pages&quot;:&quot;enabled&quot;,&quot;preload_reach&quot;:&quot;1&quot;,&quot;spinner&quot;:&quot;builtin&quot;,&quot;spinner_image&quot;:&quot;https:\/\/unser-quartier.de\/55plus-am-westpark\/wp-content\/plugins\/wp-views\/res\/img\/ajax-loader.gif&quot;,&quot;callback_next&quot;:&quot;&quot;,&quot;manage_history&quot;:&quot;enabled&quot;,&quot;has_controls_in_form&quot;:&quot;disabled&quot;,&quot;infinite_tolerance&quot;:&quot;0&quot;,&quot;max_pages&quot;:1,&quot;page&quot;:1,&quot;base_permalink&quot;:&quot;\/55plus-am-westpark\/wp-json\/wp\/v2\/pages\/2?wpv_view_count=1047&amp;wpv_paged=WPV_PAGE_NUM&quot;,&quot;loop&quot;:{&quot;type&quot;:&quot;&quot;,&quot;name&quot;:&quot;&quot;,&quot;data&quot;:[],&quot;id&quot;:0}}\" data-permalink=\"\/55plus-am-westpark\/wp-json\/wp\/v2\/pages\/2?wpv_view_count=1047\">\n\nLetzte Aktualisierungen und Neueintr\u00e4ge:\n\n\t<!-- wpv-loop-start -->\n\t<ul class=\"wpv-loop js-wpv-loop\">\n\t\t\n\t\t\t<li><a href=\"https:\/\/unser-quartier.de\/55plus-am-westpark\/adresse\/haus-hoern-ggmbh\/\" data-wpel-link=\"internal\">Haus H\u00f6rn gGmbH<\/a><br \/>\n<small><em>Johannes-von-den-Driesch-Weg 4<\/em><\/small><\/li>\n\t\t\n\t\t\t<li><a href=\"https:\/\/unser-quartier.de\/55plus-am-westpark\/adresse\/awo-kreisverband-aachen-stadt-e-v\/\" data-wpel-link=\"internal\">AWO Kreisverband Aachen-Stadt e.V.<\/a><br \/>\n<small><em>Gartenstr. 25<\/em><\/small><\/li>\n\t\t\n\t\t\t<li><a href=\"https:\/\/unser-quartier.de\/55plus-am-westpark\/adresse\/oekologie-zentrum-aachen-e-v\/\" data-wpel-link=\"internal\">\u00d6kologie-Zentrum Aachen e.V.<\/a><br \/>\n<small><em>An der Schanz 1<\/em><\/small><\/li>\n\t\t\n\t\t\t<li><a href=\"https:\/\/unser-quartier.de\/55plus-am-westpark\/adresse\/welthaus-aachen\/\" data-wpel-link=\"internal\">Welthaus Aachen<\/a><br \/>\n<small><em>An der Schanz 1<\/em><\/small><\/li>\n\t\t\n\t\t\t<li><a href=\"https:\/\/unser-quartier.de\/55plus-am-westpark\/adresse\/krebsberatungsstelle-und-kontaktstelle-fuer-selbsthilfegruppen-im-gesundheitswesen-aachen-e-v\/\" data-wpel-link=\"internal\">Krebsberatungsstelle und Kontaktstelle f\u00fcr Selbsthilfegruppen im Gesundheitswesen Aachen e.V.<\/a><br \/>\n<small><em>L\u00fctticher Stra\u00dfe 10<\/em><\/small><\/li>\n\t\t\n\t<\/ul>\n\t<!-- wpv-loop-end -->\n\t\n\t\n<\/div><\/div><\/div><\/div><div id=\"pgc-2-3-1\"  class=\"panel-grid-cell\" ><div id=\"panel-2-3-1-0\" class=\"so-panel widget widget_sow-google-map panel-first-child panel-last-child\" data-index=\"5\" ><div class=\"panel-widget-style panel-widget-style-for-2-3-1-0\" ><div\n\t\t\t\n\t\t\tclass=\"so-widget-sow-google-map so-widget-sow-google-map-default-ae958db06d5f-11394\"\n\t\t\t\n\t\t>\n<div class=\"sow-google-map-canvas\"\n\tstyle=\"\"\n\tid=\"map-canvas-4b2663c1cac2576a1f52b98c2c5d5202\"\n\tdata-options=\"{&quot;address&quot;:&quot;&quot;,&quot;zoom&quot;:16,&quot;mobileZoom&quot;:16,&quot;gestureHandling&quot;:&quot;greedy&quot;,&quot;disableUi&quot;:false,&quot;markerIcon&quot;:&quot;&quot;,&quot;markersDraggable&quot;:false,&quot;markerAtCenter&quot;:false,&quot;markerInfoDisplay&quot;:&quot;always&quot;,&quot;markerInfoMultiple&quot;:true,&quot;markerPositions&quot;:&quot;&quot;,&quot;mapName&quot;:&quot;&quot;,&quot;mapStyles&quot;:&quot;&quot;,&quot;directions&quot;:{&quot;origin&quot;:&quot;Welkenrather Stra\\u00dfe 69-71, Aachen&quot;,&quot;destination&quot;:&quot;Welkenrather Stra\\u00dfe 69-71, Aachen&quot;,&quot;travelMode&quot;:&quot;walking&quot;,&quot;soFieldContainerState&quot;:&quot;open&quot;,&quot;avoidHighways&quot;:false,&quot;avoidTolls&quot;:false,&quot;preserveViewport&quot;:false,&quot;optimizeWaypoints&quot;:false},&quot;apiKey&quot;:&quot;AIzaSyCme_xnea4bzHRc7jjZF3oFfpduYt22DyE&quot;,&quot;breakpoint&quot;:780}\"\n\tdata-fallback-image=\"{&quot;img&quot;:&quot;&quot;}\"><\/div>\n<\/div><\/div><\/div><\/div><\/div><div id=\"pg-2-4\"  class=\"panel-grid panel-no-style\" ><div id=\"pgc-2-4-0\"  class=\"panel-grid-cell\" ><div id=\"panel-2-4-0-0\" class=\"so-panel widget widget_sow-editor panel-first-child panel-last-child\" data-index=\"6\" ><div\n\t\t\t\n\t\t\tclass=\"so-widget-sow-editor so-widget-sow-editor-base\"\n\t\t\t\n\t\t><h3 class=\"widget-title\">Aktuelle Nachrichten aus Aachen, Deutschland und der Welt<\/h3>\n<div class=\"siteorigin-widget-tinymce textwidget\">\n\t<p>HIer geht es zur Website der <a href=\"https:\/\/www1.wdr.de\/fernsehen\/lokalzeit\/aachen\/index.html\" data-wpel-link=\"external\" target=\"_blank\" rel=\"nofollow external noopener noreferrer\" title=\"Externer Link: WDR Lokalzeit Aachen\" class=\"ext-link wpel-icon-right\">WDR Lokalzeit Aachen<span class=\"wpel-icon wpel-image wpel-icon-6\"><\/span><\/a><\/p>\n<p>Hier geht es zur Website der <a href=\"https:\/\/www.tagesschau.de\/\" data-wpel-link=\"external\" target=\"_blank\" rel=\"nofollow external noopener noreferrer\" title=\"Externer Link: Tagesschau\" class=\"ext-link wpel-icon-right\">Tagesschau<span class=\"wpel-icon wpel-image wpel-icon-6\"><\/span><\/a><\/p>\n<p>Hier geht es zur Website der <a href=\"https:\/\/www.zdf.de\/nachrichten\/heute-19-uhr\" data-wpel-link=\"external\" target=\"_blank\" rel=\"nofollow external noopener noreferrer\" title=\"Externer Link: heute Nachrichten\" class=\"ext-link wpel-icon-right\">heute Nachrichten<span class=\"wpel-icon wpel-image wpel-icon-6\"><\/span><\/a><\/p>\n<\/div>\n<\/div><\/div><\/div><div id=\"pgc-2-4-1\"  class=\"panel-grid-cell\" ><div id=\"panel-2-4-1-0\" class=\"so-panel widget panel-first-child panel-last-child\" data-index=\"7\" ><div class=\"iw-med-up panel-widget-style panel-widget-style-for-2-4-1-0\" ><\/div><\/div><\/div><\/div><\/div>","protected":false},"excerpt":{"rendered":"<p>Altengerechte Quartiersentwicklung im Westparkviertel Liebe Anwohnerinnen und Anwohner des Westparkviertels, das Westparkviertel ist Ihr Zuhause. Hier haben Sie Ihre sozialen Kontakte, hier f\u00fchlen Sie sich aufgehoben und k\u00f6nnen selbstbestimmt leben. Damit das auch im Alter so bleibt, hat das Quartier 55plus im Altenheim St. Elisabeth Anfang September 2017 seine Arbeit aufgenommen. Gemeinsam mit Ihnen m\u00f6chten&hellip; <a class=\"continue\" href=\"https:\/\/unser-quartier.de\/55plus-am-westpark\/2024\/11\/der-aachener-spendenkalender-2025-ist-da-ausstellung-am-freitag-29-november-17-21-uhr-im-jakobushaus\/\" data-wpel-link=\"internal\"> \u00bb weiterlesen: <span> Der Aachener Spendenkalender 2025 ist da! Ausstellung am Freitag, 29. November, 17 &#8211; 21 Uhr im Jakobushaus<\/span><\/a><\/p>\n","protected":false},"author":701,"featured_media":0,"parent":0,"menu_order":2,"comment_status":"closed","ping_status":"closed","template":"","meta":{"generate_page_header":"","footnotes":""},"class_list":["post-2","page","type-page","status-publish","hentry"],"_links":{"self":[{"href":"https:\/\/unser-quartier.de\/55plus-am-westpark\/wp-json\/wp\/v2\/pages\/2","targetHints":{"allow":["GET"]}}],"collection":[{"href":"https:\/\/unser-quartier.de\/55plus-am-westpark\/wp-json\/wp\/v2\/pages"}],"about":[{"href":"https:\/\/unser-quartier.de\/55plus-am-westpark\/wp-json\/wp\/v2\/types\/page"}],"author":[{"embeddable":true,"href":"https:\/\/unser-quartier.de\/55plus-am-westpark\/wp-json\/wp\/v2\/users\/701"}],"replies":[{"embeddable":true,"href":"https:\/\/unser-quartier.de\/55plus-am-westpark\/wp-json\/wp\/v2\/comments?post=2"}],"version-history":[{"count":0,"href":"https:\/\/unser-quartier.de\/55plus-am-westpark\/wp-json\/wp\/v2\/pages\/2\/revisions"}],"wp:attachment":[{"href":"https:\/\/unser-quartier.de\/55plus-am-westpark\/wp-json\/wp\/v2\/media?parent=2"}],"curies":[{"name":"wp","href":"https:\/\/api.w.org\/{rel}","templated":true}]}}