{"id":44,"date":"2012-05-07T11:23:56","date_gmt":"2012-05-07T11:23:56","guid":{"rendered":"http:\/\/unser-quartier.de\/tmp-musterblog\/?page_id=44"},"modified":"2014-01-14T12:41:42","modified_gmt":"2014-01-14T11:41:42","slug":"ueber-uns","status":"publish","type":"page","link":"https:\/\/unser-quartier.de\/atelier-nbw\/ueber-uns\/","title":{"rendered":"\u00dcber uns"},"content":{"rendered":"<p>Die Nachbarschaftswerkstatt ist ein Fortbildungsprogramm f\u00fcr Seniorenb\u00fcros, die Nachbarschaftsprojekte aufgebaut haben oder begleiten. Das Projekt wird im Programm Nachbarschaftshilfe und soziale Dienstleistungen im Programm \u201eSoziales Wohnen \u2013 Zuhause im Alter\u201c des Bundesministeriums f\u00fcr Familie, Senioren, Frauen und Jugend gef\u00f6rdert.<\/p>\n<p>Das Thema Nachbarschaft ist hochaktuell und wird k\u00fcnftig noch mehr an Bedeutung gewinnen. Viele Seniorenb\u00fcros sind bereits in diesem Feld t\u00e4tig und haben vielf\u00e4ltige Projekte und Initiativen aufgebaut.<\/p>\n<p>Ziel des Fortbildungsprogramms ist es, in die Zukunft zu schauen, neue, auch virtuelle Ans\u00e4tze und innovative Methoden kennen zu lernen und mit diesen Mitteln die Nachbarschaftsprojekte der Seniorenb\u00fcros konkret vor Ort weiter zu entwickeln. \u00dcber das Fortbildungsprogramm hinaus entsteht ferner ein Netzwerk der Seniorenb\u00fcros in Nachbarschaftsprojekten, das f\u00fcr die Zukunft ger\u00fcstet ist.<\/p>\n","protected":false},"excerpt":{"rendered":"<p>Die Nachbarschaftswerkstatt ist ein Fortbildungsprogramm f\u00fcr Seniorenb\u00fcros, die Nachbarschaftsprojekte aufgebaut haben oder begleiten. Das Projekt wird im Programm Nachbarschaftshilfe und soziale Dienstleistungen im Programm \u201eSoziales Wohnen \u2013 Zuhause im Alter\u201c des Bundesministeriums f\u00fcr Familie, Senioren, Frauen und Jugend gef\u00f6rdert. Das Thema Nachbarschaft ist hochaktuell und wird k\u00fcnftig noch mehr an Bedeutung gewinnen. Viele Seniorenb\u00fcros sind &hellip; <a href=\"https:\/\/unser-quartier.de\/atelier-nbw\/ueber-uns\/\" class=\"more-link\"><span class=\"screen-reader-text\">\u00dcber uns<\/span> weiterlesen <span class=\"meta-nav\">&rarr;<\/span><\/a><\/p>\n","protected":false},"author":78,"featured_media":0,"parent":0,"menu_order":5,"comment_status":"closed","ping_status":"closed","template":"","meta":{"jetpack_post_was_ever_published":false,"footnotes":""},"class_list":["post-44","page","type-page","status-publish","hentry"],"jetpack_sharing_enabled":true,"_links":{"self":[{"href":"https:\/\/unser-quartier.de\/atelier-nbw\/wp-json\/wp\/v2\/pages\/44","targetHints":{"allow":["GET"]}}],"collection":[{"href":"https:\/\/unser-quartier.de\/atelier-nbw\/wp-json\/wp\/v2\/pages"}],"about":[{"href":"https:\/\/unser-quartier.de\/atelier-nbw\/wp-json\/wp\/v2\/types\/page"}],"author":[{"embeddable":true,"href":"https:\/\/unser-quartier.de\/atelier-nbw\/wp-json\/wp\/v2\/users\/78"}],"replies":[{"embeddable":true,"href":"https:\/\/unser-quartier.de\/atelier-nbw\/wp-json\/wp\/v2\/comments?post=44"}],"version-history":[{"count":0,"href":"https:\/\/unser-quartier.de\/atelier-nbw\/wp-json\/wp\/v2\/pages\/44\/revisions"}],"wp:attachment":[{"href":"https:\/\/unser-quartier.de\/atelier-nbw\/wp-json\/wp\/v2\/media?parent=44"}],"curies":[{"name":"wp","href":"https:\/\/api.w.org\/{rel}","templated":true}]}}