{"id":6915,"date":"2023-09-15T17:51:08","date_gmt":"2023-09-15T15:51:08","guid":{"rendered":"https:\/\/unser-quartier.de\/bauchem\/?page_id=6915"},"modified":"2024-04-20T13:03:29","modified_gmt":"2024-04-20T11:03:29","slug":"oeffnungszeiten","status":"publish","type":"page","link":"https:\/\/unser-quartier.de\/bauchem\/oeffnungszeiten\/","title":{"rendered":"\u00d6ffnungszeiten"},"content":{"rendered":"<table style=\"border-collapse: collapse; width: 100%;\">\n<tbody>\n<tr>\n<td style=\"width: 50%;\">B\u00fcrgersprechstunde Quartierszentrum Bauchem:<\/td>\n<td style=\"width: 50%;\">\nMo: 08:00 \u2013 12:00 Uhr<br \/>\nDo: 14:00 \u2013 16:00 Uhr<\/p>\n<p><a href=\"https:\/\/www.google.com\/maps\/place\/Im+Gang+38,+52511+Geilenkirchen\/@50.9704837,6.1095978,17z\" data-wpel-link=\"exclude\">Im Gang 38<\/a>\n<\/td>\n<\/tr>\n<tr>\n<td style=\"width: 50%;\">B\u00fcrgersprechstunde Stadtmitte:<\/td>\n<td style=\"width: 50%;\">\nDi: 09:00 \u2013 15:00 Uhr<br \/>\n<a href=\"https:\/\/www.google.com\/maps\/place\/Herzog-Wilhelm-Stra%C3%9Fe+1,+52511+Geilenkirchen\/@50.9634893,6.1184957,17z\" data-wpel-link=\"exclude\">Herzog-Wilhelm-Stra\u00dfe 1<\/a>\n<\/td>\n<\/tr>\n<tr>\n<td style=\"width: 50%;\">B\u00fcrgersprechstunde H\u00fcnshoven:<\/td>\n<td style=\"width: 50%;\">\nMi: 10:00 \u2013 13:00 Uhr &amp; 14:00 \u2013 16:00<br \/>\n<a href=\"https:\/\/www.google.com\/maps\/place\/Hermann-Josef-Stra%C3%9Fe+20,+52511+Geilenkirchen\/@50.9631907,6.1257666,17z\" data-wpel-link=\"exclude\">Hermann-Josef-Stra\u00dfe 20<\/a>\n<\/td>\n<\/tr>\n<\/tbody>\n<\/table>\n<p><strong>Zur Ber\u00fccksichtigung bitten wir Sie um eine vorherige Terminabsprache (+ evtl. nochmal Telefonnummer angeben)<\/strong><\/p>\n","protected":false},"excerpt":{"rendered":"<p>B\u00fcrgersprechstunde Quartierszentrum Bauchem: Mo: 08:00 \u2013 12:00 Uhr Do: 14:00 \u2013 16:00 Uhr Im Gang 38 B\u00fcrgersprechstunde Stadtmitte: Di: 09:00 \u2013 15:00 Uhr Herzog-Wilhelm-Stra\u00dfe 1 B\u00fcrgersprechstunde H\u00fcnshoven: Mi: 10:00 \u2013 13:00 Uhr &amp; 14:00 \u2013 16:00 Hermann-Josef-Stra\u00dfe 20 Zur Ber\u00fccksichtigung bitten wir Sie um eine vorherige Terminabsprache (+ evtl. nochmal Telefonnummer angeben)<\/p>\n","protected":false},"author":909,"featured_media":0,"parent":0,"menu_order":0,"comment_status":"closed","ping_status":"closed","template":"","meta":{"ngg_post_thumbnail":0,"generate_page_header":"","footnotes":""},"class_list":["post-6915","page","type-page","status-publish"],"_links":{"self":[{"href":"https:\/\/unser-quartier.de\/bauchem\/wp-json\/wp\/v2\/pages\/6915","targetHints":{"allow":["GET"]}}],"collection":[{"href":"https:\/\/unser-quartier.de\/bauchem\/wp-json\/wp\/v2\/pages"}],"about":[{"href":"https:\/\/unser-quartier.de\/bauchem\/wp-json\/wp\/v2\/types\/page"}],"author":[{"embeddable":true,"href":"https:\/\/unser-quartier.de\/bauchem\/wp-json\/wp\/v2\/users\/909"}],"replies":[{"embeddable":true,"href":"https:\/\/unser-quartier.de\/bauchem\/wp-json\/wp\/v2\/comments?post=6915"}],"version-history":[{"count":3,"href":"https:\/\/unser-quartier.de\/bauchem\/wp-json\/wp\/v2\/pages\/6915\/revisions"}],"predecessor-version":[{"id":9200,"href":"https:\/\/unser-quartier.de\/bauchem\/wp-json\/wp\/v2\/pages\/6915\/revisions\/9200"}],"wp:attachment":[{"href":"https:\/\/unser-quartier.de\/bauchem\/wp-json\/wp\/v2\/media?parent=6915"}],"curies":[{"name":"wp","href":"https:\/\/api.w.org\/{rel}","templated":true}]}}

Öffnungszeiten

<table style="border-collapse: collapse; width: 100%;">
<tbody>
<tr>
<td style="width: 50%;">Bürgersprechstunde Quartierszentrum Bauchem:</td>
<td style="width: 50%;">
Mo: 08:00 – 12:00 Uhr<br />
Do: 14:00 – 16:00 Uhr</p>
<p><a href="https://www.google.com/maps/place/Im+Gang+38,+52511+Geilenkirchen/@50.9704837,6.1095978,17z" data-wpel-link="exclude">Im Gang 38</a>
</td>
</tr>
<tr>
<td style="width: 50%;">Bürgersprechstunde Stadtmitte:</td>
<td style="width: 50%;">
Di: 09:00 – 15:00 Uhr<br />
<a href="https://www.google.com/maps/place/Herzog-Wilhelm-Stra%C3%9Fe+1,+52511+Geilenkirchen/@50.9634893,6.1184957,17z" data-wpel-link="exclude">Herzog-Wilhelm-Straße 1</a>
</td>
</tr>
<tr>
<td style="width: 50%;">Bürgersprechstunde Hünshoven:</td>
<td style="width: 50%;">
Mi: 10:00 – 13:00 Uhr &amp; 14:00 – 16:00<br />
<a href="https://www.google.com/maps/place/Hermann-Josef-Stra%C3%9Fe+20,+52511+Geilenkirchen/@50.9631907,6.1257666,17z" data-wpel-link="exclude">Hermann-Josef-Straße 20</a>
</td>
</tr>
</tbody>
</table>
<p><strong>Zur Berücksichtigung bitten wir Sie um eine vorherige Terminabsprache (+ evtl. nochmal Telefonnummer angeben)</strong></p>

<p>Bürgersprechstunde Quartierszentrum Bauchem: Mo: 08:00 – 12:00 Uhr Do: 14:00 – 16:00 Uhr Im Gang 38 Bürgersprechstunde Stadtmitte: Di: 09:00 – 15:00 Uhr Herzog-Wilhelm-Straße 1 Bürgersprechstunde Hünshoven: Mi: 10:00 – 13:00 Uhr &amp; 14:00 – 16:00 Hermann-Josef-Straße 20 Zur Berücksichtigung bitten wir Sie um eine vorherige Terminabsprache (+ evtl. nochmal Telefonnummer angeben)</p>
