{"id":1350,"date":"2014-01-01T13:54:37","date_gmt":"2014-01-01T13:54:37","guid":{"rendered":"http:\/\/unser-quartier.de\/boeckmanns-laden\/?page_id=1350"},"modified":"2014-10-01T12:08:08","modified_gmt":"2014-10-01T12:08:08","slug":"service","status":"publish","type":"page","link":"https:\/\/unser-quartier.de\/boeckmanns-laden\/service\/","title":{"rendered":"Service"},"content":{"rendered":"<p>Auf den Seiten unter diesem Men\u00fcpunkt kann man verschiedenste Dinge rund um B\u00f6ckmanns Laden einsehen oder davon herunterladen.<\/p>\n<p><a title=\"Pressespiegel | B\u00f6ckmanns Laden\" href=\"https:\/\/unser-quartier.de\/boeckmanns-laden\/service\/pressespiegel\">Pressespiegel<\/a><\/p>\n<p><a title=\"Prospektarchiv\" href=\"https:\/\/unser-quartier.de\/boeckmanns-laden\/service\/prospektarchiv\/\">Prospektarchiv<\/a><\/p>\n<p><a title=\"Austausch f\u00fcr Gruppenleiter\/innen in der Seniorenarbeit\" href=\"https:\/\/unser-quartier.de\/boeckmanns-laden\/service\/austausch-fuer-gruppenleiterinnen-in-der-seniorenarbeit-2\/\">Austausch f\u00fcr Gruppenleiter\/innen in der Seniorenarbeit<\/a><\/p>\n<p><a title=\"Rezepte aller Art\" href=\"https:\/\/unser-quartier.de\/boeckmanns-laden\/service\/rezepte-aller-art\/\">Rezepte<\/a><\/p>\n<p><a title=\"Fahrradtouren \/ Ausfl\u00fcge\" href=\"https:\/\/unser-quartier.de\/boeckmanns-laden\/service\/fahrradtouren-uebersicht\/\">Fahrradtouren und Ausfl\u00fcge<\/a><\/p>\n","protected":false},"excerpt":{"rendered":"<p>Auf den Seiten unter diesem Men\u00fcpunkt kann man verschiedenste Dinge rund um B\u00f6ckmanns Laden einsehen oder davon herunterladen. Pressespiegel Prospektarchiv Austausch f\u00fcr Gruppenleiter\/innen in der Seniorenarbeit Rezepte Fahrradtouren und Ausfl\u00fcge<\/p>\n","protected":false},"author":24,"featured_media":0,"parent":0,"menu_order":9,"comment_status":"open","ping_status":"open","template":"","meta":{"_bbp_topic_count":0,"_bbp_reply_count":0,"_bbp_total_topic_count":0,"_bbp_total_reply_count":0,"_bbp_voice_count":0,"_bbp_anonymous_reply_count":0,"_bbp_topic_count_hidden":0,"_bbp_reply_count_hidden":0,"_bbp_forum_subforum_count":0,"ngg_post_thumbnail":0,"jetpack_post_was_ever_published":false,"footnotes":""},"class_list":["post-1350","page","type-page","status-publish","hentry"],"jetpack_sharing_enabled":true,"_links":{"self":[{"href":"https:\/\/unser-quartier.de\/boeckmanns-laden\/wp-json\/wp\/v2\/pages\/1350","targetHints":{"allow":["GET"]}}],"collection":[{"href":"https:\/\/unser-quartier.de\/boeckmanns-laden\/wp-json\/wp\/v2\/pages"}],"about":[{"href":"https:\/\/unser-quartier.de\/boeckmanns-laden\/wp-json\/wp\/v2\/types\/page"}],"author":[{"embeddable":true,"href":"https:\/\/unser-quartier.de\/boeckmanns-laden\/wp-json\/wp\/v2\/users\/24"}],"replies":[{"embeddable":true,"href":"https:\/\/unser-quartier.de\/boeckmanns-laden\/wp-json\/wp\/v2\/comments?post=1350"}],"version-history":[{"count":0,"href":"https:\/\/unser-quartier.de\/boeckmanns-laden\/wp-json\/wp\/v2\/pages\/1350\/revisions"}],"wp:attachment":[{"href":"https:\/\/unser-quartier.de\/boeckmanns-laden\/wp-json\/wp\/v2\/media?parent=1350"}],"curies":[{"name":"wp","href":"https:\/\/api.w.org\/{rel}","templated":true}]}}