{"id":145,"date":"2012-10-14T11:45:15","date_gmt":"2012-10-14T11:45:15","guid":{"rendered":"http:\/\/unser-quartier.de\/boeckmanns-laden\/?page_id=145"},"modified":"2012-10-14T13:43:35","modified_gmt":"2012-10-14T13:43:35","slug":"baustellenforum-veranstaltungen","status":"publish","type":"page","link":"https:\/\/unser-quartier.de\/boeckmanns-laden\/baustellenforum\/baustellenforum-veranstaltungen\/","title":{"rendered":"Baustellenforum &gt; Veranstaltungen"},"content":{"rendered":"<p>Wenn man das Wort &#8222;Veranstaltungen&#8220; im schwarzen Men\u00fcbalken (unter dem Bild) anklickt, erscheint ein Veranstaltungskalender. Da k\u00f6nnte alles m\u00f6gliche drauf stehen: Informationsveranstaltungen, Stadtfeste, Ausflugstipps, Demonstrationsaufrufe&#8230; Veranstaltungen in nah und fern.<\/p>\n<p>Aber was ist wirklich sinnvoll und lohnt die Arbeit? Wir sind gespannt auf Eure Meinung!<\/p>\n","protected":false},"excerpt":{"rendered":"<p>Wenn man das Wort &#8222;Veranstaltungen&#8220; im schwarzen Men\u00fcbalken (unter dem Bild) anklickt, erscheint ein Veranstaltungskalender. Da k\u00f6nnte alles m\u00f6gliche drauf stehen: Informationsveranstaltungen, Stadtfeste, Ausflugstipps, Demonstrationsaufrufe&#8230; Veranstaltungen in nah und fern. Aber was ist wirklich sinnvoll und lohnt die Arbeit? Wir sind gespannt auf Eure Meinung!<\/p>\n","protected":false},"author":24,"featured_media":0,"parent":140,"menu_order":2,"comment_status":"open","ping_status":"open","template":"","meta":{"_bbp_topic_count":0,"_bbp_reply_count":0,"_bbp_total_topic_count":0,"_bbp_total_reply_count":0,"_bbp_voice_count":0,"_bbp_anonymous_reply_count":0,"_bbp_topic_count_hidden":0,"_bbp_reply_count_hidden":0,"_bbp_forum_subforum_count":0,"ngg_post_thumbnail":0,"jetpack_post_was_ever_published":false,"footnotes":""},"class_list":["post-145","page","type-page","status-publish","hentry"],"jetpack_sharing_enabled":true,"_links":{"self":[{"href":"https:\/\/unser-quartier.de\/boeckmanns-laden\/wp-json\/wp\/v2\/pages\/145","targetHints":{"allow":["GET"]}}],"collection":[{"href":"https:\/\/unser-quartier.de\/boeckmanns-laden\/wp-json\/wp\/v2\/pages"}],"about":[{"href":"https:\/\/unser-quartier.de\/boeckmanns-laden\/wp-json\/wp\/v2\/types\/page"}],"author":[{"embeddable":true,"href":"https:\/\/unser-quartier.de\/boeckmanns-laden\/wp-json\/wp\/v2\/users\/24"}],"replies":[{"embeddable":true,"href":"https:\/\/unser-quartier.de\/boeckmanns-laden\/wp-json\/wp\/v2\/comments?post=145"}],"version-history":[{"count":0,"href":"https:\/\/unser-quartier.de\/boeckmanns-laden\/wp-json\/wp\/v2\/pages\/145\/revisions"}],"up":[{"embeddable":true,"href":"https:\/\/unser-quartier.de\/boeckmanns-laden\/wp-json\/wp\/v2\/pages\/140"}],"wp:attachment":[{"href":"https:\/\/unser-quartier.de\/boeckmanns-laden\/wp-json\/wp\/v2\/media?parent=145"}],"curies":[{"name":"wp","href":"https:\/\/api.w.org\/{rel}","templated":true}]}}