{"id":154,"date":"2012-10-14T12:11:21","date_gmt":"2012-10-14T12:11:21","guid":{"rendered":"http:\/\/unser-quartier.de\/boeckmanns-laden\/?page_id=154"},"modified":"2012-10-14T13:46:11","modified_gmt":"2012-10-14T13:46:11","slug":"baustellenforum-sonstiges","status":"publish","type":"page","link":"https:\/\/unser-quartier.de\/boeckmanns-laden\/baustellenforum\/baustellenforum-sonstiges\/","title":{"rendered":"Baustellenforum &gt; Sonstiges"},"content":{"rendered":"<p>Hier ist Raum f\u00fcr die grunds\u00e4tzlichen Fragen: Was sollte noch ganz anders werden und was fehlt?\u00a0 Wenn man sich mal eine Seite wie die vom <a href=\"http:\/\/j.seniorennetzwerk-coesfeld.de\/\" target=\"_blank\">Seniorennetzwerk Coesfeld<\/a> anschaut, sieht man was alles geht. Brauchen wir einen internen Bereich, der nur mit Passwort erreichbar ist, wo man z.B. Gr\u00fc\u00dfe von denjenigen ver\u00f6ffentlicht, die gerade krank sind? Wie halten wir es mit Fotos? usw.<\/p>\n<p>Was f\u00e4llt Euch noch ein?\u00a0<\/p>\n","protected":false},"excerpt":{"rendered":"<p>Hier ist Raum f\u00fcr die grunds\u00e4tzlichen Fragen: Was sollte noch ganz anders werden und was fehlt?\u00a0 Wenn man sich mal eine Seite wie die vom Seniorennetzwerk Coesfeld anschaut, sieht man was alles geht. Brauchen wir einen internen Bereich, der nur mit Passwort erreichbar ist, wo man z.B. Gr\u00fc\u00dfe von denjenigen ver\u00f6ffentlicht, die gerade krank sind? &hellip; <a href=\"https:\/\/unser-quartier.de\/boeckmanns-laden\/baustellenforum\/baustellenforum-sonstiges\/\" class=\"more-link\"><span class=\"screen-reader-text\">\u201eBaustellenforum &gt; Sonstiges\u201c<\/span> weiterlesen<\/a><\/p>\n","protected":false},"author":24,"featured_media":0,"parent":140,"menu_order":3,"comment_status":"open","ping_status":"open","template":"","meta":{"_bbp_topic_count":0,"_bbp_reply_count":0,"_bbp_total_topic_count":0,"_bbp_total_reply_count":0,"_bbp_voice_count":0,"_bbp_anonymous_reply_count":0,"_bbp_topic_count_hidden":0,"_bbp_reply_count_hidden":0,"_bbp_forum_subforum_count":0,"ngg_post_thumbnail":0,"jetpack_post_was_ever_published":false,"footnotes":""},"class_list":["post-154","page","type-page","status-publish","hentry"],"jetpack_sharing_enabled":true,"_links":{"self":[{"href":"https:\/\/unser-quartier.de\/boeckmanns-laden\/wp-json\/wp\/v2\/pages\/154","targetHints":{"allow":["GET"]}}],"collection":[{"href":"https:\/\/unser-quartier.de\/boeckmanns-laden\/wp-json\/wp\/v2\/pages"}],"about":[{"href":"https:\/\/unser-quartier.de\/boeckmanns-laden\/wp-json\/wp\/v2\/types\/page"}],"author":[{"embeddable":true,"href":"https:\/\/unser-quartier.de\/boeckmanns-laden\/wp-json\/wp\/v2\/users\/24"}],"replies":[{"embeddable":true,"href":"https:\/\/unser-quartier.de\/boeckmanns-laden\/wp-json\/wp\/v2\/comments?post=154"}],"version-history":[{"count":0,"href":"https:\/\/unser-quartier.de\/boeckmanns-laden\/wp-json\/wp\/v2\/pages\/154\/revisions"}],"up":[{"embeddable":true,"href":"https:\/\/unser-quartier.de\/boeckmanns-laden\/wp-json\/wp\/v2\/pages\/140"}],"wp:attachment":[{"href":"https:\/\/unser-quartier.de\/boeckmanns-laden\/wp-json\/wp\/v2\/media?parent=154"}],"curies":[{"name":"wp","href":"https:\/\/api.w.org\/{rel}","templated":true}]}}