{"id":1716,"date":"2014-05-21T23:52:43","date_gmt":"2014-05-21T23:52:43","guid":{"rendered":"http:\/\/unser-quartier.de\/boeckmanns-laden\/?page_id=1716"},"modified":"2016-01-12T15:02:00","modified_gmt":"2016-01-12T15:02:00","slug":"rezepte-aller-art","status":"publish","type":"page","link":"https:\/\/unser-quartier.de\/boeckmanns-laden\/service\/rezepte-aller-art\/","title":{"rendered":"Rezepte"},"content":{"rendered":"<p>Man h\u00f6rt immer mal wieder: &#8222;Essen ist doch was Sch\u00f6nes!!&#8220;\u00a0 Entsprechend wichtig ist es, zu wissen wie man leckere Sachen zubereiten kann.<\/p>\n<p>Einmal im Monat trifft sich Gertraud Sprenger mit ihrem Kochteam und bereitet ein leckeres Mittagsmen\u00fc zu. Da nicht alle hieran teilnehmen k\u00f6nnen und es meistens sehr gut schmeckt, stellen wir euch die Rezepte hier zur Verf\u00fcgung. Viel Spa\u00df und gutes Gelingen beim Nachkochen.<\/p>\n<p>Den Anfang machen die Rezepte zum &#8222;Bunten Abend&#8220;: <a title=\"Rezept: Knabbereien vom \u201cBunten Abend\u201d auf Langeoog 2014 | B\u00f6ckmanns Laden\" href=\"https:\/\/unser-quartier.de\/boeckmanns-laden\/2014\/09\/knabbereien-langeoog\/\" class=\"broken_link\">Knabbersachen<\/a><\/p>\n<p><strong>Menue vom 9.09.15<\/strong><\/p>\n<p><a href=\"http:\/\/Weintauben%20- K\u00e4se Salat\">Weintrauben &#8211; K\u00e4se &#8211; Salat<\/a><\/p>\n<p><a href=\"https:\/\/unser-quartier.de\/boeckmanns-laden\/2015\/11\/rosenkohl-in-tomatensosse\/\" class=\"broken_link\">Rosenkohl in Tomatenso\u00dfe<\/a><\/p>\n<p><a href=\"https:\/\/unser-quartier.de\/boeckmanns-laden\/aktuelles\">Kr\u00e4uterschnitzel<\/a><\/p>\n<p><a href=\"http:\/\/Apfelkompott mit Vanillepudding\">Apfelkompott mit Vanillepudding<\/a><\/p>\n<p><a href=\"http:\/\/Weintauben%20- K\u00e4se Salat\"><strong>Menue vom 19.08.15<\/strong><\/a><\/p>\n<p><a href=\"https:\/\/unser-quartier.de\/boeckmanns-laden\/2015\/09\/porree-salat-2\/\" class=\"broken_link\">Porree &#8211; Salat<\/a><\/p>\n<p><a href=\"http:\/\/Scweinefilettopf\">Schweinefilettopf<\/a><\/p>\n<p><a href=\"http:\/\/Mocca Quarkcreme\">Mocca Quarkcreme<\/a><\/p>\n<p><strong>Menue vom 22. Juli 2015<\/strong><\/p>\n<p><a href=\"https:\/\/unser-quartier.de\/boeckmanns-laden\/2015\/08\/tomaten-mit-mozzarella\/\" class=\"broken_link\">Tomaten mit Mozzarella<\/a><\/p>\n<p><a href=\"https:\/\/unser-quartier.de\/boeckmanns-laden\/2015\/08\/kartoffel-gemueseauflauf-mit-minutenschnitzel\/\" class=\"broken_link\">Kartoffel &#8211; Gem\u00fcseauflauf mit Minutenschnitzel<\/a><\/p>\n<p><a href=\"https:\/\/unser-quartier.de\/boeckmanns-laden\/2015\/08\/nudelauflauf-mit-putenbrust\/\" class=\"broken_link\">Nudelauflauf mit Putenbrust<\/a><\/p>\n<p><a href=\"https:\/\/unser-quartier.de\/boeckmanns-laden\/2015\/08\/obst-philadelphia-dessert\/\" class=\"broken_link\">Obst &#8211; Philadelphia Dessert<\/a><\/p>\n<p><strong>Menue vom 29 .4.15<\/strong><\/p>\n<p><a href=\"https:\/\/unser-quartier.de\/boeckmanns-laden\/2015\/05\/salat-von-gekochten-moehren\/\" class=\"broken_link\">Salat von gekochten M\u00f6hren<\/a><\/p>\n<p><a href=\"https:\/\/unser-quartier.de\/boeckmanns-laden\/2015\/05\/pfundstopf\/\" class=\"broken_link\">Pfundstopf<\/a><\/p>\n<p><a href=\"https:\/\/unser-quartier.de\/boeckmanns-laden\/2015\/05\/bananen-tiramisu\/\" class=\"broken_link\">Bananen Tiramisu<\/a><\/p>\n<p><strong>Menue vom 25.03.15<\/strong><\/p>\n<p><a title=\"Chinakohlsalat\" href=\"https:\/\/unser-quartier.de\/boeckmanns-laden\/2015\/04\/chinakohlsalat\/\" class=\"broken_link\">Chinakohlsalat<\/a><\/p>\n<p><a title=\"Fisch-Lauch-Gratin\" href=\"https:\/\/unser-quartier.de\/boeckmanns-laden\/2015\/04\/fisch-lauch-gratin\/\" class=\"broken_link\">Fisch -Lauch &#8211; Gratin<\/a><\/p>\n<p><a title=\"Pfirsichcreme\" href=\"https:\/\/unser-quartier.de\/boeckmanns-laden\/2015\/04\/pfirsichcreme\/\" class=\"broken_link\">Pfirsichcreme<\/a><\/p>\n<p><strong>Menue vom 25.02.15<\/strong><\/p>\n<p><a title=\"K\u00e4sesuppe\" href=\"https:\/\/unser-quartier.de\/boeckmanns-laden\/2015\/03\/kaesesuppe\/\" class=\"broken_link\">K\u00e4sesuppe<\/a><\/p>\n<p><a title=\"Rinderrouladen\" href=\"https:\/\/unser-quartier.de\/boeckmanns-laden\/2015\/03\/rinderrouladen\/\" class=\"broken_link\">Rinderrouladen<\/a><\/p>\n<p><a title=\"Bohnengem\u00fcse\" href=\"https:\/\/unser-quartier.de\/boeckmanns-laden\/2015\/03\/bohnengemuese\/\" class=\"broken_link\">Bohnengem\u00fcse<\/a><\/p>\n<p><a title=\"Blumenkohl\" href=\"https:\/\/unser-quartier.de\/boeckmanns-laden\/2015\/03\/blumenkohl\/\" class=\"broken_link\">Blumenkohl<\/a><\/p>\n<p><a title=\"Kartoffelkl\u00f6\u00dfe\" href=\"https:\/\/unser-quartier.de\/boeckmanns-laden\/2015\/03\/kartoffelkloesse\/\" class=\"broken_link\">Kartoffelkl\u00f6\u00dfe<\/a><\/p>\n<p><a title=\"Heidelbeer Schichtdessert\" href=\"https:\/\/unser-quartier.de\/boeckmanns-laden\/2015\/03\/heidelbeer-schichtdessert\/\" class=\"broken_link\">Heidelbeer Schichtdessert<\/a><\/p>\n<h1>Menue vom 28.01.15<\/h1>\n<p><a title=\"Blumenkohlsalat\" href=\"https:\/\/unser-quartier.de\/boeckmanns-laden\/2015\/02\/blumenkohlsalat\/\" class=\"broken_link\">Blumenkohlsalat<\/a><\/p>\n<p><a title=\"Gr\u00fcnkohl mit ger\u00e4ucherter Kohlwurst\" href=\"https:\/\/unser-quartier.de\/boeckmanns-laden\/2015\/02\/gruenkohl-mit-geraeucherter-kohlwurst\/\" class=\"broken_link\">Gr\u00fcnkohl mit ger\u00e4ucherter Kohlwurst<\/a><\/p>\n<p><a title=\"Obstsalat\" href=\"https:\/\/unser-quartier.de\/boeckmanns-laden\/2015\/02\/obstsalat\/\" class=\"broken_link\">Obstsalat<\/a><\/p>\n<h1>Menue vom 10.12.14<\/h1>\n<p><a title=\"Rindfleischsuppe\" href=\"https:\/\/unser-quartier.de\/boeckmanns-laden\/2014\/12\/rindfleischsuppe\/\" class=\"broken_link\">Rindfleischsuppe<\/a><\/p>\n<p><a title=\"Fenchelgem\u00fcse | B\u00f6ckmanns Laden\" href=\"https:\/\/unser-quartier.de\/boeckmanns-laden\/2014\/12\/fenchelgemuese\/\" class=\"broken_link\">Fenchelgem\u00fcse<\/a><\/p>\n<p><a title=\"Advents Tiramisu | B\u00f6ckmanns Laden\" href=\"https:\/\/unser-quartier.de\/boeckmanns-laden\/2014\/12\/advents-tiramisu\/\" class=\"broken_link\">Adventstiramisu<\/a><\/p>\n<h1>Menue vom 26.11.14<\/h1>\n<p><a title=\"Stratiatella Quarkcreme | B\u00f6ckmanns Laden\" href=\"https:\/\/unser-quartier.de\/boeckmanns-laden\/2014\/12\/stratiatella-quarkcreme\/\" class=\"broken_link\">Stratiatella Quarkcreme<\/a><\/p>\n<p><a title=\"Kohlrouladen ca. 5 Stck | B\u00f6ckmanns Laden\" href=\"https:\/\/unser-quartier.de\/boeckmanns-laden\/2014\/12\/kohlrouladen-ca-5-stck\/\" class=\"broken_link\">Kohlrouladen ca 5 Stk.<\/a><\/p>\n<p><a title=\"Gem\u00fcsesalat | B\u00f6ckmanns Laden\" href=\"https:\/\/unser-quartier.de\/boeckmanns-laden\/2014\/12\/gemuesesalat\/\" class=\"broken_link\">Gem\u00fcsesalat<\/a><\/p>\n<p><strong>Menue vom 15.10.14<\/strong><\/p>\n<p><a title=\"Rote Gr\u00fctze Pudding mit Himbeeren f\u00fcr 5 Personen\" href=\"https:\/\/unser-quartier.de\/boeckmanns-laden\/2014\/10\/rote-gruetze-pudding-mit-himbeeren-fuer-5-personen\/\" class=\"broken_link\">Rote Gr\u00fctze Pudding mit Himbeeren<\/a><\/p>\n<p><a href=\"https:\/\/unser-quartier.de\/boeckmanns-laden\/?p=2424\" class=\"broken_link\">Bohnen- Lachs- Auflauf<\/a><\/p>\n<p><a title=\"Gulaschsuppe Budapester Art | B\u00f6ckmanns Laden\" href=\"https:\/\/unser-quartier.de\/boeckmanns-laden\/2014\/10\/gulaschsuppe-budapester-art\/\" class=\"broken_link\">Gulaschsuppe Budapester Art<\/a><\/p>\n<h1>Menue vom 24.09.14<\/h1>\n<p><a title=\"Rezept: M\u00f6hren \u2013 Apfelrohkost f\u00fcr 5 Personen | B\u00f6ckmanns Laden\" href=\"https:\/\/unser-quartier.de\/boeckmanns-laden\/2014\/09\/moehren-apfelrohkost\/\" class=\"broken_link\">M\u00f6hren-Apfel-Rohkost<\/a><\/p>\n<p><a title=\"Rezept: Kohlrabi-Kartoffelauflauf f\u00fcr 5 Personen | B\u00f6ckmanns Laden\" href=\"https:\/\/unser-quartier.de\/boeckmanns-laden\/2014\/10\/kohlrabi-kartoffelauflauf\/\" class=\"broken_link\">Kohlrabi Kartoffelauflauf<\/a><\/p>\n<p><a title=\"Rezept: Grie\u00dfkl\u00f6\u00dfe f\u00fcr 5 Personen | B\u00f6ckmanns Laden\" href=\"https:\/\/unser-quartier.de\/boeckmanns-laden\/2014\/10\/griesskloesse\/\">Grie\u00dfkl\u00f6\u00dfe<\/a><\/p>\n<h1>Menue vom 20.08.14<\/h1>\n<p><a title=\"Rezept: Eisbergsalat mit Schinken und K\u00e4se f\u00fcr 10 Personen | B\u00f6ckmanns Laden\" href=\"https:\/\/unser-quartier.de\/boeckmanns-laden\/2014\/09\/eisbergsalat-schinken-kaese\/\" class=\"broken_link\">Eisbergsalat<\/a><\/p>\n<p><a title=\"Rezept: H\u00e4hnchenbrustfilet in Gefl\u00fcgelso\u00dfe mit Kartoffeln f\u00fcr 10 Personen | B\u00f6ckmanns Laden\" href=\"https:\/\/unser-quartier.de\/boeckmanns-laden\/2014\/09\/haehnchenbrustfilet\/\" class=\"broken_link\">H\u00e4hnchenbrustfilet in Gefl\u00fcgelso\u00dfe<\/a><\/p>\n<p><a title=\"Rezept: Mischgem\u00fcse f\u00fcr 10 Personen | B\u00f6ckmanns Laden\" href=\"https:\/\/unser-quartier.de\/boeckmanns-laden\/2014\/09\/mischgemuese\/\" class=\"broken_link\">Mischgem\u00fcse<\/a><\/p>\n<p><a title=\"Rezept: Ananascreme f\u00fcr 8 \u2013 10 Personen\" href=\"https:\/\/unser-quartier.de\/boeckmanns-laden\/2014\/09\/ananascreme\/\" class=\"broken_link\">Ananascreme<\/a><\/p>\n<p>&nbsp;<\/p>\n<p>&nbsp;<\/p>\n","protected":false},"excerpt":{"rendered":"<p>Man h\u00f6rt immer mal wieder: &#8222;Essen ist doch was Sch\u00f6nes!!&#8220;\u00a0 Entsprechend wichtig ist es, zu wissen wie man leckere Sachen zubereiten kann. Einmal im Monat trifft sich Gertraud Sprenger mit ihrem Kochteam und bereitet ein leckeres Mittagsmen\u00fc zu. Da nicht alle hieran teilnehmen k\u00f6nnen und es meistens sehr gut schmeckt, stellen wir euch die Rezepte &hellip; <a href=\"https:\/\/unser-quartier.de\/boeckmanns-laden\/service\/rezepte-aller-art\/\" class=\"more-link\"><span class=\"screen-reader-text\">\u201eRezepte\u201c<\/span> weiterlesen<\/a><\/p>\n","protected":false},"author":24,"featured_media":0,"parent":1350,"menu_order":4,"comment_status":"open","ping_status":"open","template":"sidebar-page.php","meta":{"_bbp_topic_count":0,"_bbp_reply_count":0,"_bbp_total_topic_count":0,"_bbp_total_reply_count":0,"_bbp_voice_count":0,"_bbp_anonymous_reply_count":0,"_bbp_topic_count_hidden":0,"_bbp_reply_count_hidden":0,"_bbp_forum_subforum_count":0,"ngg_post_thumbnail":0,"jetpack_post_was_ever_published":false,"footnotes":""},"class_list":["post-1716","page","type-page","status-publish","hentry"],"jetpack_sharing_enabled":true,"_links":{"self":[{"href":"https:\/\/unser-quartier.de\/boeckmanns-laden\/wp-json\/wp\/v2\/pages\/1716","targetHints":{"allow":["GET"]}}],"collection":[{"href":"https:\/\/unser-quartier.de\/boeckmanns-laden\/wp-json\/wp\/v2\/pages"}],"about":[{"href":"https:\/\/unser-quartier.de\/boeckmanns-laden\/wp-json\/wp\/v2\/types\/page"}],"author":[{"embeddable":true,"href":"https:\/\/unser-quartier.de\/boeckmanns-laden\/wp-json\/wp\/v2\/users\/24"}],"replies":[{"embeddable":true,"href":"https:\/\/unser-quartier.de\/boeckmanns-laden\/wp-json\/wp\/v2\/comments?post=1716"}],"version-history":[{"count":0,"href":"https:\/\/unser-quartier.de\/boeckmanns-laden\/wp-json\/wp\/v2\/pages\/1716\/revisions"}],"up":[{"embeddable":true,"href":"https:\/\/unser-quartier.de\/boeckmanns-laden\/wp-json\/wp\/v2\/pages\/1350"}],"wp:attachment":[{"href":"https:\/\/unser-quartier.de\/boeckmanns-laden\/wp-json\/wp\/v2\/media?parent=1716"}],"curies":[{"name":"wp","href":"https:\/\/api.w.org\/{rel}","templated":true}]}}