{"id":3454,"date":"2016-01-17T17:00:27","date_gmt":"2016-01-17T17:00:27","guid":{"rendered":"http:\/\/unser-quartier.de\/boeckmanns-laden\/?page_id=3454"},"modified":"2017-01-28T21:56:13","modified_gmt":"2017-01-28T21:56:13","slug":"weintrauben-kaese-salat","status":"publish","type":"page","link":"https:\/\/unser-quartier.de\/boeckmanns-laden\/service\/rezepte-aller-art\/weintrauben-kaese-salat\/","title":{"rendered":"Weintrauben &#8211; K\u00e4se &#8211; Salat"},"content":{"rendered":"<h3>Zutaten:<\/h3>\n<table>\n<tbody>\n<tr>\n<td>300 g<\/td>\n<td>mittelalten Gouda<\/td>\n<\/tr>\n<tr>\n<td>2<\/td>\n<td>Bananen<\/td>\n<\/tr>\n<tr>\n<td>1 kl. Dose<\/td>\n<td>Mandarinen<\/td>\n<\/tr>\n<tr>\n<td>1 kl. Dose<\/td>\n<td>Ananasst\u00fccke<\/td>\n<\/tr>\n<tr>\n<td>je 150 g<\/td>\n<td>gr\u00fcne und blaue Weintrauben<\/td>\n<\/tr>\n<tr>\n<td>1 E\u00dfl.<\/td>\n<td>Zitronensaft<\/td>\n<\/tr>\n<tr>\n<td>200 g<\/td>\n<td>Frischk\u00e4se<\/td>\n<\/tr>\n<tr>\n<td>5 E\u00dfl.<\/td>\n<td>Schlagsahne<\/td>\n<\/tr>\n<tr>\n<td>3 E\u00dfl.<\/td>\n<td>Mayonnaise<\/td>\n<\/tr>\n<tr>\n<td>ca 2 E\u00dfl.<\/td>\n<td>Mandarinen\/Ananassaft<\/td>\n<\/tr>\n<tr>\n<td>Salz und Pfeffer<\/td>\n<td><\/td>\n<\/tr>\n<\/tbody>\n<\/table>\n<h3>Zubereitung:<\/h3>\n<p>Mandarinen und Ananas abgie\u00dfen , den Saft auffangen, die Weintrauben waschen und trockentupfen, den K\u00e4se w\u00fcrfeln, die Bananen in Scheiben schneiden. Alle Zutaten in eine Sch\u00fcssel geben , mit dem Zitronensaft betr\u00e4ufeln und kurz vermengen.<\/p>\n<p>Von dem Frischk\u00e4se, der Schlagsahne, der Mayonnaise und dem Saft eine Salatso\u00dfe herstellen &#8211; je nach Konsistenz noch etwas Saft hinzuf\u00fcgen &#8211; und mit Salz und Pfeffer abschmecken.<\/p>\n<p>Die Fr\u00fcchte mit der So\u00dfe vermengen und nochmals abschmecken.<\/p>\n<p>Der Salat kann einige Stunden durchziehen<\/p>\n","protected":false},"excerpt":{"rendered":"<p>Zutaten: 300 g mittelalten Gouda 2 Bananen 1 kl. Dose Mandarinen 1 kl. Dose Ananasst\u00fccke je 150 g gr\u00fcne und blaue Weintrauben 1 E\u00dfl. Zitronensaft 200 g Frischk\u00e4se 5 E\u00dfl. Schlagsahne 3 E\u00dfl. Mayonnaise ca 2 E\u00dfl. Mandarinen\/Ananassaft Salz und Pfeffer Zubereitung: Mandarinen und Ananas abgie\u00dfen , den Saft auffangen, die Weintrauben waschen und trockentupfen, &hellip; <a href=\"https:\/\/unser-quartier.de\/boeckmanns-laden\/service\/rezepte-aller-art\/weintrauben-kaese-salat\/\" class=\"more-link\"><span class=\"screen-reader-text\">\u201eWeintrauben &#8211; K\u00e4se &#8211; Salat\u201c<\/span> weiterlesen<\/a><\/p>\n","protected":false},"author":35,"featured_media":0,"parent":1716,"menu_order":0,"comment_status":"closed","ping_status":"closed","template":"","meta":{"_bbp_topic_count":0,"_bbp_reply_count":0,"_bbp_total_topic_count":0,"_bbp_total_reply_count":0,"_bbp_voice_count":0,"_bbp_anonymous_reply_count":0,"_bbp_topic_count_hidden":0,"_bbp_reply_count_hidden":0,"_bbp_forum_subforum_count":0,"ngg_post_thumbnail":0,"jetpack_post_was_ever_published":false,"footnotes":""},"class_list":["post-3454","page","type-page","status-publish","hentry"],"jetpack_sharing_enabled":true,"_links":{"self":[{"href":"https:\/\/unser-quartier.de\/boeckmanns-laden\/wp-json\/wp\/v2\/pages\/3454","targetHints":{"allow":["GET"]}}],"collection":[{"href":"https:\/\/unser-quartier.de\/boeckmanns-laden\/wp-json\/wp\/v2\/pages"}],"about":[{"href":"https:\/\/unser-quartier.de\/boeckmanns-laden\/wp-json\/wp\/v2\/types\/page"}],"author":[{"embeddable":true,"href":"https:\/\/unser-quartier.de\/boeckmanns-laden\/wp-json\/wp\/v2\/users\/35"}],"replies":[{"embeddable":true,"href":"https:\/\/unser-quartier.de\/boeckmanns-laden\/wp-json\/wp\/v2\/comments?post=3454"}],"version-history":[{"count":0,"href":"https:\/\/unser-quartier.de\/boeckmanns-laden\/wp-json\/wp\/v2\/pages\/3454\/revisions"}],"up":[{"embeddable":true,"href":"https:\/\/unser-quartier.de\/boeckmanns-laden\/wp-json\/wp\/v2\/pages\/1716"}],"wp:attachment":[{"href":"https:\/\/unser-quartier.de\/boeckmanns-laden\/wp-json\/wp\/v2\/media?parent=3454"}],"curies":[{"name":"wp","href":"https:\/\/api.w.org\/{rel}","templated":true}]}}