{"id":3975,"date":"2017-01-15T18:50:32","date_gmt":"2017-01-15T18:50:32","guid":{"rendered":"http:\/\/unser-quartier.de\/boeckmanns-laden\/?page_id=3975"},"modified":"2017-01-28T22:39:23","modified_gmt":"2017-01-28T22:39:23","slug":"kartoffelkloesse","status":"publish","type":"page","link":"https:\/\/unser-quartier.de\/boeckmanns-laden\/uebersichtsseite-rezepte\/kartoffelkloesse\/","title":{"rendered":"Kartoffelkl\u00f6\u00dfe"},"content":{"rendered":"<h3>Zutaten:<\/h3>\n<table>\n<tbody>\n<tr>\n<td>1 Pck. Kartoffelkl\u00f6\u00dfe<\/td>\n<td>halb u halb v. Pfanni 12 Stck<\/td>\n<\/tr>\n<tr>\n<td>ger\u00f6stete<\/td>\n<td>Toastbrotw\u00fcrfel<\/td>\n<\/tr>\n<\/tbody>\n<\/table>\n<h3>Zubereitung:<\/h3>\n<p>Die Kl\u00f6\u00dfe nach Packungsanweisung zubereiten<\/p>\n<p>Je zwei der Brotw\u00fcrfel in die Mitte der Kl\u00f6\u00dfe mit eindrehen.<\/p>\n","protected":false},"excerpt":{"rendered":"<p>Zutaten: 1 Pck. Kartoffelkl\u00f6\u00dfe halb u halb v. Pfanni 12 Stck ger\u00f6stete Toastbrotw\u00fcrfel Zubereitung: Die Kl\u00f6\u00dfe nach Packungsanweisung zubereiten Je zwei der Brotw\u00fcrfel in die Mitte der Kl\u00f6\u00dfe mit eindrehen.<\/p>\n","protected":false},"author":24,"featured_media":0,"parent":3457,"menu_order":10,"comment_status":"closed","ping_status":"closed","template":"","meta":{"_bbp_topic_count":0,"_bbp_reply_count":0,"_bbp_total_topic_count":0,"_bbp_total_reply_count":0,"_bbp_voice_count":0,"_bbp_anonymous_reply_count":0,"_bbp_topic_count_hidden":0,"_bbp_reply_count_hidden":0,"_bbp_forum_subforum_count":0,"ngg_post_thumbnail":0,"jetpack_post_was_ever_published":false,"footnotes":""},"class_list":["post-3975","page","type-page","status-publish","hentry"],"jetpack_sharing_enabled":true,"_links":{"self":[{"href":"https:\/\/unser-quartier.de\/boeckmanns-laden\/wp-json\/wp\/v2\/pages\/3975","targetHints":{"allow":["GET"]}}],"collection":[{"href":"https:\/\/unser-quartier.de\/boeckmanns-laden\/wp-json\/wp\/v2\/pages"}],"about":[{"href":"https:\/\/unser-quartier.de\/boeckmanns-laden\/wp-json\/wp\/v2\/types\/page"}],"author":[{"embeddable":true,"href":"https:\/\/unser-quartier.de\/boeckmanns-laden\/wp-json\/wp\/v2\/users\/24"}],"replies":[{"embeddable":true,"href":"https:\/\/unser-quartier.de\/boeckmanns-laden\/wp-json\/wp\/v2\/comments?post=3975"}],"version-history":[{"count":0,"href":"https:\/\/unser-quartier.de\/boeckmanns-laden\/wp-json\/wp\/v2\/pages\/3975\/revisions"}],"up":[{"embeddable":true,"href":"https:\/\/unser-quartier.de\/boeckmanns-laden\/wp-json\/wp\/v2\/pages\/3457"}],"wp:attachment":[{"href":"https:\/\/unser-quartier.de\/boeckmanns-laden\/wp-json\/wp\/v2\/media?parent=3975"}],"curies":[{"name":"wp","href":"https:\/\/api.w.org\/{rel}","templated":true}]}}