{"id":3986,"date":"2017-01-15T18:58:23","date_gmt":"2017-01-15T18:58:23","guid":{"rendered":"http:\/\/unser-quartier.de\/boeckmanns-laden\/?page_id=3986"},"modified":"2017-01-28T21:44:48","modified_gmt":"2017-01-28T21:44:48","slug":"kaesesuppe","status":"publish","type":"page","link":"https:\/\/unser-quartier.de\/boeckmanns-laden\/uebersichtsseite-rezepte\/kaesesuppe\/","title":{"rendered":"K\u00e4sesuppe"},"content":{"rendered":"<h3>Zutaten:<\/h3>\n<table>\n<tbody>\n<tr>\n<td>1 L<\/td>\n<td>Rinderbr\u00fche<\/td>\n<\/tr>\n<tr>\n<td>250 g<\/td>\n<td>Gehacktes halb und halb<\/td>\n<\/tr>\n<tr>\n<td>2<\/td>\n<td>Zwiebeln<\/td>\n<\/tr>\n<tr>\n<td>2 Stg.<\/td>\n<td>Porree<\/td>\n<\/tr>\n<tr>\n<td>200 g<\/td>\n<td>Kr\u00e4uterschmelzk\u00e4se<\/td>\n<\/tr>\n<tr>\n<td>200 g<\/td>\n<td>Sahneschmelzk\u00e4se<\/td>\n<\/tr>\n<tr>\n<td>Pfeffer, Salz,<\/td>\n<td>Fett zum Anschmoren<\/td>\n<\/tr>\n<\/tbody>\n<\/table>\n<h3>Zubereitung:<\/h3>\n<p>Br\u00fche aufkochen, Porree putzen, waschen , in Ringe schneiden , in die Br\u00fche geben und kurz aufkochenlassen.<\/p>\n<p>Den Schmelzk\u00e4se nach und nach hinzugeben, umr\u00fchren und\u00a0 auch aufkochen lassen.<\/p>\n<p>Die Zwiebeln pellen, w\u00fcrfeln und im hei\u00dfen fett goldgelb anschmoren lassen. Das Gehackte dazugeben und kr\u00fcmelig anbraten.<\/p>\n<p>Alle Zutaten in die Suppe geben, aufkochen lassen und mit Pfeffer und Salz abschmecken.<\/p>\n<p>Die Suppe etwa 2 &#8211; 3 Std. durchziehen lassen<\/p>\n","protected":false},"excerpt":{"rendered":"<p>Zutaten: 1 L Rinderbr\u00fche 250 g Gehacktes halb und halb 2 Zwiebeln 2 Stg. Porree 200 g Kr\u00e4uterschmelzk\u00e4se 200 g Sahneschmelzk\u00e4se Pfeffer, Salz, Fett zum Anschmoren Zubereitung: Br\u00fche aufkochen, Porree putzen, waschen , in Ringe schneiden , in die Br\u00fche geben und kurz aufkochenlassen. Den Schmelzk\u00e4se nach und nach hinzugeben, umr\u00fchren und\u00a0 auch aufkochen lassen. &hellip; <a href=\"https:\/\/unser-quartier.de\/boeckmanns-laden\/uebersichtsseite-rezepte\/kaesesuppe\/\" class=\"more-link\"><span class=\"screen-reader-text\">\u201eK\u00e4sesuppe\u201c<\/span> weiterlesen<\/a><\/p>\n","protected":false},"author":24,"featured_media":0,"parent":3457,"menu_order":11,"comment_status":"closed","ping_status":"closed","template":"","meta":{"_bbp_topic_count":0,"_bbp_reply_count":0,"_bbp_total_topic_count":0,"_bbp_total_reply_count":0,"_bbp_voice_count":0,"_bbp_anonymous_reply_count":0,"_bbp_topic_count_hidden":0,"_bbp_reply_count_hidden":0,"_bbp_forum_subforum_count":0,"ngg_post_thumbnail":0,"jetpack_post_was_ever_published":false,"footnotes":""},"class_list":["post-3986","page","type-page","status-publish","hentry"],"jetpack_sharing_enabled":true,"_links":{"self":[{"href":"https:\/\/unser-quartier.de\/boeckmanns-laden\/wp-json\/wp\/v2\/pages\/3986","targetHints":{"allow":["GET"]}}],"collection":[{"href":"https:\/\/unser-quartier.de\/boeckmanns-laden\/wp-json\/wp\/v2\/pages"}],"about":[{"href":"https:\/\/unser-quartier.de\/boeckmanns-laden\/wp-json\/wp\/v2\/types\/page"}],"author":[{"embeddable":true,"href":"https:\/\/unser-quartier.de\/boeckmanns-laden\/wp-json\/wp\/v2\/users\/24"}],"replies":[{"embeddable":true,"href":"https:\/\/unser-quartier.de\/boeckmanns-laden\/wp-json\/wp\/v2\/comments?post=3986"}],"version-history":[{"count":0,"href":"https:\/\/unser-quartier.de\/boeckmanns-laden\/wp-json\/wp\/v2\/pages\/3986\/revisions"}],"up":[{"embeddable":true,"href":"https:\/\/unser-quartier.de\/boeckmanns-laden\/wp-json\/wp\/v2\/pages\/3457"}],"wp:attachment":[{"href":"https:\/\/unser-quartier.de\/boeckmanns-laden\/wp-json\/wp\/v2\/media?parent=3986"}],"curies":[{"name":"wp","href":"https:\/\/api.w.org\/{rel}","templated":true}]}}