{"id":44,"date":"2012-05-07T11:23:56","date_gmt":"2012-05-07T11:23:56","guid":{"rendered":"http:\/\/unser-quartier.de\/tmp-musterblog\/?page_id=44"},"modified":"2025-06-02T15:12:47","modified_gmt":"2025-06-02T15:12:47","slug":"ueber-uns","status":"publish","type":"page","link":"https:\/\/unser-quartier.de\/boeckmanns-laden\/ueber-uns\/","title":{"rendered":"Aktivit\u00e4ten"},"content":{"rendered":"<p>B\u00f6ckmanns Laden ist eine Einrichtung des <a href=\"http:\/\/diakonie-herford.de\" target=\"_blank\" rel=\"noopener\">Diakonischen Werkes Herford gGmbH<\/a> Das Stadtteilzentrum wurde 1991 in den ehemaligen Gesch\u00e4ftsr\u00e4umen der Familie B\u00f6ckmann er\u00f6ffnet, ist aber mittlerweile ins Gemeindehaus Lutherhaus der <a title=\"Kirchengemeinde Herford Mitte\" href=\"https:\/\/www.herford-mitte-land.de\/\" target=\"_blank\" rel=\"noopener\">Kirchengemeinde Herford-Mitte-Land<\/a> am Oetinghauser Weg 6 umgezogen.<\/p>\n<p>Die Angebote von B\u00f6ckmanns Laden orientieren sich an den W\u00fcnschen und Bed\u00fcrfnissen von Menschen ab 60 Jahren. Sie sind grunds\u00e4tzlich offen f\u00fcr alle Interessierten und umfassen einen Fr\u00fchst\u00fcckstreff mit anschlie\u00dfendem thematischem Angebot, Caf\u00e9betrieb am Donnerstagnachmittag, einen M\u00e4nnertreff, Seniorengymnastik, Qi Gong, eine Nordic Walking Gruppe, sowie Ausfl\u00fcge, Andachten, Musikveranstaltungen, Diavortr\u00e4ge, Fahrradtouren, und Computer- und Ged\u00e4chtnistrainingskurse.<\/p>\n<p>Die aktuellen Termine stehen im Monatsprogramm, das Sie \u00fcber den Link auf dieser Seite herunterladen k\u00f6nnen.<\/p>\n<p>Dar\u00fcber hinaus bietet B\u00f6ckmanns Laden Beratung in Fragen rund ums Alter.<\/p>\n","protected":false},"excerpt":{"rendered":"<p>B\u00f6ckmanns Laden ist eine Einrichtung des Diakonischen Werkes Herford gGmbH Das Stadtteilzentrum wurde 1991 in den ehemaligen Gesch\u00e4ftsr\u00e4umen der Familie B\u00f6ckmann er\u00f6ffnet, ist aber mittlerweile ins Gemeindehaus Lutherhaus der Kirchengemeinde Herford-Mitte-Land am Oetinghauser Weg 6 umgezogen. Die Angebote von B\u00f6ckmanns Laden orientieren sich an den W\u00fcnschen und Bed\u00fcrfnissen von Menschen ab 60 Jahren. Sie sind &hellip; <a href=\"https:\/\/unser-quartier.de\/boeckmanns-laden\/ueber-uns\/\" class=\"more-link\"><span class=\"screen-reader-text\">\u201eAktivit\u00e4ten\u201c<\/span> weiterlesen<\/a><\/p>\n","protected":false},"author":1,"featured_media":0,"parent":0,"menu_order":3,"comment_status":"closed","ping_status":"closed","template":"","meta":{"_bbp_topic_count":0,"_bbp_reply_count":0,"_bbp_total_topic_count":0,"_bbp_total_reply_count":0,"_bbp_voice_count":0,"_bbp_anonymous_reply_count":0,"_bbp_topic_count_hidden":0,"_bbp_reply_count_hidden":0,"_bbp_forum_subforum_count":0,"ngg_post_thumbnail":0,"jetpack_post_was_ever_published":false,"footnotes":""},"class_list":["post-44","page","type-page","status-publish","hentry"],"jetpack_sharing_enabled":true,"_links":{"self":[{"href":"https:\/\/unser-quartier.de\/boeckmanns-laden\/wp-json\/wp\/v2\/pages\/44","targetHints":{"allow":["GET"]}}],"collection":[{"href":"https:\/\/unser-quartier.de\/boeckmanns-laden\/wp-json\/wp\/v2\/pages"}],"about":[{"href":"https:\/\/unser-quartier.de\/boeckmanns-laden\/wp-json\/wp\/v2\/types\/page"}],"author":[{"embeddable":true,"href":"https:\/\/unser-quartier.de\/boeckmanns-laden\/wp-json\/wp\/v2\/users\/1"}],"replies":[{"embeddable":true,"href":"https:\/\/unser-quartier.de\/boeckmanns-laden\/wp-json\/wp\/v2\/comments?post=44"}],"version-history":[{"count":1,"href":"https:\/\/unser-quartier.de\/boeckmanns-laden\/wp-json\/wp\/v2\/pages\/44\/revisions"}],"predecessor-version":[{"id":5187,"href":"https:\/\/unser-quartier.de\/boeckmanns-laden\/wp-json\/wp\/v2\/pages\/44\/revisions\/5187"}],"wp:attachment":[{"href":"https:\/\/unser-quartier.de\/boeckmanns-laden\/wp-json\/wp\/v2\/media?parent=44"}],"curies":[{"name":"wp","href":"https:\/\/api.w.org\/{rel}","templated":true}]}}