{"id":887,"date":"2013-08-26T13:44:57","date_gmt":"2013-08-26T13:44:57","guid":{"rendered":"http:\/\/unser-quartier.de\/boeckmanns-laden\/?page_id=887"},"modified":"2013-08-26T13:46:37","modified_gmt":"2013-08-26T13:46:37","slug":"gymnastikgruppe","status":"publish","type":"page","link":"https:\/\/unser-quartier.de\/boeckmanns-laden\/ueber-uns\/gymnastikgruppe\/","title":{"rendered":"Gymnastikgruppe"},"content":{"rendered":"<p>Die Gymnastikgruppe trifft sich an jedem Montagnachmittag um 15.00 Uhr zu einer Stunde Gymnastik und Spa\u00df. Unter sachkundiger Anleitung werden in dieser Zeit Muskeln und Gelenke trainiert, die im Alltag oftmals vernachl\u00e4ssigt werden, die f\u00fcr Beweglichkeit und Wohlbefinden aber trotzdem wichtig sind.<\/p>\n<p>Alle \u00dcbungen werden im Sitzen oder am Stuhl gemacht. Spezielle Sportkleidung ist nicht erforderlich, bequeme Kleidung und weiche Schuhe sind allerdings hilfreich.<\/p>\n<p>Pro Termin wird ein Kostenbeitrag von 1,50 Euro eingesammelt.<\/p>\n","protected":false},"excerpt":{"rendered":"<p>Die Gymnastikgruppe trifft sich an jedem Montagnachmittag um 15.00 Uhr zu einer Stunde Gymnastik und Spa\u00df. Unter sachkundiger Anleitung werden in dieser Zeit Muskeln und Gelenke trainiert, die im Alltag oftmals vernachl\u00e4ssigt werden, die f\u00fcr Beweglichkeit und Wohlbefinden aber trotzdem wichtig sind. Alle \u00dcbungen werden im Sitzen oder am Stuhl gemacht. Spezielle Sportkleidung ist nicht &hellip; <a href=\"https:\/\/unser-quartier.de\/boeckmanns-laden\/ueber-uns\/gymnastikgruppe\/\" class=\"more-link\"><span class=\"screen-reader-text\">\u201eGymnastikgruppe\u201c<\/span> weiterlesen<\/a><\/p>\n","protected":false},"author":24,"featured_media":888,"parent":44,"menu_order":6,"comment_status":"open","ping_status":"open","template":"sidebar-page.php","meta":{"_bbp_topic_count":0,"_bbp_reply_count":0,"_bbp_total_topic_count":0,"_bbp_total_reply_count":0,"_bbp_voice_count":0,"_bbp_anonymous_reply_count":0,"_bbp_topic_count_hidden":0,"_bbp_reply_count_hidden":0,"_bbp_forum_subforum_count":0,"ngg_post_thumbnail":0,"jetpack_post_was_ever_published":false,"footnotes":""},"class_list":["post-887","page","type-page","status-publish","has-post-thumbnail","hentry"],"jetpack_sharing_enabled":true,"_links":{"self":[{"href":"https:\/\/unser-quartier.de\/boeckmanns-laden\/wp-json\/wp\/v2\/pages\/887","targetHints":{"allow":["GET"]}}],"collection":[{"href":"https:\/\/unser-quartier.de\/boeckmanns-laden\/wp-json\/wp\/v2\/pages"}],"about":[{"href":"https:\/\/unser-quartier.de\/boeckmanns-laden\/wp-json\/wp\/v2\/types\/page"}],"author":[{"embeddable":true,"href":"https:\/\/unser-quartier.de\/boeckmanns-laden\/wp-json\/wp\/v2\/users\/24"}],"replies":[{"embeddable":true,"href":"https:\/\/unser-quartier.de\/boeckmanns-laden\/wp-json\/wp\/v2\/comments?post=887"}],"version-history":[{"count":0,"href":"https:\/\/unser-quartier.de\/boeckmanns-laden\/wp-json\/wp\/v2\/pages\/887\/revisions"}],"up":[{"embeddable":true,"href":"https:\/\/unser-quartier.de\/boeckmanns-laden\/wp-json\/wp\/v2\/pages\/44"}],"wp:featuredmedia":[{"embeddable":true,"href":"https:\/\/unser-quartier.de\/boeckmanns-laden\/wp-json\/wp\/v2\/media\/888"}],"wp:attachment":[{"href":"https:\/\/unser-quartier.de\/boeckmanns-laden\/wp-json\/wp\/v2\/media?parent=887"}],"curies":[{"name":"wp","href":"https:\/\/api.w.org\/{rel}","templated":true}]}}