{"id":10509,"date":"2021-04-26T13:10:25","date_gmt":"2021-04-26T11:10:25","guid":{"rendered":"https:\/\/unser-quartier.de\/braunsfeld\/?page_id=10509"},"modified":"2022-11-04T13:53:03","modified_gmt":"2022-11-04T12:53:03","slug":"trio-chanson-de-cologne","status":"publish","type":"page","link":"https:\/\/unser-quartier.de\/braunsfeld\/trio-chanson-de-cologne\/","title":{"rendered":"Christine Corvisier Trio"},"content":{"rendered":"\n<p><a href=\"https:\/\/unser-quartier.de\/braunsfeld\/files\/2021\/04\/Bildschirmfoto-2021-04-14-um-22.11.53.png\" data-wpel-link=\"internal\"><img loading=\"lazy\" decoding=\"async\" class=\"alignnone wp-image-10526 size-full\" src=\"https:\/\/unser-quartier.de\/braunsfeld\/files\/2021\/04\/Bildschirmfoto-2021-04-14-um-22.11.53.png\" alt=\"\" width=\"640\" height=\"405\" srcset=\"https:\/\/unser-quartier.de\/braunsfeld\/files\/2021\/04\/Bildschirmfoto-2021-04-14-um-22.11.53.png 640w, https:\/\/unser-quartier.de\/braunsfeld\/files\/2021\/04\/Bildschirmfoto-2021-04-14-um-22.11.53-300x190.png 300w, https:\/\/unser-quartier.de\/braunsfeld\/files\/2021\/04\/Bildschirmfoto-2021-04-14-um-22.11.53-150x95.png 150w\" sizes=\"auto, (max-width: 640px) 100vw, 640px\" \/><\/a><\/p>\n<p>Christine Corvisier: Tenor Saxophon, Martin Schulte : Gitarre, David Andres : Kontrabass<\/p>\n<p>\u00a0<\/p>\n<h3><strong>Das Christine Corvisier Trio &#8220;Chansons de Cologne&#8221; spielt\u00a0 franz\u00f6sische Chansons.<\/strong><\/h3>\n<p><strong>Wann:<\/strong> 18. Juni 2021, 18 Uhr<br \/><strong>Wo:<\/strong> ZeitGeist Braunsfeld e.V. Kulturzentrum, Clarenbachplatz 2, 50933 K\u00f6ln<\/p>\n<p><strong>Eintritt:<\/strong> 15 \u20ac p.P. <br \/><strong>Reservierung\/Tickets:<\/strong> Anmeldung erforderlich unter: <a href=\"mailto:zeitgeist@koeln.de\">zeitgeist@koeln.de<\/a><br \/>Einlass lt. aktueller Corona-Verordnung f\u00fcr Getestete, Geimpfte, Genesene. Es besteht Maskenpflicht.<br \/>Danke f\u00fcr Ihr Verst\u00e4ndnis!<\/p>\n<p>\u00a0<\/p>\n<p>Seit einigen Jahren besch\u00e4ftigt sich die in Braunsfeld beheimatete Jazzsaxophonistin Christine Corvisier intensiv mit dem Thema Chansons. Davon ausgehend hat sie eine neuartige Klangsprache entwickelt und einen musikalischen Br\u00fcckenschlag aus dem kulturellen Erbe Frankreichs (ihrem Herkunftsland), Deutschlands (ihr Lebensmittelpunkt) sowie der USA (Wiege und Speerspitze des Jazz) gewagt.\u00a0<\/p>\n<p>Die Melodien der Chansons sind meist wohlbekannt, auch in Deutschland (Charles Aznavour, Edith Piaf\u2026 ). Umso mehr verspricht eine Neuinterpretation, zudem ohne Text, weitere Bedeutungsebenen freizulegen und auszuleuchten.<br \/>So entspricht die daraus entstehende Musik ihrer eigenen Identit\u00e4t: einer Mischung aus Kulturen, in der verschiedene Einfl\u00fcsse gleichberechtigt koexistieren, sich kontrastieren, in Wechselwirkung treten.<\/p>\n<p><i>Christine Corvisier machte sich schnell einen Namen in der europ\u00e4ischen Jazzszene, wo sie regelm\u00e4ssig mit verschiedenen Projekten und ihre eigene Band \u201eChristine Corvisier 5tet\u201c spielt. Sie bekam sehr gute Kritiken in der nationalen Jazzpresse : Jazzpodium, Jazzthing, JazzZeitung etc.\u00a0 f\u00fcr ihre letzten Album.<br \/><\/i><em>Auch als Sidewoman f\u00fcr Jazz sowie Popmusik ist Christine gefragt und spielt u.a. regelm\u00e4\u00dfig im Rundfunktanzorchester Ehrenfeld bei Jan B\u00f6hmermanns \u201eZDF Magazin Royal\u201c mit nationalen und internationalen Gr\u00f6\u00dfen und bei \u201eDie Orthop\u00e4dische Str\u00fcmpfe\u201c von Guildo Horn.\u00a0<\/em><i><\/i><\/p>\n<p>Christine Corvisier, Saxophone player &amp; Composer<br \/><a href=\"http:\/\/www.christinecorvisier.com\" target=\"_blank\" rel=\"noopener nofollow external noreferrer\" data-wpel-link=\"external\" title=\"Externer Link: www.christinecorvisier.com\" class=\"ext-link wpel-icon-right\">www.christinecorvisier.com<span class=\"wpel-icon wpel-image wpel-icon-6\"><\/span><\/a><br \/><a href=\"https:\/\/www.youtube.com\/watch?v=NY_FbfmBMq4\" data-wpel-link=\"external\" target=\"_self\" rel=\"nofollow external noopener noreferrer\" title=\"Externer Link: www.youtube.com2Fwatch3Fv3DNY_FbfmBMq4\" class=\"ext-link wpel-icon-right\">www.youtube.com2Fwatch3Fv3DNY_FbfmBMq4<span class=\"wpel-icon wpel-image wpel-icon-6\"><\/span><\/a><\/p>\n<p>\u00a0<\/p>\n\n\n","protected":false},"excerpt":{"rendered":"<p>Christine Corvisier: Tenor Saxophon, Martin Schulte : Gitarre, David Andres : Kontrabass \u00a0 Das Christine Corvisier Trio &#8220;Chansons de Cologne&#8221; spielt\u00a0 franz\u00f6sische Chansons. Wann: 18. Juni 2021, 18 UhrWo: ZeitGeist Braunsfeld e.V. Kulturzentrum, Clarenbachplatz 2, 50933 K\u00f6ln Eintritt: 15 \u20ac p.P. Reservierung\/Tickets: Anmeldung erforderlich unter: zeitgeist@koeln.deEinlass lt. aktueller Corona-Verordnung f\u00fcr Getestete, Geimpfte, Genesene. Es besteht&hellip; <a class=\"continue\" href=\"https:\/\/unser-quartier.de\/braunsfeld\/trio-chanson-de-cologne\/\" data-wpel-link=\"internal\"> \u00bb weiterlesen: <span> Christine Corvisier Trio<\/span><\/a><\/p>\n","protected":false},"author":526,"featured_media":0,"parent":0,"menu_order":0,"comment_status":"closed","ping_status":"closed","template":"","meta":{"generate_page_header":"","footnotes":""},"class_list":["post-10509","page","type-page","status-publish"],"_links":{"self":[{"href":"https:\/\/unser-quartier.de\/braunsfeld\/wp-json\/wp\/v2\/pages\/10509","targetHints":{"allow":["GET"]}}],"collection":[{"href":"https:\/\/unser-quartier.de\/braunsfeld\/wp-json\/wp\/v2\/pages"}],"about":[{"href":"https:\/\/unser-quartier.de\/braunsfeld\/wp-json\/wp\/v2\/types\/page"}],"author":[{"embeddable":true,"href":"https:\/\/unser-quartier.de\/braunsfeld\/wp-json\/wp\/v2\/users\/526"}],"replies":[{"embeddable":true,"href":"https:\/\/unser-quartier.de\/braunsfeld\/wp-json\/wp\/v2\/comments?post=10509"}],"version-history":[{"count":0,"href":"https:\/\/unser-quartier.de\/braunsfeld\/wp-json\/wp\/v2\/pages\/10509\/revisions"}],"wp:attachment":[{"href":"https:\/\/unser-quartier.de\/braunsfeld\/wp-json\/wp\/v2\/media?parent=10509"}],"curies":[{"name":"wp","href":"https:\/\/api.w.org\/{rel}","templated":true}]}}