{"id":11000,"date":"2021-07-29T11:27:08","date_gmt":"2021-07-29T09:27:08","guid":{"rendered":"https:\/\/unser-quartier.de\/braunsfeld\/?page_id=11000"},"modified":"2022-11-04T13:26:35","modified_gmt":"2022-11-04T12:26:35","slug":"kein-bock-mehr-auf-fahrstuhl","status":"publish","type":"page","link":"https:\/\/unser-quartier.de\/braunsfeld\/kein-bock-mehr-auf-fahrstuhl\/","title":{"rendered":"Kein Bock mehr auf Fahrstuhl"},"content":{"rendered":"\n<h3>Mit Philipp Selldorf, Fu\u00dfballkorrespondent der Su\u0308ddeutschen Zeitung<\/h3>\n<p><a href=\"https:\/\/unser-quartier.de\/braunsfeld\/files\/2021\/07\/spuerbar_anders.png\" data-wpel-link=\"internal\"><img loading=\"lazy\" decoding=\"async\" class=\"wp-image-11005 alignright\" src=\"https:\/\/unser-quartier.de\/braunsfeld\/files\/2021\/07\/spuerbar_anders.png\" alt=\"\" width=\"129\" height=\"81\" srcset=\"https:\/\/unser-quartier.de\/braunsfeld\/files\/2021\/07\/spuerbar_anders.png 300w, https:\/\/unser-quartier.de\/braunsfeld\/files\/2021\/07\/spuerbar_anders-150x94.png 150w\" sizes=\"auto, (max-width: 129px) 100vw, 129px\" \/><\/a>Mehr als ein Zehntel der K\u00f6lner ist FC-Mitglied. Eingeschrieben, eingeschworen und viel Kummer gew\u00f6hnt. Auch die vergangene Saison hat Nerven gekostet. Wie es so hei\u00dft: Die Klasse wurde erhalten. Aber von einstiger Klasse sind die Gei\u00dfb\u00f6cke weit entfernt. Wie konnte es dazu kommen? Geht\u2019s auch \u201espu\u0308rbar anders\u201c? Wie stehen die Chancen, wieder Anschluss zu gewinnen an die Spitze?<\/p>\n<p><a href=\"https:\/\/unser-quartier.de\/braunsfeld\/files\/2021\/07\/Phillip-Selldorf.jpeg\" data-wpel-link=\"internal\"><img loading=\"lazy\" decoding=\"async\" class=\"wp-image-11001 alignright\" src=\"https:\/\/unser-quartier.de\/braunsfeld\/files\/2021\/07\/Phillip-Selldorf.jpeg\" alt=\"\" width=\"130\" height=\"174\" srcset=\"https:\/\/unser-quartier.de\/braunsfeld\/files\/2021\/07\/Phillip-Selldorf.jpeg 480w, https:\/\/unser-quartier.de\/braunsfeld\/files\/2021\/07\/Phillip-Selldorf-300x400.jpeg 300w, https:\/\/unser-quartier.de\/braunsfeld\/files\/2021\/07\/Phillip-Selldorf-150x200.jpeg 150w\" sizes=\"auto, (max-width: 130px) 100vw, 130px\" \/><\/a>Philipp Selldorf ist einer der profiliertesten deutschen Fussballjournalisten. Nach Anf\u00e4ngen beim K\u00f6lner Stadt-Anzeiger ist er seit 1999 bei der Su\u0308ddeutschen Zeitung, wo er sich um den FC und die anderen Westclubs sowie die Nationalmannschaft ku\u0308mmert. Zuletzt berichtete er von der Europameisterschaft. Selldorf ist gebu\u0308rtiger K\u00f6lner und lebt in seiner Heimatstadt.<\/p>\n<p><strong>Wann:<\/strong> Donnerstag, 26. August 2021, 19:30 Uhr<\/p>\n<p><strong>Wo:<\/strong> ZeitGeist Braunsfeld e.V. Kulturzentrum,Clarenbachplatz 2, 50933 K\u00f6ln<\/p>\n<p><strong>Eintritt:<\/strong> 12 \u20ac. Um Anmeldung wird gebeten.<br \/>Einlass lt. aktueller Corona-Verordnung fu\u0308r Getestete, Geimpfte, Genesene.<br \/>Es besteht Maskenpflicht.<br \/><strong>Reservierung\/Tickets:<\/strong> Buchhandlung Klinski, Aachener Str.529, 50933 K\u00f6ln<br \/>Tel.: 0221 9416527 \/ <a href=\"mailto:info@buchhandlung-in-braunsfeld.de\">info@buchhandlung-in-braunsfeld.de<\/a><\/p>\n<p>IM GESPR\u00c4CH. Eine Veranstaltungsreihe von Gabriele Klinski und Knut Pries<\/p>\n<p>\u00a0<\/p>\n","protected":false},"excerpt":{"rendered":"<p>Mit Philipp Selldorf, Fu\u00dfballkorrespondent der Su\u0308ddeutschen Zeitung Mehr als ein Zehntel der K\u00f6lner ist FC-Mitglied. Eingeschrieben, eingeschworen und viel Kummer gew\u00f6hnt. Auch die vergangene Saison hat Nerven gekostet. Wie es so hei\u00dft: Die Klasse wurde erhalten. Aber von einstiger Klasse sind die Gei\u00dfb\u00f6cke weit entfernt. Wie konnte es dazu kommen? Geht\u2019s auch \u201espu\u0308rbar anders\u201c? Wie&hellip; <a class=\"continue\" href=\"https:\/\/unser-quartier.de\/braunsfeld\/kein-bock-mehr-auf-fahrstuhl\/\" data-wpel-link=\"internal\"> \u00bb weiterlesen: <span> Kein Bock mehr auf Fahrstuhl<\/span><\/a><\/p>\n","protected":false},"author":526,"featured_media":0,"parent":0,"menu_order":0,"comment_status":"closed","ping_status":"closed","template":"","meta":{"generate_page_header":"","footnotes":""},"class_list":["post-11000","page","type-page","status-publish"],"_links":{"self":[{"href":"https:\/\/unser-quartier.de\/braunsfeld\/wp-json\/wp\/v2\/pages\/11000","targetHints":{"allow":["GET"]}}],"collection":[{"href":"https:\/\/unser-quartier.de\/braunsfeld\/wp-json\/wp\/v2\/pages"}],"about":[{"href":"https:\/\/unser-quartier.de\/braunsfeld\/wp-json\/wp\/v2\/types\/page"}],"author":[{"embeddable":true,"href":"https:\/\/unser-quartier.de\/braunsfeld\/wp-json\/wp\/v2\/users\/526"}],"replies":[{"embeddable":true,"href":"https:\/\/unser-quartier.de\/braunsfeld\/wp-json\/wp\/v2\/comments?post=11000"}],"version-history":[{"count":0,"href":"https:\/\/unser-quartier.de\/braunsfeld\/wp-json\/wp\/v2\/pages\/11000\/revisions"}],"wp:attachment":[{"href":"https:\/\/unser-quartier.de\/braunsfeld\/wp-json\/wp\/v2\/media?parent=11000"}],"curies":[{"name":"wp","href":"https:\/\/api.w.org\/{rel}","templated":true}]}}