{"id":11139,"date":"2021-10-17T15:41:56","date_gmt":"2021-10-17T13:41:56","guid":{"rendered":"https:\/\/unser-quartier.de\/braunsfeld\/?page_id=11139"},"modified":"2021-10-17T15:42:01","modified_gmt":"2021-10-17T13:42:01","slug":"melaten-erzaehlt-graeber-mit-geschichte","status":"publish","type":"page","link":"https:\/\/unser-quartier.de\/braunsfeld\/melaten-erzaehlt-graeber-mit-geschichte\/","title":{"rendered":"Melaten erz\u00e4hlt &#8211; Gr\u00e4ber mit Geschichte"},"content":{"rendered":"\n<h3>Ein virtueller Spaziergang \u00fcber K\u00f6lns gr\u00f6\u00dften Friedhof<\/h3>\n<p><a href=\"https:\/\/unser-quartier.de\/braunsfeld\/files\/2021\/10\/Titelbild-Melaten-Erzaehlt.jpg\" data-wpel-link=\"internal\"><img loading=\"lazy\" decoding=\"async\" class=\" wp-image-11140 alignleft\" src=\"https:\/\/unser-quartier.de\/braunsfeld\/files\/2021\/10\/Titelbild-Melaten-Erzaehlt.jpg\" alt=\"\" width=\"174\" height=\"264\" srcset=\"https:\/\/unser-quartier.de\/braunsfeld\/files\/2021\/10\/Titelbild-Melaten-Erzaehlt.jpg 208w, https:\/\/unser-quartier.de\/braunsfeld\/files\/2021\/10\/Titelbild-Melaten-Erzaehlt-150x228.jpg 150w\" sizes=\"auto, (max-width: 174px) 100vw, 174px\" \/><\/a>Nirgendwo sonst ist mehr K\u00f6lner Prominenz versammelt: Wallraff, Ostermann, Herstatt, Millowitsch, Otto (der mit dem Motor), Bach und Biolek. Politiker und Karnevalisten, Sportler und Schauspieler, K\u00fcnstler und Hochstapler. M\u00e4chtige, Wichtige und viele ganz Normale haben auf Melaten ihre letzte Ruhest\u00e4tte gefunden. Zugleich ist der weitl\u00e4ufige Gottesacker, einst ein Ghetto f\u00fcr Auss\u00e4tzige, eine gr\u00fcne Lunge und ein artenreiches Biotop.<\/p>\n<p>Unterst\u00fctzt von der Fotografin Britta Schmitz l\u00e4sst der Melatenexperte Detlef Rick in der Neuauflage seines Buches \u201eMelaten \u2013 Gr\u00e4ber erz\u00e4hlen Stadtgeschichte\u201c zwei Jahrhunderte Stadtgeschichte anhand von Gr\u00e4bern lebendig werden.<\/p>\n<p><a href=\"https:\/\/unser-quartier.de\/braunsfeld\/files\/2021\/10\/Detlev-Rick_cr.jpg\" data-wpel-link=\"internal\"><img loading=\"lazy\" decoding=\"async\" class=\"wp-image-11142 alignleft\" src=\"https:\/\/unser-quartier.de\/braunsfeld\/files\/2021\/10\/Detlev-Rick_cr.jpg\" alt=\"\" width=\"83\" height=\"110\" srcset=\"https:\/\/unser-quartier.de\/braunsfeld\/files\/2021\/10\/Detlev-Rick_cr.jpg 865w, https:\/\/unser-quartier.de\/braunsfeld\/files\/2021\/10\/Detlev-Rick_cr-300x400.jpg 300w, https:\/\/unser-quartier.de\/braunsfeld\/files\/2021\/10\/Detlev-Rick_cr-769x1024.jpg 769w, https:\/\/unser-quartier.de\/braunsfeld\/files\/2021\/10\/Detlev-Rick_cr-150x200.jpg 150w, https:\/\/unser-quartier.de\/braunsfeld\/files\/2021\/10\/Detlev-Rick_cr-768x1023.jpg 768w\" sizes=\"auto, (max-width: 83px) 100vw, 83px\" \/><\/a>Detlef Rick, geboren 1955 in K\u00f6ln, ist diplomierter Theologe und hat als evangelischer Pfarrer und freier Grabredner gearbeitet. Sein zweites Spezialgebiet &#8211; neben Melaten &#8211; ist Bier: Rick betreibt in Bonn die Privatbrauerei Ale-Mania.<\/p>\n<p><a href=\"https:\/\/unser-quartier.de\/braunsfeld\/files\/2021\/10\/schmitz.jpg\" data-wpel-link=\"internal\"><img loading=\"lazy\" decoding=\"async\" class=\" wp-image-11143 alignleft\" src=\"https:\/\/unser-quartier.de\/braunsfeld\/files\/2021\/10\/schmitz.jpg\" alt=\"\" width=\"83\" height=\"111\" srcset=\"https:\/\/unser-quartier.de\/braunsfeld\/files\/2021\/10\/schmitz.jpg 178w, https:\/\/unser-quartier.de\/braunsfeld\/files\/2021\/10\/schmitz-150x200.jpg 150w\" sizes=\"auto, (max-width: 83px) 100vw, 83px\" \/><\/a>Britta Schmitz ist Fotografin und Mitarbeiterin im Emons-Verlag. Dort publiziert sie seit 2010 einen K\u00f6ln-Kalender und hat zu zahlreichen B\u00fcchern die Bilder geliefert.<\/p>\n<p>\u00a0<\/p>\n<p><strong>Wann:<\/strong> Donnerstag, 28. Oktober 2021, 19:30 Uhr<\/p>\n<p><strong>Wo:<\/strong> ZeitGeist Braunsfeld e.V. Kulturzentrum,Clarenbachplatz 2, 50933 K\u00f6ln<\/p>\n<p><strong>Eintritt:<\/strong> 12 \u20ac. Um Anmeldung wird gebeten.<br \/>Einlass lt. aktueller Corona-Verordnung fu\u0308r Getestete, Geimpfte, Genesene.<br \/><strong>Reservierung\/Tickets:<\/strong> Buchhandlung Klinski, Aachener Str.529, 50933 K\u00f6ln<br \/>Tel.: 0221 9416527 \/ <a href=\"mailto:info@buchhandlung-in-braunsfeld.de\">info@buchhandlung-in-braunsfeld.de<\/a><\/p>\n<p>IM GESPR\u00c4CH. Eine Veranstaltungsreihe von Gabriele Klinski und Knut Pries<\/p>\n","protected":false},"excerpt":{"rendered":"<p>Ein virtueller Spaziergang \u00fcber K\u00f6lns gr\u00f6\u00dften Friedhof Nirgendwo sonst ist mehr K\u00f6lner Prominenz versammelt: Wallraff, Ostermann, Herstatt, Millowitsch, Otto (der mit dem Motor), Bach und Biolek. Politiker und Karnevalisten, Sportler und Schauspieler, K\u00fcnstler und Hochstapler. M\u00e4chtige, Wichtige und viele ganz Normale haben auf Melaten ihre letzte Ruhest\u00e4tte gefunden. Zugleich ist der weitl\u00e4ufige Gottesacker, einst ein&hellip; <a class=\"continue\" href=\"https:\/\/unser-quartier.de\/braunsfeld\/melaten-erzaehlt-graeber-mit-geschichte\/\" data-wpel-link=\"internal\"> \u00bb weiterlesen: <span> Melaten erz\u00e4hlt &#8211; Gr\u00e4ber mit Geschichte<\/span><\/a><\/p>\n","protected":false},"author":526,"featured_media":0,"parent":0,"menu_order":0,"comment_status":"closed","ping_status":"closed","template":"","meta":{"generate_page_header":"","footnotes":""},"class_list":["post-11139","page","type-page","status-publish"],"_links":{"self":[{"href":"https:\/\/unser-quartier.de\/braunsfeld\/wp-json\/wp\/v2\/pages\/11139","targetHints":{"allow":["GET"]}}],"collection":[{"href":"https:\/\/unser-quartier.de\/braunsfeld\/wp-json\/wp\/v2\/pages"}],"about":[{"href":"https:\/\/unser-quartier.de\/braunsfeld\/wp-json\/wp\/v2\/types\/page"}],"author":[{"embeddable":true,"href":"https:\/\/unser-quartier.de\/braunsfeld\/wp-json\/wp\/v2\/users\/526"}],"replies":[{"embeddable":true,"href":"https:\/\/unser-quartier.de\/braunsfeld\/wp-json\/wp\/v2\/comments?post=11139"}],"version-history":[{"count":0,"href":"https:\/\/unser-quartier.de\/braunsfeld\/wp-json\/wp\/v2\/pages\/11139\/revisions"}],"wp:attachment":[{"href":"https:\/\/unser-quartier.de\/braunsfeld\/wp-json\/wp\/v2\/media?parent=11139"}],"curies":[{"name":"wp","href":"https:\/\/api.w.org\/{rel}","templated":true}]}}