{"id":11222,"date":"2021-11-12T10:56:51","date_gmt":"2021-11-12T09:56:51","guid":{"rendered":"https:\/\/unser-quartier.de\/braunsfeld\/?page_id=11222"},"modified":"2021-11-12T10:56:55","modified_gmt":"2021-11-12T09:56:55","slug":"cannabis-legal-ende-eines-irrweges-oder-fataler-fehler","status":"publish","type":"page","link":"https:\/\/unser-quartier.de\/braunsfeld\/cannabis-legal-ende-eines-irrweges-oder-fataler-fehler\/","title":{"rendered":"Cannabis legal &#8211; Ende eines Irrweges oder fataler Fehler?"},"content":{"rendered":"\n<h3>Streitgespr\u00e4ch mit B\u00fcrgermeister Andreas Hupke und dem Suchtexperten Dr. Armin Claus<\/h3>\n<p>Im Prinzip sind die Architekten der k\u00fcnftigen Ampel-Koalition entschlossen, die \u00c4chtung des Marihuana-Konsums zu beenden. Doch wie weit kann man dabei gehen?<\/p>\n<p><strong>Andreas Hupke<\/strong>, Bezirksb\u00fcrgermeister K\u00f6ln-Innenstadt, und <strong>Dr. Armin Claus<\/strong>, Leiter der Station zur Entzugsbehandlung suchtkranker Kinder und Jugendlicher in Holweide, diskutieren \u00fcber das F\u00fcr und Wider einer Wende in der Drogenpolitik. Hupke tritt seit Jahren f\u00fcr eine Cannabis-Legalisierung ein. Claus z\u00e4hlt zu den engagiertesten Warnern vor einer Freigabe.<\/p>\n<p><strong><img loading=\"lazy\" decoding=\"async\" class=\"wp-image-11223 alignright\" src=\"https:\/\/unser-quartier.de\/braunsfeld\/files\/2021\/11\/Armin-Claus-telefonierend-0820-zugeschnitten-300x354.jpeg\" alt=\"\" width=\"84\" height=\"99\" srcset=\"https:\/\/unser-quartier.de\/braunsfeld\/files\/2021\/11\/Armin-Claus-telefonierend-0820-zugeschnitten-300x354.jpeg 300w, https:\/\/unser-quartier.de\/braunsfeld\/files\/2021\/11\/Armin-Claus-telefonierend-0820-zugeschnitten-150x177.jpeg 150w, https:\/\/unser-quartier.de\/braunsfeld\/files\/2021\/11\/Armin-Claus-telefonierend-0820-zugeschnitten.jpeg 555w\" sizes=\"auto, (max-width: 84px) 100vw, 84px\" \/>Dr. Dr. Armin Claus<\/strong> ist ober\u00e4rztlicher Leiter des \u201eGru\u0308nen Hauses\u201c, der Station zum qualifizierten Entzug an der Klinik fu\u0308r Kinder- und Jugendpsychiatrie in K\u00f6ln-Holweide.<\/p>\n<p><strong><img loading=\"lazy\" decoding=\"async\" class=\"wp-image-11224 alignright\" src=\"https:\/\/unser-quartier.de\/braunsfeld\/files\/2021\/11\/csm_andreas_hupke_e41b154eed-300x442.jpg\" alt=\"\" width=\"58\" height=\"85\" srcset=\"https:\/\/unser-quartier.de\/braunsfeld\/files\/2021\/11\/csm_andreas_hupke_e41b154eed-300x442.jpg 300w, https:\/\/unser-quartier.de\/braunsfeld\/files\/2021\/11\/csm_andreas_hupke_e41b154eed-150x221.jpg 150w, https:\/\/unser-quartier.de\/braunsfeld\/files\/2021\/11\/csm_andreas_hupke_e41b154eed.jpg 407w\" sizes=\"auto, (max-width: 58px) 100vw, 58px\" \/>Andreas Hupke<\/strong> ist seit 16 Jahren Bezirksbu\u0308rgermeister im Stadtbezirk K\u00f6ln-Innenstadt\/Deutz und Mitglied der Fraktion Bu\u0308ndnis 90 \/ DIE GR\u00dcNEN.<\/p>\n<p><strong><img loading=\"lazy\" decoding=\"async\" class=\"wp-image-11225 alignright\" src=\"https:\/\/unser-quartier.de\/braunsfeld\/files\/2021\/11\/Ju\u0308rgen-meisenbach_cr.jpg\" alt=\"\" width=\"55\" height=\"83\" srcset=\"https:\/\/unser-quartier.de\/braunsfeld\/files\/2021\/11\/Ju\u0308rgen-meisenbach_cr.jpg 287w, https:\/\/unser-quartier.de\/braunsfeld\/files\/2021\/11\/Ju\u0308rgen-meisenbach_cr-150x225.jpg 150w\" sizes=\"auto, (max-width: 55px) 100vw, 55px\" \/>J\u00fcrgen Meisenbach<\/strong>, ehemals Referent f\u00fcr Suchtpr\u00e4vention bei der Drogenhilfe K\u00f6ln, moderiert das Gespr\u00e4ch.<\/p>\n<p>\u00a0<\/p>\n<p><strong>Wann:<\/strong> Donnerstag, 25. November 2021, 20:00 Uhr<\/p>\n<p><strong>Wo:<\/strong> ZeitGeist Braunsfeld e.V. Kulturzentrum,Clarenbachplatz 2, 50933 K\u00f6ln<\/p>\n<p><strong>Eintritt:<\/strong> 8 \u20ac. Um Anmeldung wird gebeten.<br \/>Einlass lt. aktueller Corona-Verordnung fu\u0308r Getestete, Geimpfte, Genesene.<br \/><strong>Reservierung\/Tickets:<\/strong> Buchhandlung Klinski, Aachener Str.529, 50933 K\u00f6ln<br \/>Tel.: 0221 9416527 \/ <a href=\"mailto:info@buchhandlung-in-braunsfeld.de\">info@buchhandlung-in-braunsfeld.de<\/a><\/p>\n<p>IM GESPR\u00c4CH. Eine Veranstaltungsreihe von Gabriele Klinski und Knut Pries<\/p>\n<p>\u00a0<\/p>\n<p>\u00a0<\/p>\n<p>\u00a0<\/p>\n<p>\u00a0<\/p>\n","protected":false},"excerpt":{"rendered":"<p>Streitgespr\u00e4ch mit B\u00fcrgermeister Andreas Hupke und dem Suchtexperten Dr. Armin Claus Im Prinzip sind die Architekten der k\u00fcnftigen Ampel-Koalition entschlossen, die \u00c4chtung des Marihuana-Konsums zu beenden. Doch wie weit kann man dabei gehen? Andreas Hupke, Bezirksb\u00fcrgermeister K\u00f6ln-Innenstadt, und Dr. Armin Claus, Leiter der Station zur Entzugsbehandlung suchtkranker Kinder und Jugendlicher in Holweide, diskutieren \u00fcber das&hellip; <a class=\"continue\" href=\"https:\/\/unser-quartier.de\/braunsfeld\/cannabis-legal-ende-eines-irrweges-oder-fataler-fehler\/\" data-wpel-link=\"internal\"> \u00bb weiterlesen: <span> Cannabis legal &#8211; Ende eines Irrweges oder fataler Fehler?<\/span><\/a><\/p>\n","protected":false},"author":526,"featured_media":0,"parent":0,"menu_order":0,"comment_status":"closed","ping_status":"closed","template":"","meta":{"generate_page_header":"","footnotes":""},"class_list":["post-11222","page","type-page","status-publish"],"_links":{"self":[{"href":"https:\/\/unser-quartier.de\/braunsfeld\/wp-json\/wp\/v2\/pages\/11222","targetHints":{"allow":["GET"]}}],"collection":[{"href":"https:\/\/unser-quartier.de\/braunsfeld\/wp-json\/wp\/v2\/pages"}],"about":[{"href":"https:\/\/unser-quartier.de\/braunsfeld\/wp-json\/wp\/v2\/types\/page"}],"author":[{"embeddable":true,"href":"https:\/\/unser-quartier.de\/braunsfeld\/wp-json\/wp\/v2\/users\/526"}],"replies":[{"embeddable":true,"href":"https:\/\/unser-quartier.de\/braunsfeld\/wp-json\/wp\/v2\/comments?post=11222"}],"version-history":[{"count":0,"href":"https:\/\/unser-quartier.de\/braunsfeld\/wp-json\/wp\/v2\/pages\/11222\/revisions"}],"wp:attachment":[{"href":"https:\/\/unser-quartier.de\/braunsfeld\/wp-json\/wp\/v2\/media?parent=11222"}],"curies":[{"name":"wp","href":"https:\/\/api.w.org\/{rel}","templated":true}]}}