{"id":15752,"date":"2022-08-01T14:57:35","date_gmt":"2022-08-01T12:57:35","guid":{"rendered":"https:\/\/unser-quartier.de\/braunsfeld\/?page_id=15752"},"modified":"2022-11-04T13:35:31","modified_gmt":"2022-11-04T12:35:31","slug":"gundula-schiffer-liest-aus-gronau-gauguin","status":"publish","type":"page","link":"https:\/\/unser-quartier.de\/braunsfeld\/gundula-schiffer-liest-aus-gronau-gauguin\/","title":{"rendered":"Gundula Schiffer liest aus Gronau \/ Gauguin"},"content":{"rendered":"\n<h2><em>Lange Gedichte \u00fcbers Sehen und Sehnen<\/em><\/h2>\n<p>Die zwei Langgedichte in <strong>Gundula Schiffers<\/strong> neuem Lyrikband <em>Gronau \/ Gauguin<\/em> vereinen weit auseinanderliegende geographische und geistige R\u00e4ume: den Bergisch Gladbacher Stadtteil Gronau und Gem\u00e4lde Gauguins aus der S\u00fcdsee, beides durchwoben von Verbindungsf\u00e4den zu Israel und zum Hebr\u00e4ischen. \u201eWie ich wegbleibe, wo ich da sein muss\u201c erz\u00e4hlt, wie das Auge der Dichterin zu \u201e\u00fcberarbeiten\u201c lernte, so dass etwa an der Fassade der Villa Zanders ein Schimmer von Jerusalemstein aufscheint. Das \u201eGeschlechter-M\u00e4rchen\u201c des zweiten Textzyklus erkennt in der adamitischen Androgynie sowie der groben Formgebung der Bilder Gauguins Reflexe der biblischen Sch\u00f6pfungsgeschichte und des kantigen Charakters der hebr\u00e4ischen Sprache. Ein Abend \u00fcber ersehnte Verwandlungen, m\u00f6gliche Verwandtschaften und bleibende Ferne.<\/p>\n\n\n\n<p><strong><a href=\"https:\/\/unser-quartier.de\/braunsfeld\/files\/2022\/08\/Gundula-Schiffer-3.jpg\" data-wpel-link=\"internal\"><img loading=\"lazy\" decoding=\"async\" class=\"size-medium wp-image-15754 alignright\" src=\"https:\/\/unser-quartier.de\/braunsfeld\/files\/2022\/08\/Gundula-Schiffer-3-300x270.jpg\" alt=\"\" width=\"300\" height=\"270\" srcset=\"https:\/\/unser-quartier.de\/braunsfeld\/files\/2022\/08\/Gundula-Schiffer-3-300x270.jpg 300w, https:\/\/unser-quartier.de\/braunsfeld\/files\/2022\/08\/Gundula-Schiffer-3-1024x920.jpg 1024w, https:\/\/unser-quartier.de\/braunsfeld\/files\/2022\/08\/Gundula-Schiffer-3-150x135.jpg 150w, https:\/\/unser-quartier.de\/braunsfeld\/files\/2022\/08\/Gundula-Schiffer-3-768x690.jpg 768w, https:\/\/unser-quartier.de\/braunsfeld\/files\/2022\/08\/Gundula-Schiffer-3.jpg 1200w\" sizes=\"auto, (max-width: 300px) 100vw, 300px\" \/><\/a>Gundula Schiffer<\/strong>, geboren 1980 in Bergisch Gladbach, lebt als Dichterin und \u00dcbersetzerin in K\u00f6ln. Sie schreibt Lyrik haupts\u00e4chlich auf Deutsch, aber auch auf Hebr\u00e4isch. Studium der Komparatistik, Kunstgeschichte und Philosophie sowie der hebr\u00e4ischen Sprache und Literatur in M\u00fcnchen und Jerusalem; Promotion zur Poesie der Psalmen (<em>Beredtheit der Form<\/em>, 2010). Neben dem Lyrikband <em>Jerusalem-K\u00f6ln <\/em>(2017) und <em>Gronau \/ Gauguin<\/em> (2022) ver\u00f6ffentlichte sie Gedichte in Anthologien, Literaturzeitschriften und Online-Magazinen. F\u00fcr ihr Lyrikband-Projekt <em>Hioba Hymore <\/em>erhielt sie eines der beiden Dieter-Wellershoff-Stipendien 2021 der Stadt K\u00f6ln. Mit einem Langgedicht stand sie auf der Shortlist f\u00fcr den Lyrikpreis M\u00fcnchen 2021.<\/p>\n<p>Eine Veranstaltung im Rahmen des Sonderprogramms <strong>Aufgeschlagen! <\/strong>des Landes Nordrhein-Westfalen<\/p>\n<p><strong>Wann:<\/strong> 18. August 2022, 20h<\/p>\n<p><strong>Wo:<\/strong> Zeitgeist\u00a0 &#8211; Braunsfeld e.V. Kulturraum, Clarenbachplatz 2, 50933<\/p>\n<p><strong>Eintritt frei,<\/strong> Anmeldung unter <a href=\"mailto:zeitgeist@koeln.de\">zeitgeist@koeln.de<\/a> oder 01781787965<\/p>\n<p>Einlass lt. geltender Corona-Verordnung.<br \/>Weitere Informationen unter: unser-quartier.de\/braunsfeld<\/p>\n<p><iframe loading=\"lazy\" style=\"border: 1px solid black;\" src=\"https:\/\/www.openstreetmap.org\/export\/embed.html?bbox=6.890090703964234%2C50.936813238628346%2C6.89767599105835%2C50.93914574801564&amp;layer=mapnik&amp;marker=50.93797952313329%2C6.8938833475112915\" width=\"425\" height=\"350\" frameborder=\"0\" marginwidth=\"0\" marginheight=\"0\" scrolling=\"no\"><\/iframe><br \/><small><a href=\"https:\/\/www.openstreetmap.org\/?mlat=50.93798&amp;mlon=6.89388#map=18\/50.93798\/6.89388\" data-wpel-link=\"external\" target=\"_self\" rel=\"nofollow external noopener noreferrer\" title=\"Externer Link: Gr\u00f6\u00dfere Karte anzeigen\" class=\"ext-link wpel-icon-right\">Gr\u00f6\u00dfere Karte anzeigen<span class=\"wpel-icon wpel-image wpel-icon-6\"><\/span><\/a><\/small><\/p>\n","protected":false},"excerpt":{"rendered":"<p>Lange Gedichte \u00fcbers Sehen und Sehnen Die zwei Langgedichte in Gundula Schiffers neuem Lyrikband Gronau \/ Gauguin vereinen weit auseinanderliegende geographische und geistige R\u00e4ume: den Bergisch Gladbacher Stadtteil Gronau und Gem\u00e4lde Gauguins aus der S\u00fcdsee, beides durchwoben von Verbindungsf\u00e4den zu Israel und zum Hebr\u00e4ischen. \u201eWie ich wegbleibe, wo ich da sein muss\u201c erz\u00e4hlt, wie das&hellip; <a class=\"continue\" href=\"https:\/\/unser-quartier.de\/braunsfeld\/gundula-schiffer-liest-aus-gronau-gauguin\/\" data-wpel-link=\"internal\"> \u00bb weiterlesen: <span> Gundula Schiffer liest aus Gronau \/ Gauguin<\/span><\/a><\/p>\n","protected":false},"author":526,"featured_media":0,"parent":0,"menu_order":0,"comment_status":"closed","ping_status":"closed","template":"","meta":{"generate_page_header":"","footnotes":""},"class_list":["post-15752","page","type-page","status-publish"],"_links":{"self":[{"href":"https:\/\/unser-quartier.de\/braunsfeld\/wp-json\/wp\/v2\/pages\/15752","targetHints":{"allow":["GET"]}}],"collection":[{"href":"https:\/\/unser-quartier.de\/braunsfeld\/wp-json\/wp\/v2\/pages"}],"about":[{"href":"https:\/\/unser-quartier.de\/braunsfeld\/wp-json\/wp\/v2\/types\/page"}],"author":[{"embeddable":true,"href":"https:\/\/unser-quartier.de\/braunsfeld\/wp-json\/wp\/v2\/users\/526"}],"replies":[{"embeddable":true,"href":"https:\/\/unser-quartier.de\/braunsfeld\/wp-json\/wp\/v2\/comments?post=15752"}],"version-history":[{"count":0,"href":"https:\/\/unser-quartier.de\/braunsfeld\/wp-json\/wp\/v2\/pages\/15752\/revisions"}],"wp:attachment":[{"href":"https:\/\/unser-quartier.de\/braunsfeld\/wp-json\/wp\/v2\/media?parent=15752"}],"curies":[{"name":"wp","href":"https:\/\/api.w.org\/{rel}","templated":true}]}}