{"id":15794,"date":"2022-08-08T18:44:42","date_gmt":"2022-08-08T16:44:42","guid":{"rendered":"https:\/\/unser-quartier.de\/braunsfeld\/?page_id=15794"},"modified":"2022-11-04T13:40:35","modified_gmt":"2022-11-04T12:40:35","slug":"duo-wajda-stawarz","status":"publish","type":"page","link":"https:\/\/unser-quartier.de\/braunsfeld\/duo-wajda-stawarz\/","title":{"rendered":"Duo Wajda \/ Stawarz"},"content":{"rendered":"\n<p><a href=\"https:\/\/unser-quartier.de\/braunsfeld\/files\/2022\/08\/Foto-Stawarz-Wajda-001.jpg\" data-wpel-link=\"internal\"><img loading=\"lazy\" decoding=\"async\" class=\"alignnone size-full wp-image-15797\" src=\"https:\/\/unser-quartier.de\/braunsfeld\/files\/2022\/08\/Foto-Stawarz-Wajda-001.jpg\" alt=\"\" width=\"1200\" height=\"848\" srcset=\"https:\/\/unser-quartier.de\/braunsfeld\/files\/2022\/08\/Foto-Stawarz-Wajda-001.jpg 1200w, https:\/\/unser-quartier.de\/braunsfeld\/files\/2022\/08\/Foto-Stawarz-Wajda-001-300x212.jpg 300w, https:\/\/unser-quartier.de\/braunsfeld\/files\/2022\/08\/Foto-Stawarz-Wajda-001-1024x724.jpg 1024w, https:\/\/unser-quartier.de\/braunsfeld\/files\/2022\/08\/Foto-Stawarz-Wajda-001-150x106.jpg 150w, https:\/\/unser-quartier.de\/braunsfeld\/files\/2022\/08\/Foto-Stawarz-Wajda-001-768x543.jpg 768w\" sizes=\"auto, (max-width: 1200px) 100vw, 1200px\" \/><\/a>Die beiden Musiker des tschechisch polnischen Tandems wuchsen unweit voneinander beidseits des Beskidygebirges auf und wurden bereits seit fr\u00fchen Kindheitstagen neben der klassischen Ausbildung auf ihren Instrumenten von der traditionellen Musik ihrer L\u00e4nder gepr\u00e4gt.<\/p>\n<p>Erstmals aufeinander getroffen sind sie dann in K\u00f6ln vor etwa 20 Jahren im Rahmen eines internationalen Hochschulwettbewerbs der niederl\u00e4ndischen, belgischen und deutschen Jazzstudierenden, aus dem sie in der Formation eines Quintetts als Sieger hervorgingen.<\/p>\n<p>Seitdem spielen sie in vielen verschiedenen internationalen Konstellationen zusammen und entwickelten ein sehr intuitives, vielschichtiges und geradezu intimes Zusammenspiel.<\/p>\n<p>Mittlerweile geh\u00f6ren die beiden gefragten Musiker zum festen Bestandteil der K\u00f6lner Jazz- Improvisations-Szene. Unter vielen anderen Projekten ist Jura Wajda auch musikalischer Leiter des H\u00e4nneschen Theater, Radek Stawarz Mitglied des Rundfunk-Tanzorchesters Ehrenfeld.<\/p>\n<p>Die Musik des Duos mit Eigenkompositionen und traditionellen St\u00fccken bewegt sich zwischen ruhigem und impulsivem Jazz und der traditionellen Musik ihrer Herkunftsl\u00e4nder.<\/p>\n<p><strong><a href=\"https:\/\/unser-quartier.de\/braunsfeld\/files\/2022\/08\/Bild2.jpg\" data-wpel-link=\"internal\"><img loading=\"lazy\" decoding=\"async\" class=\"wp-image-15796 alignright\" src=\"https:\/\/unser-quartier.de\/braunsfeld\/files\/2022\/08\/Bild2.jpg\" alt=\"\" width=\"270\" height=\"179\" srcset=\"https:\/\/unser-quartier.de\/braunsfeld\/files\/2022\/08\/Bild2.jpg 1200w, https:\/\/unser-quartier.de\/braunsfeld\/files\/2022\/08\/Bild2-300x199.jpg 300w, https:\/\/unser-quartier.de\/braunsfeld\/files\/2022\/08\/Bild2-1024x679.jpg 1024w, https:\/\/unser-quartier.de\/braunsfeld\/files\/2022\/08\/Bild2-150x100.jpg 150w, https:\/\/unser-quartier.de\/braunsfeld\/files\/2022\/08\/Bild2-768x509.jpg 768w\" sizes=\"auto, (max-width: 270px) 100vw, 270px\" \/><\/a>Jura Wajda<\/strong>\u00a0 &#8211;\u00a0 Klavier, Cymbal<\/p>\n<p>\u00a0<\/p>\n<p>\u00a0<\/p>\n<p>\u00a0<\/p>\n<p><strong><a href=\"https:\/\/unser-quartier.de\/braunsfeld\/files\/2022\/08\/Bild1.jpg\" data-wpel-link=\"internal\"><img loading=\"lazy\" decoding=\"async\" class=\" wp-image-15795 alignright\" src=\"https:\/\/unser-quartier.de\/braunsfeld\/files\/2022\/08\/Bild1.jpg\" alt=\"\" width=\"270\" height=\"180\" srcset=\"https:\/\/unser-quartier.de\/braunsfeld\/files\/2022\/08\/Bild1.jpg 1200w, https:\/\/unser-quartier.de\/braunsfeld\/files\/2022\/08\/Bild1-300x200.jpg 300w, https:\/\/unser-quartier.de\/braunsfeld\/files\/2022\/08\/Bild1-1024x683.jpg 1024w, https:\/\/unser-quartier.de\/braunsfeld\/files\/2022\/08\/Bild1-150x100.jpg 150w, https:\/\/unser-quartier.de\/braunsfeld\/files\/2022\/08\/Bild1-768x512.jpg 768w, https:\/\/unser-quartier.de\/braunsfeld\/files\/2022\/08\/Bild1-272x182.jpg 272w\" sizes=\"auto, (max-width: 270px) 100vw, 270px\" \/><\/a>Radek Stawarz\u00a0<\/strong> &#8211;\u00a0 Violine, diverse Streichinstrumente<\/p>\n<p>\u00a0<\/p>\n<p>\u00a0<\/p>\n<p>\u00a0<\/p>\n<p><strong>Wann:<\/strong> 27. November 2022, 11:30 Uhr<br \/><strong>Wo:<\/strong> ZeitGeist &#8211; Braunsfeld e.V. Kulturraum, Clarenbachplatz 2, 50933 K\u00f6ln<strong>Eintritt:<\/strong> 12 \u20ac p.P. <br \/><strong>Reservierung\/Tickets:<\/strong> Anmeldung erforderlich unter: <a href=\"mailto:zeitgeist@koeln.de\">zeitgeist@koeln.de<\/a><br \/>Einlass lt. aktueller Corona-Verordnung f\u00fcr Getestete, Geimpfte, Genesene. Es besteht Maskenpflicht.<br \/>Danke f\u00fcr Ihr Verst\u00e4ndnis!<\/p>\n<p><iframe loading=\"lazy\" style=\"border: 1px solid black;\" src=\"https:\/\/www.openstreetmap.org\/export\/embed.html?bbox=6.890090703964234%2C50.936813238628346%2C6.89767599105835%2C50.93914574801564&amp;layer=mapnik&amp;marker=50.93797952313329%2C6.8938833475112915\" width=\"425\" height=\"350\" frameborder=\"0\" marginwidth=\"0\" marginheight=\"0\" scrolling=\"no\"><\/iframe><br \/><small><a href=\"https:\/\/www.openstreetmap.org\/?mlat=50.93798&amp;mlon=6.89388#map=18\/50.93798\/6.89388\" data-wpel-link=\"external\" target=\"_self\" rel=\"nofollow external noopener noreferrer\" title=\"Externer Link: Gr\u00f6\u00dfere Karte anzeigen\" class=\"ext-link wpel-icon-right\">Gr\u00f6\u00dfere Karte anzeigen<span class=\"wpel-icon wpel-image wpel-icon-6\"><\/span><\/a><\/small><\/p>\n","protected":false},"excerpt":{"rendered":"<p>Die beiden Musiker des tschechisch polnischen Tandems wuchsen unweit voneinander beidseits des Beskidygebirges auf und wurden bereits seit fr\u00fchen Kindheitstagen neben der klassischen Ausbildung auf ihren Instrumenten von der traditionellen Musik ihrer L\u00e4nder gepr\u00e4gt. Erstmals aufeinander getroffen sind sie dann in K\u00f6ln vor etwa 20 Jahren im Rahmen eines internationalen Hochschulwettbewerbs der niederl\u00e4ndischen, belgischen und&hellip; <a class=\"continue\" href=\"https:\/\/unser-quartier.de\/braunsfeld\/duo-wajda-stawarz\/\" data-wpel-link=\"internal\"> \u00bb weiterlesen: <span> Duo Wajda \/ Stawarz<\/span><\/a><\/p>\n","protected":false},"author":526,"featured_media":0,"parent":0,"menu_order":0,"comment_status":"closed","ping_status":"closed","template":"","meta":{"generate_page_header":"","footnotes":""},"class_list":["post-15794","page","type-page","status-publish"],"_links":{"self":[{"href":"https:\/\/unser-quartier.de\/braunsfeld\/wp-json\/wp\/v2\/pages\/15794","targetHints":{"allow":["GET"]}}],"collection":[{"href":"https:\/\/unser-quartier.de\/braunsfeld\/wp-json\/wp\/v2\/pages"}],"about":[{"href":"https:\/\/unser-quartier.de\/braunsfeld\/wp-json\/wp\/v2\/types\/page"}],"author":[{"embeddable":true,"href":"https:\/\/unser-quartier.de\/braunsfeld\/wp-json\/wp\/v2\/users\/526"}],"replies":[{"embeddable":true,"href":"https:\/\/unser-quartier.de\/braunsfeld\/wp-json\/wp\/v2\/comments?post=15794"}],"version-history":[{"count":0,"href":"https:\/\/unser-quartier.de\/braunsfeld\/wp-json\/wp\/v2\/pages\/15794\/revisions"}],"wp:attachment":[{"href":"https:\/\/unser-quartier.de\/braunsfeld\/wp-json\/wp\/v2\/media?parent=15794"}],"curies":[{"name":"wp","href":"https:\/\/api.w.org\/{rel}","templated":true}]}}