{"id":15913,"date":"2022-10-24T14:44:54","date_gmt":"2022-10-24T12:44:54","guid":{"rendered":"https:\/\/unser-quartier.de\/braunsfeld\/?page_id=15913"},"modified":"2022-11-04T13:43:30","modified_gmt":"2022-11-04T12:43:30","slug":"santa-baby-a-swinging-x-mas-with-friends","status":"publish","type":"page","link":"https:\/\/unser-quartier.de\/braunsfeld\/santa-baby-a-swinging-x-mas-with-friends\/","title":{"rendered":"Santa Baby \u2013 A Swinging X-Mas with Friends!"},"content":{"rendered":"\n<p><a href=\"https:\/\/unser-quartier.de\/braunsfeld\/files\/2022\/10\/SwingingXmasTrio1o_by_Pierre_Hansen_cr.jpg\" data-wpel-link=\"internal\"><img loading=\"lazy\" decoding=\"async\" class=\" wp-image-15912 alignright\" src=\"https:\/\/unser-quartier.de\/braunsfeld\/files\/2022\/10\/SwingingXmasTrio1o_by_Pierre_Hansen_cr-300x200.jpg\" alt=\"\" width=\"290\" height=\"193\" srcset=\"https:\/\/unser-quartier.de\/braunsfeld\/files\/2022\/10\/SwingingXmasTrio1o_by_Pierre_Hansen_cr-300x200.jpg 300w, https:\/\/unser-quartier.de\/braunsfeld\/files\/2022\/10\/SwingingXmasTrio1o_by_Pierre_Hansen_cr-1024x683.jpg 1024w, https:\/\/unser-quartier.de\/braunsfeld\/files\/2022\/10\/SwingingXmasTrio1o_by_Pierre_Hansen_cr-150x100.jpg 150w, https:\/\/unser-quartier.de\/braunsfeld\/files\/2022\/10\/SwingingXmasTrio1o_by_Pierre_Hansen_cr-768x512.jpg 768w, https:\/\/unser-quartier.de\/braunsfeld\/files\/2022\/10\/SwingingXmasTrio1o_by_Pierre_Hansen_cr-272x182.jpg 272w, https:\/\/unser-quartier.de\/braunsfeld\/files\/2022\/10\/SwingingXmasTrio1o_by_Pierre_Hansen_cr.jpg 1200w\" sizes=\"auto, (max-width: 290px) 100vw, 290px\" \/><\/a>Weihnachtszeit \u2013 und diese wunderbare Musik, die auf einmal auf allen Kan\u00e4len gespielt wird, vom Swing Klassiker zum franz\u00f6sischen Weihnachtschanson, Popsong oder auch Kinderch\u00f6re mit deutschen Weihnachtsliedern \u2013 die Zeit verl\u00e4uft langsamer, lieblicher, tiefer.<\/p>\n<p>Gerade erst ist die X-MAS WITH FRIENDS CD des \u201eErfolgsduos K\u00fchlich\/Genc\u201c erschienen und schon wird sie gefeiert: von \u201eVergn\u00fcgen und Genuss\u201c ist die Rede, von \u201eDauerschleife\u201c im CD-Player und \u201everdientem Loorbeerkranz\u201c der Weihnachtsmusik. Das Magazin \u201eMusenbl\u00e4tter\u201c vergibt den \u201eMusenkuss\u201c, die h\u00f6chste Bewertung einer Neuerscheinung: \u201eLaia Genc (Piano) und Sabine K\u00fchlich (Top-Vokalistin und Saxophon) brillieren an ihren Instrumenten und \u00fcberzeugen im Duo und Solo als S\u00e4ngerinnen von Format, mit hervorragendem Scat und lassen an dem Vergn\u00fcgen teilhaben, allen Titeln eine deutliche Frischzellenkur zu verabreichen.\u201c<\/p>\n<p>\u00a0\u201eSanta Baby\u201c alias Bernd Lechtenfeld an der Posaune komplettiert das kecke Duo. Seine Versiertheit am Instrument, die Fu\u00dfstapfen des gro\u00dfen Lehrmeisters Mangelsdorf verbindet sich mit Kreativit\u00e4t und Entdeckerfreude der beiden Damen an Klavier, Gesang und Saxophon. Verspielt sind die drei unterwegs \u2013 zwischen einem brasilianischen \u201eSchneefl\u00f6ckchen Wei\u00dfr\u00f6ckchen\u201c, \u201eRudolph the Rednosed Reindeer\u201c im New Orleans Style, verswingt tr\u00e4umerisch wandeln sie durch das \u201eWinter Wonderland\u201c. Ein kurzer Abstecher nach Frankreich zu \u201ePetit Papa Noel\u201c, Boney M\u2019s \u201eMary\u2019s Boychild\u201c und immer wieder hell erleuchtet in bunten Farben: \u201eSanta Claus\u201c (is coming to town).<\/p>\n<p>Freuen Sie sich auf ein besonderes, swingendes Weihnachtskonzert, nehmen Sie sich die Zeit mit uns zu lauschen, zu tr\u00e4umen, sich einzulassen auf das gro\u00dfe Fest! \u201eHave Yourself a Merry Little Christmas Now\u201d&#8230;<\/p>\n<p><strong>Sabine K\u00fchlich<\/strong> (Voc, Alto Sax)<br \/><strong>Laia Genc<\/strong> (Voc, Piano)<br \/><strong>Bernd Lechtenfeld<\/strong> (Posaune)<\/p>\n<p><strong>Wann<\/strong>: 18.12.2022, 11.30 Uhr<br \/><strong>Wo:<\/strong> ZeitGeist Braunsfeld e.V. Kulturraum, Clarenbachplatz 2 50933 K\u00f6ln<br \/><strong>Eintritt:<\/strong> 12 \u20ac p.P.<br \/><strong>Reservierung\/Tickets:<\/strong> Anmeldung erforderlich unter: <a href=\"mailto:Zeitgeist@koeln.de\">Zeitgeist@koeln.de\u00a0<\/a>oder 01781787965<br \/>Einlass lt. aktueller Corona-Verordnung. Danke f\u00fcr Ihr Verst\u00e4ndnis!<\/p>\n<p><iframe loading=\"lazy\" style=\"border: 1px solid black;\" src=\"https:\/\/www.openstreetmap.org\/export\/embed.html?bbox=6.890090703964234%2C50.936813238628346%2C6.89767599105835%2C50.93914574801564&amp;layer=mapnik&amp;marker=50.93797952313329%2C6.8938833475112915\" width=\"425\" height=\"350\" frameborder=\"0\" marginwidth=\"0\" marginheight=\"0\" scrolling=\"no\"><\/iframe><br \/><small><a href=\"https:\/\/www.openstreetmap.org\/?mlat=50.93798&amp;mlon=6.89388#map=18\/50.93798\/6.89388\" data-wpel-link=\"external\" target=\"_self\" rel=\"nofollow external noopener noreferrer\" title=\"Externer Link: Gr\u00f6\u00dfere Karte anzeigen\" class=\"ext-link wpel-icon-right\">Gr\u00f6\u00dfere Karte anzeigen<span class=\"wpel-icon wpel-image wpel-icon-6\"><\/span><\/a><\/small><\/p>\n","protected":false},"excerpt":{"rendered":"<p>Weihnachtszeit \u2013 und diese wunderbare Musik, die auf einmal auf allen Kan\u00e4len gespielt wird, vom Swing Klassiker zum franz\u00f6sischen Weihnachtschanson, Popsong oder auch Kinderch\u00f6re mit deutschen Weihnachtsliedern \u2013 die Zeit verl\u00e4uft langsamer, lieblicher, tiefer. Gerade erst ist die X-MAS WITH FRIENDS CD des \u201eErfolgsduos K\u00fchlich\/Genc\u201c erschienen und schon wird sie gefeiert: von \u201eVergn\u00fcgen und Genuss\u201c&hellip; <a class=\"continue\" href=\"https:\/\/unser-quartier.de\/braunsfeld\/santa-baby-a-swinging-x-mas-with-friends\/\" data-wpel-link=\"internal\"> \u00bb weiterlesen: <span> Santa Baby \u2013 A Swinging X-Mas with Friends!<\/span><\/a><\/p>\n","protected":false},"author":526,"featured_media":0,"parent":0,"menu_order":0,"comment_status":"closed","ping_status":"closed","template":"","meta":{"generate_page_header":"","footnotes":""},"class_list":["post-15913","page","type-page","status-publish"],"_links":{"self":[{"href":"https:\/\/unser-quartier.de\/braunsfeld\/wp-json\/wp\/v2\/pages\/15913","targetHints":{"allow":["GET"]}}],"collection":[{"href":"https:\/\/unser-quartier.de\/braunsfeld\/wp-json\/wp\/v2\/pages"}],"about":[{"href":"https:\/\/unser-quartier.de\/braunsfeld\/wp-json\/wp\/v2\/types\/page"}],"author":[{"embeddable":true,"href":"https:\/\/unser-quartier.de\/braunsfeld\/wp-json\/wp\/v2\/users\/526"}],"replies":[{"embeddable":true,"href":"https:\/\/unser-quartier.de\/braunsfeld\/wp-json\/wp\/v2\/comments?post=15913"}],"version-history":[{"count":0,"href":"https:\/\/unser-quartier.de\/braunsfeld\/wp-json\/wp\/v2\/pages\/15913\/revisions"}],"wp:attachment":[{"href":"https:\/\/unser-quartier.de\/braunsfeld\/wp-json\/wp\/v2\/media?parent=15913"}],"curies":[{"name":"wp","href":"https:\/\/api.w.org\/{rel}","templated":true}]}}