{"id":15941,"date":"2022-10-31T13:39:46","date_gmt":"2022-10-31T12:39:46","guid":{"rendered":"https:\/\/unser-quartier.de\/braunsfeld\/?page_id=15941"},"modified":"2022-12-23T17:07:23","modified_gmt":"2022-12-23T16:07:23","slug":"dagmar-bunde-trio","status":"publish","type":"page","link":"https:\/\/unser-quartier.de\/braunsfeld\/dagmar-bunde-trio\/","title":{"rendered":"Dagmar Bunde Trio"},"content":{"rendered":"\n<p><a href=\"https:\/\/unser-quartier.de\/braunsfeld\/files\/2022\/12\/DagmarBundeTrio-0012.jpg\" data-wpel-link=\"internal\"><img loading=\"lazy\" decoding=\"async\" class=\" wp-image-16144 alignright\" src=\"https:\/\/unser-quartier.de\/braunsfeld\/files\/2022\/12\/DagmarBundeTrio-0012-300x262.jpg\" alt=\"\" width=\"219\" height=\"191\" srcset=\"https:\/\/unser-quartier.de\/braunsfeld\/files\/2022\/12\/DagmarBundeTrio-0012-300x262.jpg 300w, https:\/\/unser-quartier.de\/braunsfeld\/files\/2022\/12\/DagmarBundeTrio-0012-150x131.jpg 150w, https:\/\/unser-quartier.de\/braunsfeld\/files\/2022\/12\/DagmarBundeTrio-0012.jpg 510w\" sizes=\"auto, (max-width: 219px) 100vw, 219px\" \/><\/a><\/p>\n<p>\u00a0<\/p>\n<p><strong>Dagmar Bunde<\/strong> &#8211; Stimme<br \/><strong>Rolf Marx<\/strong> &#8211; Gitarre<br \/><strong>Paul G. Ulrich<\/strong> &#8211; Kontrabass<\/p>\n<p>\u00a0<\/p>\n<p><strong>\u00dcber die S\u00e4ngerin<\/strong> <em>(zusammen gestellt aus verschiedenen bereits erfolgten Ank\u00fcndigungen)<\/em>:<\/p>\n<p>Dagmar Bunde gilt als eine der ganz gro\u00dfen deutschen Jazzs\u00e4ngerinnen. Eine Kritikerin des K\u00f6lner Stadtanzeigers schrieb einmal \u00fcber sie: \u201eSie bewegt sich vollkommen sicher in der Musik, wie ein Fisch im Wasser.\u201c<\/p>\n<p>Die in K\u00f6ln geborene S\u00e4ngerin und Komponistin, ein Naturtalent mit fundierter Ausbildung, hat ein Markenzeichen, n\u00e4mlich ein H\u00f6chstma\u00df an Virtuosit\u00e4t und Musikalit\u00e4t dynamisch-gef\u00fchlvoll, ausdrucksstark, indes authentisch und puristisch darzubieten.<\/p>\n<p>Ihre Studieng\u00e4nge zur Diplom-S\u00e4ngerin sowie zur staatlich gepr\u00fcften Musikschullehrerin schloss Dagmar Bunde in den 1990er Jahren an der Hochschule f\u00fcr Musik K\u00f6ln als erste ihres Faches mit Auszeichnung ab. Sie war Mitglied des Bundesjazzorchesters unter Leitung von Peter Herbolzheimer und arbeitete mit verschiedenen Rundfunkorchestern sowie K\u00fcnstlern aus unterschiedlichen Bereichen zusammen.<\/p>\n<p>\u201eDagmar sings with the sound and soul of an angel!\u201c <em>(Jiggs Whigham)<\/em><\/p>\n<p>F\u00fcr ihr CD-Album \u201eMy Jazz\u201c ihres bereits 1990 gegr\u00fcndeten Dagmar Bunde Quartetts und mit ausschlie\u00dflich modernen Jazzkompositionen aus der eigenen Feder erhielt sie gleich vier Beste Preise beim Deutschen Rock &amp; Pop Preis 2013.<br \/><br \/><\/p>\n<p><strong>Rolf Marx<\/strong>, Kurzinfo <em>(von ihm)<\/em><\/p>\n<p>Nach dem Doppelstudium der Konzertgitarre (bei Eliot Fisk) und der Jazzgitarre an der Musikhochschule K\u00f6ln ist Rolf Marx Mitglied zahlreicher Jazzformationen (u.a. \u00fcber 20 Jahre in Engelbert Wrobel\u2019s Swing Society) und hat neben dem Duo mit Dagmar Bunde mit vielen weiteren S\u00e4ngerinnen und S\u00e4ngern zusammen gearbeitet, u.a. mit Silvia Droste, Norbert Gottschalk, Dee Dee Bridgewater, Max Mutzke.<\/p>\n<p><strong><br \/>Paul G. Ulrich<\/strong>, Kurzinfo <em>(von ihm)<\/em><\/p>\n<p>Der niederrheinische Jazz-Bassist kam \u00fcber die Klassik zum Jazz Studium nach K\u00f6ln, wo er seit 1986 als freiberuflicher Musiker aktiv ist: Konzerte, LP- und CD-Produktionen, TV- und Radio-Auftritte, Tourneen mit zahllosen nationalen und internationalen Jazzmusikern und Jazzbands verschiedener Jazzstile u. a. mit Bruno Castelucci, Sylvia Droste, Kenny Wheeler, Jiggs Wigham \u2026 Er war zw\u00f6lf Jahre Bassist des Paul Kuhn Jazz Trios. Aufnahmen der CD\u2019s Blame It on My Youth, My World of Music, Play it Again, Young at Heart und der DVD Paul Kuhn and the Best in Concert.<\/p>\n<p>Er liebt die Vielfalt von Rag bis Jazzrock, von Klassik bis New Jazz Komposition und die freie Improvisation, die verschiedenen Farben und Gem\u00fctszust\u00e4nde, die Herausforderung unterschiedlicher Stilistiken und Musikformen.<\/p>\n<p>\u00a0<\/p>\n<p><strong>Das Dagmar Bunde TRIO:<\/strong><\/p>\n<p>Darunter der mitunter Konzertgitarrist Rolf Marx, mit dem die S\u00e4ngerin <em>(siehe Info zuvor!) <\/em>zuf\u00e4llig aushilfsbedingt als Duopartner erstmals 2009 aufeinandertraf. Danach es au\u00dfer Frage stand, dass fortan sowohl f\u00fcr dieses Duo als auch Rolf Marx als Gitarrist in erster Besetzung an der Seite der S\u00e4ngerin stehen w\u00fcrde \u2013 es war sozusagen Liebe auf den ersten Ton!<\/p>\n<p>Seither begeistern die beiden ihre Zuh\u00f6rer mit einem breit gef\u00e4cherten, dynamischen Programm aus Jazz-, Blues-, Latin- und Soul-Standards \u2013 den Klassikern des Great American Songbook \u2013, sowie bisweilen wunderbar augenzwinkernd, aber immer originell arrangierten St\u00fccken auch j\u00fcngerer Komponisten wie Chick Corea, Keith Jarrett oder Jamie Cullum, gestaltet das Duo seine hier sanft, dort ausgelassen groovenden, seine durchweg mitrei\u00dfend inszenierten Konzerte. <br \/>Anspruchsvoll und virtuos, vor allem aber vielseitig und emotional beleben Bunde und Marx die Tradition des Jazz.<\/p>\n<p>Unterst\u00fctzt werden die beiden dieses Mal wieder von dem langj\u00e4hrigen Bassisten der S\u00e4ngerin, insbesondere ihres Dagmar Bunde Quartetts (seit gemeinsamen Studienzeiten an der Musikhochschule in K\u00f6ln) und \u00e4u\u00dferst gefragten Sidemen Martin Gjakonovski am Kontrabass, der bereits an der Seite etlicher auch internationaler Jazzgr\u00f6\u00dfen stand, mitunter allein 7 Jahre als Bassist des Paul Kuhn Jazz Trios.<\/p>\n<p><strong>Wann<\/strong>: 30.04.2023, 11.30 Uhr<\/p>\n<p><strong>Wo:<\/strong> ZeitGeist Braunsfeld e.V. Kulturzentrum, Clarenbachplatz 2 50933 K\u00f6ln<\/p>\n<p><strong>Eintritt:<\/strong> 12 \u20ac p.P.<br \/><strong>Reservierung\/Tickets:<\/strong> Anmeldung erforderlich unter: <a href=\"mailto:Zeitgeist@koeln.de\">Zeitgeist@koeln.de<\/a><br \/>oder 01781787965<br \/>Einlass lt. aktueller Corona-Verordnung.<br \/>Danke f\u00fcr Ihr Verst\u00e4ndnis!<\/p>\n<p>\u00a0<iframe loading=\"lazy\" style=\"border: 1px solid black;\" src=\"https:\/\/www.openstreetmap.org\/export\/embed.html?bbox=6.890090703964234%2C50.936813238628346%2C6.89767599105835%2C50.93914574801564&amp;layer=mapnik&amp;marker=50.93797952313329%2C6.8938833475112915\" width=\"425\" height=\"350\" frameborder=\"0\" marginwidth=\"0\" marginheight=\"0\" scrolling=\"no\"><\/iframe><br \/><small><a href=\"https:\/\/www.openstreetmap.org\/?mlat=50.93798&amp;mlon=6.89388#map=18\/50.93798\/6.89388\" data-wpel-link=\"external\" target=\"_self\" rel=\"nofollow external noopener noreferrer\" title=\"Externer Link: Gr\u00f6\u00dfere Karte anzeigen\" class=\"ext-link wpel-icon-right\">Gr\u00f6\u00dfere Karte anzeigen<span class=\"wpel-icon wpel-image wpel-icon-6\"><\/span><\/a><\/small><\/p>\n","protected":false},"excerpt":{"rendered":"<p>\u00a0 Dagmar Bunde &#8211; StimmeRolf Marx &#8211; GitarrePaul G. Ulrich &#8211; Kontrabass \u00a0 \u00dcber die S\u00e4ngerin (zusammen gestellt aus verschiedenen bereits erfolgten Ank\u00fcndigungen): Dagmar Bunde gilt als eine der ganz gro\u00dfen deutschen Jazzs\u00e4ngerinnen. Eine Kritikerin des K\u00f6lner Stadtanzeigers schrieb einmal \u00fcber sie: \u201eSie bewegt sich vollkommen sicher in der Musik, wie ein Fisch im Wasser.\u201c&hellip; <a class=\"continue\" href=\"https:\/\/unser-quartier.de\/braunsfeld\/dagmar-bunde-trio\/\" data-wpel-link=\"internal\"> \u00bb weiterlesen: <span> Dagmar Bunde Trio<\/span><\/a><\/p>\n","protected":false},"author":526,"featured_media":0,"parent":0,"menu_order":0,"comment_status":"closed","ping_status":"closed","template":"","meta":{"generate_page_header":"","footnotes":""},"class_list":["post-15941","page","type-page","status-publish"],"_links":{"self":[{"href":"https:\/\/unser-quartier.de\/braunsfeld\/wp-json\/wp\/v2\/pages\/15941","targetHints":{"allow":["GET"]}}],"collection":[{"href":"https:\/\/unser-quartier.de\/braunsfeld\/wp-json\/wp\/v2\/pages"}],"about":[{"href":"https:\/\/unser-quartier.de\/braunsfeld\/wp-json\/wp\/v2\/types\/page"}],"author":[{"embeddable":true,"href":"https:\/\/unser-quartier.de\/braunsfeld\/wp-json\/wp\/v2\/users\/526"}],"replies":[{"embeddable":true,"href":"https:\/\/unser-quartier.de\/braunsfeld\/wp-json\/wp\/v2\/comments?post=15941"}],"version-history":[{"count":3,"href":"https:\/\/unser-quartier.de\/braunsfeld\/wp-json\/wp\/v2\/pages\/15941\/revisions"}],"predecessor-version":[{"id":16189,"href":"https:\/\/unser-quartier.de\/braunsfeld\/wp-json\/wp\/v2\/pages\/15941\/revisions\/16189"}],"wp:attachment":[{"href":"https:\/\/unser-quartier.de\/braunsfeld\/wp-json\/wp\/v2\/media?parent=15941"}],"curies":[{"name":"wp","href":"https:\/\/api.w.org\/{rel}","templated":true}]}}

<p><a href="https://unser-quartier.de/braunsfeld/files/2022/12/DagmarBundeTrio-0012.jpg" data-wpel-link="internal"><img loading="lazy" decoding="async" class=" wp-image-16144 alignright" src="https://unser-quartier.de/braunsfeld/files/2022/12/DagmarBundeTrio-0012-300x262.jpg" alt="" width="219" height="191" srcset="https://unser-quartier.de/braunsfeld/files/2022/12/DagmarBundeTrio-0012-300x262.jpg 300w, https://unser-quartier.de/braunsfeld/files/2022/12/DagmarBundeTrio-0012-150x131.jpg 150w, https://unser-quartier.de/braunsfeld/files/2022/12/DagmarBundeTrio-0012.jpg 510w" sizes="auto, (max-width: 219px) 100vw, 219px" /></a></p>
<p> </p>
<p><strong>Dagmar Bunde</strong> &#8211; Stimme<br /><strong>Rolf Marx</strong> &#8211; Gitarre<br /><strong>Paul G. Ulrich</strong> &#8211; Kontrabass</p>
<p> </p>
<p><strong>Über die Sängerin</strong> <em>(zusammen gestellt aus verschiedenen bereits erfolgten Ankündigungen)</em>:</p>
<p>Dagmar Bunde gilt als eine der ganz großen deutschen Jazzsängerinnen. Eine Kritikerin des Kölner Stadtanzeigers schrieb einmal über sie: „Sie bewegt sich vollkommen sicher in der Musik, wie ein Fisch im Wasser.“</p>
<p>Die in Köln geborene Sängerin und Komponistin, ein Naturtalent mit fundierter Ausbildung, hat ein Markenzeichen, nämlich ein Höchstmaß an Virtuosität und Musikalität dynamisch-gefühlvoll, ausdrucksstark, indes authentisch und puristisch darzubieten.</p>
<p>Ihre Studiengänge zur Diplom-Sängerin sowie zur staatlich geprüften Musikschullehrerin schloss Dagmar Bunde in den 1990er Jahren an der Hochschule für Musik Köln als erste ihres Faches mit Auszeichnung ab. Sie war Mitglied des Bundesjazzorchesters unter Leitung von Peter Herbolzheimer und arbeitete mit verschiedenen Rundfunkorchestern sowie Künstlern aus unterschiedlichen Bereichen zusammen.</p>
<p>„Dagmar sings with the sound and soul of an angel!“ <em>(Jiggs Whigham)</em></p>
<p>Für ihr CD-Album „My Jazz“ ihres bereits 1990 gegründeten Dagmar Bunde Quartetts und mit ausschließlich modernen Jazzkompositionen aus der eigenen Feder erhielt sie gleich vier Beste Preise beim Deutschen Rock &amp; Pop Preis 2013.<br /><br /></p>
<p><strong>Rolf Marx</strong>, Kurzinfo <em>(von ihm)</em></p>
<p>Nach dem Doppelstudium der Konzertgitarre (bei Eliot Fisk) und der Jazzgitarre an der Musikhochschule Köln ist Rolf Marx Mitglied zahlreicher Jazzformationen (u.a. über 20 Jahre in Engelbert Wrobel’s Swing Society) und hat neben dem Duo mit Dagmar Bunde mit vielen weiteren Sängerinnen und Sängern zusammen gearbeitet, u.a. mit Silvia Droste, Norbert Gottschalk, Dee Dee Bridgewater, Max Mutzke.</p>
<p><strong><br />Paul G. Ulrich</strong>, Kurzinfo <em>(von ihm)</em></p>
<p>Der niederrheinische Jazz-Bassist kam über die Klassik zum Jazz Studium nach Köln, wo er seit 1986 als freiberuflicher Musiker aktiv ist: Konzerte, LP- und CD-Produktionen, TV- und Radio-Auftritte, Tourneen mit zahllosen nationalen und internationalen Jazzmusikern und Jazzbands verschiedener Jazzstile u. a. mit Bruno Castelucci, Sylvia Droste, Kenny Wheeler, Jiggs Wigham … Er war zwölf Jahre Bassist des Paul Kuhn Jazz Trios. Aufnahmen der CD’s Blame It on My Youth, My World of Music, Play it Again, Young at Heart und der DVD Paul Kuhn and the Best in Concert.</p>
<p>Er liebt die Vielfalt von Rag bis Jazzrock, von Klassik bis New Jazz Komposition und die freie Improvisation, die verschiedenen Farben und Gemütszustände, die Herausforderung unterschiedlicher Stilistiken und Musikformen.</p>
<p> </p>
<p><strong>Das Dagmar Bunde TRIO:</strong></p>
<p>Darunter der mitunter Konzertgitarrist Rolf Marx, mit dem die Sängerin <em>(siehe Info zuvor!) </em>zufällig aushilfsbedingt als Duopartner erstmals 2009 aufeinandertraf. Danach es außer Frage stand, dass fortan sowohl für dieses Duo als auch Rolf Marx als Gitarrist in erster Besetzung an der Seite der Sängerin stehen würde – es war sozusagen Liebe auf den ersten Ton!</p>
<p>Seither begeistern die beiden ihre Zuhörer mit einem breit gefächerten, dynamischen Programm aus Jazz-, Blues-, Latin- und Soul-Standards – den Klassikern des Great American Songbook –, sowie bisweilen wunderbar augenzwinkernd, aber immer originell arrangierten Stücken auch jüngerer Komponisten wie Chick Corea, Keith Jarrett oder Jamie Cullum, gestaltet das Duo seine hier sanft, dort ausgelassen groovenden, seine durchweg mitreißend inszenierten Konzerte. <br />Anspruchsvoll und virtuos, vor allem aber vielseitig und emotional beleben Bunde und Marx die Tradition des Jazz.</p>
<p>Unterstützt werden die beiden dieses Mal wieder von dem langjährigen Bassisten der Sängerin, insbesondere ihres Dagmar Bunde Quartetts (seit gemeinsamen Studienzeiten an der Musikhochschule in Köln) und äußerst gefragten Sidemen Martin Gjakonovski am Kontrabass, der bereits an der Seite etlicher auch internationaler Jazzgrößen stand, mitunter allein 7 Jahre als Bassist des Paul Kuhn Jazz Trios.</p>
<p><strong>Wann</strong>: 30.04.2023, 11.30 Uhr</p>
<p><strong>Wo:</strong> ZeitGeist Braunsfeld e.V. Kulturzentrum, Clarenbachplatz 2 50933 Köln</p>
<p><strong>Eintritt:</strong> 12 € p.P.<br /><strong>Reservierung/Tickets:</strong> Anmeldung erforderlich unter: <a href="mailto:Zeitgeist@koeln.de">Zeitgeist@koeln.de</a><br />oder 01781787965<br />Einlass lt. aktueller Corona-Verordnung.<br />Danke für Ihr Verständnis!</p>
<p> <iframe loading="lazy" style="border: 1px solid black;" src="https://www.openstreetmap.org/export/embed.html?bbox=6.890090703964234%2C50.936813238628346%2C6.89767599105835%2C50.93914574801564&amp;layer=mapnik&amp;marker=50.93797952313329%2C6.8938833475112915" width="425" height="350" frameborder="0" marginwidth="0" marginheight="0" scrolling="no"></iframe><br /><small><a href="https://www.openstreetmap.org/?mlat=50.93798&amp;mlon=6.89388#map=18/50.93798/6.89388" data-wpel-link="external" target="_self" rel="nofollow external noopener noreferrer" title="Externer Link: Größere Karte anzeigen" class="ext-link wpel-icon-right">Größere Karte anzeigen<span class="wpel-icon wpel-image wpel-icon-6"></span></a></small></p>

<p>  Dagmar Bunde &#8211; StimmeRolf Marx &#8211; GitarrePaul G. Ulrich &#8211; Kontrabass   Über die Sängerin (zusammen gestellt aus verschiedenen bereits erfolgten Ankündigungen): Dagmar Bunde gilt als eine der ganz großen deutschen Jazzsängerinnen. Eine Kritikerin des Kölner Stadtanzeigers schrieb einmal über sie: „Sie bewegt sich vollkommen sicher in der Musik, wie ein Fisch im Wasser.“&hellip; <a class="continue" href="https://unser-quartier.de/braunsfeld/dagmar-bunde-trio/" data-wpel-link="internal"> » weiterlesen: <span> Dagmar Bunde Trio</span></a></p>
