{"id":17815,"date":"2023-12-27T16:20:29","date_gmt":"2023-12-27T15:20:29","guid":{"rendered":"https:\/\/unser-quartier.de\/braunsfeld\/?page_id=17815"},"modified":"2025-12-17T15:22:31","modified_gmt":"2025-12-17T14:22:31","slug":"literaturkreis-ii","status":"publish","type":"page","link":"https:\/\/unser-quartier.de\/braunsfeld\/literaturkreis-ii\/","title":{"rendered":"Literaturkreis II"},"content":{"rendered":"\n<p>Das war ein spannendes Lesevierteljahr. In Joachim Meyerhoffs \u201eMan kann auch in die H\u00f6he fallen\u201c konnten wir dem Weg des Erz\u00e4hlers aus einer tiefen Lebens- und Schreibkrise folgen. Mit Olga Tokarczuks \u201eEmpusion\u201c lie\u00dfen wir uns dann auf eine unheimliche Geschichte um einen polnischen Hermaphroditen auf Geister- und Identit\u00e4tssuche in einem schlesischen Lungensanatorium Anfang des 20. Jahrhunderts ein. Schlie\u00dflich haben wir uns am 2. Dezember neben Jandl-Gedichten auch mit Robert Seethalers \u201eDas Feld\u201c besch\u00e4ftigt &#8211; ein Text, der uns zum Nachdenken \u00fcber unsere eigenen \u201eFelder\u201c f\u00fchrte.<\/p>\n<p>Unsere Vorhaben f\u00fcr das erste Vierteljahr 2026:<\/p>\n<p>06. Januar: Toni Morrison, Gott hilf dem Kind<br \/>03. Februar: Ferdinand von Schirach, Der Fall Collini<br \/>03. M\u00e4rz: Charles Lewinsky, Der Stotterer<\/p>\n<p>Dorothea Minderop, Tel: 0173 9057327<\/p>\n<p><iframe loading=\"lazy\" style=\"border: 1px solid black;\" src=\"https:\/\/www.openstreetmap.org\/export\/embed.html?bbox=6.890069246292115%2C50.933219593018634%2C6.905239820480348%2C50.93788485529608&amp;layer=mapnik&amp;marker=50.935552282659486%2C6.8976545333862305\" width=\"425\" height=\"350\" frameborder=\"0\" marginwidth=\"0\" marginheight=\"0\" scrolling=\"no\"><\/iframe><br \/><small><a href=\"https:\/\/www.openstreetmap.org\/?mlat=50.93555&amp;mlon=6.89765#map=17\/50.93555\/6.89765\" data-wpel-link=\"external\" target=\"_self\" rel=\"nofollow external noopener noreferrer\" title=\"Externer Link: Gr\u00f6\u00dfere Karte anzeigen\" class=\"ext-link wpel-icon-right\">Gr\u00f6\u00dfere Karte anzeigen<span class=\"wpel-icon wpel-image wpel-icon-6\"><\/span><\/a><\/small><\/p>\n\n\n","protected":false},"excerpt":{"rendered":"<p>Das war ein spannendes Lesevierteljahr. In Joachim Meyerhoffs \u201eMan kann auch in die H\u00f6he fallen\u201c konnten wir dem Weg des Erz\u00e4hlers aus einer tiefen Lebens- und Schreibkrise folgen. Mit Olga Tokarczuks \u201eEmpusion\u201c lie\u00dfen wir uns dann auf eine unheimliche Geschichte um einen polnischen Hermaphroditen auf Geister- und Identit\u00e4tssuche in einem schlesischen Lungensanatorium Anfang des 20.&hellip; <a class=\"continue\" href=\"https:\/\/unser-quartier.de\/braunsfeld\/literaturkreis-ii\/\" data-wpel-link=\"internal\"> \u00bb weiterlesen: <span> Literaturkreis II<\/span><\/a><\/p>\n","protected":false},"author":526,"featured_media":0,"parent":0,"menu_order":0,"comment_status":"closed","ping_status":"closed","template":"","meta":{"generate_page_header":"","footnotes":""},"class_list":["post-17815","page","type-page","status-publish"],"_links":{"self":[{"href":"https:\/\/unser-quartier.de\/braunsfeld\/wp-json\/wp\/v2\/pages\/17815","targetHints":{"allow":["GET"]}}],"collection":[{"href":"https:\/\/unser-quartier.de\/braunsfeld\/wp-json\/wp\/v2\/pages"}],"about":[{"href":"https:\/\/unser-quartier.de\/braunsfeld\/wp-json\/wp\/v2\/types\/page"}],"author":[{"embeddable":true,"href":"https:\/\/unser-quartier.de\/braunsfeld\/wp-json\/wp\/v2\/users\/526"}],"replies":[{"embeddable":true,"href":"https:\/\/unser-quartier.de\/braunsfeld\/wp-json\/wp\/v2\/comments?post=17815"}],"version-history":[{"count":3,"href":"https:\/\/unser-quartier.de\/braunsfeld\/wp-json\/wp\/v2\/pages\/17815\/revisions"}],"predecessor-version":[{"id":23498,"href":"https:\/\/unser-quartier.de\/braunsfeld\/wp-json\/wp\/v2\/pages\/17815\/revisions\/23498"}],"wp:attachment":[{"href":"https:\/\/unser-quartier.de\/braunsfeld\/wp-json\/wp\/v2\/media?parent=17815"}],"curies":[{"name":"wp","href":"https:\/\/api.w.org\/{rel}","templated":true}]}}