{"id":2261,"date":"2017-05-11T18:26:24","date_gmt":"2017-05-11T16:26:24","guid":{"rendered":"https:\/\/unser-quartier.de\/braunsfeld\/?page_id=2261"},"modified":"2024-03-05T12:32:10","modified_gmt":"2024-03-05T11:32:10","slug":"bewegung","status":"publish","type":"page","link":"https:\/\/unser-quartier.de\/braunsfeld\/bewegung\/","title":{"rendered":"Bewegung"},"content":{"rendered":"<h4>Klicken Sie auf eines unserer Themen in dem Sie mit der Maus dar\u00fcber fahren:<\/h4>\n<ul>\n<li><a href=\"https:\/\/unser-quartier.de\/braunsfeld\/qi-gong\/\" data-wpel-link=\"internal\">Qi Gong<\/a><\/li>\n<li><a href=\"https:\/\/unser-quartier.de\/braunsfeld\/unterwegs-mit-dem-deutschland-ticket\/\" data-wpel-link=\"internal\">Unterwegs mit dem Deutschland-Ticket<\/a><\/li>\n<li><a href=\"https:\/\/unser-quartier.de\/braunsfeld\/stadtwaldspaziergaenge\/\" data-wpel-link=\"internal\">Stadtwaldspazierg\u00e4nge<\/a><\/li>\n<li><a href=\"https:\/\/unser-quartier.de\/braunsfeld\/tanzen-fuer-singles\/\" data-wpel-link=\"internal\">Tanzen f\u00fcr Singles<\/a><\/li>\n<li><a href=\"https:\/\/unser-quartier.de\/braunsfeld\/wandern\/\" data-wpel-link=\"internal\">Wandern<\/a><\/li>\n<\/ul>\n","protected":false},"excerpt":{"rendered":"<p>Klicken Sie auf eines unserer Themen in dem Sie mit der Maus dar\u00fcber fahren: Qi Gong Unterwegs mit dem Deutschland-Ticket Stadtwaldspazierg\u00e4nge Tanzen f\u00fcr Singles Wandern<\/p>\n","protected":false},"author":526,"featured_media":0,"parent":0,"menu_order":12,"comment_status":"closed","ping_status":"closed","template":"","meta":{"generate_page_header":"","footnotes":""},"class_list":["post-2261","page","type-page","status-publish"],"_links":{"self":[{"href":"https:\/\/unser-quartier.de\/braunsfeld\/wp-json\/wp\/v2\/pages\/2261","targetHints":{"allow":["GET"]}}],"collection":[{"href":"https:\/\/unser-quartier.de\/braunsfeld\/wp-json\/wp\/v2\/pages"}],"about":[{"href":"https:\/\/unser-quartier.de\/braunsfeld\/wp-json\/wp\/v2\/types\/page"}],"author":[{"embeddable":true,"href":"https:\/\/unser-quartier.de\/braunsfeld\/wp-json\/wp\/v2\/users\/526"}],"replies":[{"embeddable":true,"href":"https:\/\/unser-quartier.de\/braunsfeld\/wp-json\/wp\/v2\/comments?post=2261"}],"version-history":[{"count":3,"href":"https:\/\/unser-quartier.de\/braunsfeld\/wp-json\/wp\/v2\/pages\/2261\/revisions"}],"predecessor-version":[{"id":18819,"href":"https:\/\/unser-quartier.de\/braunsfeld\/wp-json\/wp\/v2\/pages\/2261\/revisions\/18819"}],"wp:attachment":[{"href":"https:\/\/unser-quartier.de\/braunsfeld\/wp-json\/wp\/v2\/media?parent=2261"}],"curies":[{"name":"wp","href":"https:\/\/api.w.org\/{rel}","templated":true}]}}