{"id":2287,"date":"2017-05-15T12:12:34","date_gmt":"2017-05-15T10:12:34","guid":{"rendered":"https:\/\/unser-quartier.de\/braunsfeld\/?page_id=2287"},"modified":"2024-05-28T19:46:33","modified_gmt":"2024-05-28T17:46:33","slug":"qi-gong","status":"publish","type":"page","link":"https:\/\/unser-quartier.de\/braunsfeld\/qi-gong\/","title":{"rendered":"Qi Gong"},"content":{"rendered":"<h4><b>Qi Gong-Kurs &#8220;18 Bewegungen der Harmonie&#8221;<br \/>\n<\/b><\/h4>\n<p>Meditations-, Konzentrations- und Bewegungs\u00fcbungen harmonisieren den Energiefluss im K\u00f6rper, vertiefen die Atmung <a href=\"https:\/\/unser-quartier.de\/braunsfeld\/files\/2017\/05\/Qigong-Yongxian.png\" data-wpel-link=\"internal\"><img loading=\"lazy\" decoding=\"async\" class=\"alignright size-medium wp-image-2738\" src=\"https:\/\/unser-quartier.de\/braunsfeld\/files\/2017\/05\/Qigong-Yongxian-300x350.png\" alt=\"Der Leiter des Kurses\" width=\"300\" height=\"350\" srcset=\"https:\/\/unser-quartier.de\/braunsfeld\/files\/2017\/05\/Qigong-Yongxian.png 300w, https:\/\/unser-quartier.de\/braunsfeld\/files\/2017\/05\/Qigong-Yongxian-150x175.png 150w\" sizes=\"auto, (max-width: 300px) 100vw, 300px\" \/><\/a>und l\u00f6sen Blockierungen. Die regelm\u00e4\u00dfige \u00dcbung unterst\u00fctzt Heilungsprozesse, insbesondere bei psychosomatischen Erkrankungen, und f\u00fchrt zur Gesunderhaltung. Qi Gong ist f\u00fcr jedes Alter geeignet.<br \/>\nDie Teilnahme kostet pro Stunde 7 \u20ac, eine Einheit besteht aus 10 Stunden, die insgesamt abgerechnet werden. Probestunden und Einstieg sind jederzeit m\u00f6glich.<\/p>\n<p><strong>Leiter des Kurses:<\/strong> Dr. Yongxian Li, Tai Chi- und Qi Gong-Lehrer mit langj\u00e4hriger Erfahrung in China und Deutschland.<\/p>\n<p><strong>Wo:<\/strong> Pfarrzentrum St. Joseph (Kardinal-Frings-Saal), Wiethasestra\u00dfe 54<\/p>\n<p><strong>Wann:<\/strong> Montags, 16:30 bis 17:30 Uhr(1. Kurs) und 17:45 &#8211; 18:45 Uhr (2. Kurs)<\/p>\n<p>Um Anmeldung wird gebeten bei Ilse Thal, Telefon: 49 71 606.<\/p>\n<p><iframe loading=\"lazy\" style=\"border: 1px solid black;\" src=\"https:\/\/www.openstreetmap.org\/export\/embed.html?bbox=6.890069246292115%2C50.933219593018634%2C6.905239820480348%2C50.93788485529608&amp;layer=mapnik&amp;marker=50.935552282659486%2C6.8976545333862305\" width=\"425\" height=\"350\" frameborder=\"0\" marginwidth=\"0\" marginheight=\"0\" scrolling=\"no\"><\/iframe><br \/>\n<small><a href=\"https:\/\/www.openstreetmap.org\/?mlat=50.93555&amp;mlon=6.89765#map=17\/50.93555\/6.89765\" data-wpel-link=\"external\" target=\"_self\" rel=\"nofollow external noopener noreferrer\" title=\"Externer Link: Gr\u00f6\u00dfere Karte anzeigen\" class=\"ext-link wpel-icon-right\">Gr\u00f6\u00dfere Karte anzeigen<span class=\"wpel-icon wpel-image wpel-icon-6\"><\/span><\/a><\/small><\/p>\n","protected":false},"excerpt":{"rendered":"<p>Qi Gong-Kurs &#8220;18 Bewegungen der Harmonie&#8221; Meditations-, Konzentrations- und Bewegungs\u00fcbungen harmonisieren den Energiefluss im K\u00f6rper, vertiefen die Atmung und l\u00f6sen Blockierungen. Die regelm\u00e4\u00dfige \u00dcbung unterst\u00fctzt Heilungsprozesse, insbesondere bei psychosomatischen Erkrankungen, und f\u00fchrt zur Gesunderhaltung. Qi Gong ist f\u00fcr jedes Alter geeignet. Die Teilnahme kostet pro Stunde 7 \u20ac, eine Einheit besteht aus 10 Stunden, die&hellip; <a class=\"continue\" href=\"https:\/\/unser-quartier.de\/braunsfeld\/qi-gong\/\" data-wpel-link=\"internal\"> \u00bb weiterlesen: <span> Qi Gong<\/span><\/a><\/p>\n","protected":false},"author":526,"featured_media":0,"parent":0,"menu_order":23,"comment_status":"closed","ping_status":"closed","template":"","meta":{"generate_page_header":"","footnotes":""},"class_list":["post-2287","page","type-page","status-publish"],"_links":{"self":[{"href":"https:\/\/unser-quartier.de\/braunsfeld\/wp-json\/wp\/v2\/pages\/2287","targetHints":{"allow":["GET"]}}],"collection":[{"href":"https:\/\/unser-quartier.de\/braunsfeld\/wp-json\/wp\/v2\/pages"}],"about":[{"href":"https:\/\/unser-quartier.de\/braunsfeld\/wp-json\/wp\/v2\/types\/page"}],"author":[{"embeddable":true,"href":"https:\/\/unser-quartier.de\/braunsfeld\/wp-json\/wp\/v2\/users\/526"}],"replies":[{"embeddable":true,"href":"https:\/\/unser-quartier.de\/braunsfeld\/wp-json\/wp\/v2\/comments?post=2287"}],"version-history":[{"count":3,"href":"https:\/\/unser-quartier.de\/braunsfeld\/wp-json\/wp\/v2\/pages\/2287\/revisions"}],"predecessor-version":[{"id":19517,"href":"https:\/\/unser-quartier.de\/braunsfeld\/wp-json\/wp\/v2\/pages\/2287\/revisions\/19517"}],"wp:attachment":[{"href":"https:\/\/unser-quartier.de\/braunsfeld\/wp-json\/wp\/v2\/media?parent=2287"}],"curies":[{"name":"wp","href":"https:\/\/api.w.org\/{rel}","templated":true}]}}