{"id":2,"date":"2014-01-22T07:22:37","date_gmt":"2014-01-22T07:22:37","guid":{"rendered":"http:\/\/unser-quartier.de\/computertreff-greven\/?page_id=2"},"modified":"2015-04-30T11:43:58","modified_gmt":"2015-04-30T09:43:58","slug":"home","status":"publish","type":"page","link":"https:\/\/unser-quartier.de\/computertreff-greven\/","title":{"rendered":"Home"},"content":{"rendered":"<p><strong><a href=\"https:\/\/unser-quartier.de\/computertreff-greven\/files\/2015\/04\/senior-tux-grau.png\"><img loading=\"lazy\" decoding=\"async\" class=\"  wp-image-138 alignleft\" src=\"https:\/\/unser-quartier.de\/computertreff-greven\/files\/2015\/04\/senior-tux-grau.png\" alt=\"senior-tux-grau\" width=\"193\" height=\"268\" srcset=\"https:\/\/unser-quartier.de\/computertreff-greven\/files\/2015\/04\/senior-tux-grau.png 256w, https:\/\/unser-quartier.de\/computertreff-greven\/files\/2015\/04\/senior-tux-grau-150x209.png 150w\" sizes=\"auto, (max-width: 193px) 100vw, 193px\" \/><\/a><\/strong><\/p>\n<p>&nbsp;<\/p>\n<p>\u00a0 <strong>Unterst\u00fctzung f\u00fcr \u00e4ltere Menschen beim\u00a0\u00a0\u00a0<\/strong><\/p>\n<p><strong>\u00a0 Umgang mit den modernen Medien<\/strong><\/p>\n","protected":false},"excerpt":{"rendered":"<p>&nbsp; \u00a0 Unterst\u00fctzung f\u00fcr \u00e4ltere Menschen beim\u00a0\u00a0\u00a0 \u00a0 Umgang mit den modernen Medien<\/p>\n","protected":false},"author":312,"featured_media":0,"parent":0,"menu_order":1,"comment_status":"closed","ping_status":"open","template":"","meta":{"generate_page_header":"","footnotes":""},"class_list":["post-2","page","type-page","status-publish"],"_links":{"self":[{"href":"https:\/\/unser-quartier.de\/computertreff-greven\/wp-json\/wp\/v2\/pages\/2","targetHints":{"allow":["GET"]}}],"collection":[{"href":"https:\/\/unser-quartier.de\/computertreff-greven\/wp-json\/wp\/v2\/pages"}],"about":[{"href":"https:\/\/unser-quartier.de\/computertreff-greven\/wp-json\/wp\/v2\/types\/page"}],"author":[{"embeddable":true,"href":"https:\/\/unser-quartier.de\/computertreff-greven\/wp-json\/wp\/v2\/users\/312"}],"replies":[{"embeddable":true,"href":"https:\/\/unser-quartier.de\/computertreff-greven\/wp-json\/wp\/v2\/comments?post=2"}],"version-history":[{"count":0,"href":"https:\/\/unser-quartier.de\/computertreff-greven\/wp-json\/wp\/v2\/pages\/2\/revisions"}],"wp:attachment":[{"href":"https:\/\/unser-quartier.de\/computertreff-greven\/wp-json\/wp\/v2\/media?parent=2"}],"curies":[{"name":"wp","href":"https:\/\/api.w.org\/{rel}","templated":true}]}}