{"id":172,"date":"2015-05-11T21:54:07","date_gmt":"2015-05-11T19:54:07","guid":{"rendered":"http:\/\/unser-quartier.de\/dorfwerkstatt-sandebeck\/?page_id=172"},"modified":"2015-06-22T20:52:55","modified_gmt":"2015-06-22T18:52:55","slug":"steuerungsgruppe-dorfwerkstatt","status":"publish","type":"page","link":"https:\/\/unser-quartier.de\/dorfwerkstatt-sandebeck\/die-aktiven-dorfwerkstatt\/steuerungsgruppe-dorfwerkstatt\/","title":{"rendered":"Steuerungsgruppe der Dorfwerkstatt"},"content":{"rendered":"<h2><\/h2>\n<p>An dieser Stelle informieren wir Sie \u00fcber den Stand unserer aktuell laufenden und bereits umgesetzten Projekte aus der Steuerungsgruppe. Haben Sie noch Ideen, m\u00f6chten uns mit Rat und Tat oder (Material-) Spenden unterst\u00fctzen?<\/p>\n<p>Dann nehmen Sie Kontakt zu uns auf &#8211; das Team der Dorfwerkstatt Sandebeck freut sich!<\/p>\n<h2>Aktuelles aus der Steuerungsgruppe<\/h2>\n<h3>Umbau des Vincenzhaus<\/h3>\n<p>Immer wieder wird uns bewusst, dass viele Projekte aus Raummangel gar nicht oder nur nach intensiven R\u00fccksprachen zur Nutzung von R\u00e4umen der Sandebecker Vereine stattfinden.<\/p>\n<p><strong>Aber Miteinander braucht nicht nur Raum sondern vor allem EINEN Raum!<\/strong><\/p>\n<p>Gemeinsam mit dem Betreiberverein des Vincenzhaus haben wir ein Raumnutzungskonzept erstellt und einen Projektantrag zum Umbau des Vincenzhaus beantragt.<\/p>\n<p>\u00dcber den Verlauf des Umbauvorhabens halten wir Sie an dieser Stelle auf dem Laufenden.<\/p>\n<p>M\u00c4RZ 2015 &#8211; Die Stadt Steinheim bewilligt im kommenden Haushalt die geplanten Umbaukosten von 123.000 Euro. Wir freuen uns riesig! Nach dem anstehenden K\u00f6nigsschie\u00dfen soll der Umbau beginnen&#8230;.<\/p>\n<h3>Online-Plattform der Dorfwerkstatt<\/h3>\n<p>Im Zeitalter der Neuen Medien wollen auch wir als Dorfwerkstatt die M\u00f6glichkeiten der Vernetzung und des schnellen Austauschs nutzen. Dazu besuchen zwei Mitglieder der Steuerungsgruppe den Workshop <strong>&#8222;Engagement \u00e4lterer Menschen in der digitalen Gesellschaft. Internet-gest\u00fctzte Workshops zum Aufbau von Online-Projekten&#8220;<\/strong> des Forum Seniorenarbeit NRW.<\/p>\n<p>APRIL 2015 &#8211; Der Kurs hat begonnen und neben guten M\u00f6glichkeiten neuer Vernetzung w\u00e4chst die Internetpr\u00e4senz der Dorfwerkstatt Sandebeck und der Aufbau einer Onlineplattform f\u00fcr die Aktiven. Um mobilit\u00e4tseingeschr\u00e4nkten Personen die Unterst\u00fctzung der &#8222;Guten Geister&#8220; zu vereinfachen, sind wir derzeit noch auf der Suche nach Sponsoren f\u00fcr mobile Endger\u00e4te (Tablets).<\/p>\n","protected":false},"excerpt":{"rendered":"<p>An dieser Stelle informieren wir Sie \u00fcber den Stand unserer aktuell laufenden und bereits umgesetzten Projekte aus der Steuerungsgruppe. Haben Sie noch Ideen, m\u00f6chten uns mit Rat und Tat oder (Material-) Spenden unterst\u00fctzen? Dann nehmen Sie Kontakt zu uns auf &#8211; das Team der Dorfwerkstatt Sandebeck freut sich! Aktuelles aus der Steuerungsgruppe Umbau des Vincenzhaus&hellip; <a class=\"continue\" href=\"https:\/\/unser-quartier.de\/dorfwerkstatt-sandebeck\/die-aktiven-dorfwerkstatt\/steuerungsgruppe-dorfwerkstatt\/\">Continue Reading<span> Steuerungsgruppe der Dorfwerkstatt<\/span><\/a><\/p>\n","protected":false},"author":289,"featured_media":0,"parent":175,"menu_order":1,"comment_status":"closed","ping_status":"closed","template":"","meta":{"_bbp_topic_count":0,"_bbp_reply_count":0,"_bbp_total_topic_count":0,"_bbp_total_reply_count":0,"_bbp_voice_count":0,"_bbp_anonymous_reply_count":0,"_bbp_topic_count_hidden":0,"_bbp_reply_count_hidden":0,"_bbp_forum_subforum_count":0,"_monsterinsights_skip_tracking":false,"_monsterinsights_sitenote_active":false,"_monsterinsights_sitenote_note":"","_monsterinsights_sitenote_category":0,"generate_page_header":"","footnotes":""},"class_list":["post-172","page","type-page","status-publish"],"_links":{"self":[{"href":"https:\/\/unser-quartier.de\/dorfwerkstatt-sandebeck\/wp-json\/wp\/v2\/pages\/172","targetHints":{"allow":["GET"]}}],"collection":[{"href":"https:\/\/unser-quartier.de\/dorfwerkstatt-sandebeck\/wp-json\/wp\/v2\/pages"}],"about":[{"href":"https:\/\/unser-quartier.de\/dorfwerkstatt-sandebeck\/wp-json\/wp\/v2\/types\/page"}],"author":[{"embeddable":true,"href":"https:\/\/unser-quartier.de\/dorfwerkstatt-sandebeck\/wp-json\/wp\/v2\/users\/289"}],"replies":[{"embeddable":true,"href":"https:\/\/unser-quartier.de\/dorfwerkstatt-sandebeck\/wp-json\/wp\/v2\/comments?post=172"}],"version-history":[{"count":0,"href":"https:\/\/unser-quartier.de\/dorfwerkstatt-sandebeck\/wp-json\/wp\/v2\/pages\/172\/revisions"}],"up":[{"embeddable":true,"href":"https:\/\/unser-quartier.de\/dorfwerkstatt-sandebeck\/wp-json\/wp\/v2\/pages\/175"}],"wp:attachment":[{"href":"https:\/\/unser-quartier.de\/dorfwerkstatt-sandebeck\/wp-json\/wp\/v2\/media?parent=172"}],"curies":[{"name":"wp","href":"https:\/\/api.w.org\/{rel}","templated":true}]}}

<h2></h2>
<p>An dieser Stelle informieren wir Sie über den Stand unserer aktuell laufenden und bereits umgesetzten Projekte aus der Steuerungsgruppe. Haben Sie noch Ideen, möchten uns mit Rat und Tat oder (Material-) Spenden unterstützen?</p>
<p>Dann nehmen Sie Kontakt zu uns auf &#8211; das Team der Dorfwerkstatt Sandebeck freut sich!</p>
<h2>Aktuelles aus der Steuerungsgruppe</h2>
<h3>Umbau des Vincenzhaus</h3>
<p>Immer wieder wird uns bewusst, dass viele Projekte aus Raummangel gar nicht oder nur nach intensiven Rücksprachen zur Nutzung von Räumen der Sandebecker Vereine stattfinden.</p>
<p><strong>Aber Miteinander braucht nicht nur Raum sondern vor allem EINEN Raum!</strong></p>
<p>Gemeinsam mit dem Betreiberverein des Vincenzhaus haben wir ein Raumnutzungskonzept erstellt und einen Projektantrag zum Umbau des Vincenzhaus beantragt.</p>
<p>Über den Verlauf des Umbauvorhabens halten wir Sie an dieser Stelle auf dem Laufenden.</p>
<p>MÄRZ 2015 &#8211; Die Stadt Steinheim bewilligt im kommenden Haushalt die geplanten Umbaukosten von 123.000 Euro. Wir freuen uns riesig! Nach dem anstehenden Königsschießen soll der Umbau beginnen&#8230;.</p>
<h3>Online-Plattform der Dorfwerkstatt</h3>
<p>Im Zeitalter der Neuen Medien wollen auch wir als Dorfwerkstatt die Möglichkeiten der Vernetzung und des schnellen Austauschs nutzen. Dazu besuchen zwei Mitglieder der Steuerungsgruppe den Workshop <strong>&#8222;Engagement älterer Menschen in der digitalen Gesellschaft. Internet-gestützte Workshops zum Aufbau von Online-Projekten&#8220;</strong> des Forum Seniorenarbeit NRW.</p>
<p>APRIL 2015 &#8211; Der Kurs hat begonnen und neben guten Möglichkeiten neuer Vernetzung wächst die Internetpräsenz der Dorfwerkstatt Sandebeck und der Aufbau einer Onlineplattform für die Aktiven. Um mobilitätseingeschränkten Personen die Unterstützung der &#8222;Guten Geister&#8220; zu vereinfachen, sind wir derzeit noch auf der Suche nach Sponsoren für mobile Endgeräte (Tablets).</p>

<p>An dieser Stelle informieren wir Sie über den Stand unserer aktuell laufenden und bereits umgesetzten Projekte aus der Steuerungsgruppe. Haben Sie noch Ideen, möchten uns mit Rat und Tat oder (Material-) Spenden unterstützen? Dann nehmen Sie Kontakt zu uns auf &#8211; das Team der Dorfwerkstatt Sandebeck freut sich! Aktuelles aus der Steuerungsgruppe Umbau des Vincenzhaus&hellip; <a class="continue" href="https://unser-quartier.de/dorfwerkstatt-sandebeck/die-aktiven-dorfwerkstatt/steuerungsgruppe-dorfwerkstatt/">Continue Reading<span> Steuerungsgruppe der Dorfwerkstatt</span></a></p>
