{"id":2,"date":"2014-01-22T07:22:37","date_gmt":"2014-01-22T07:22:37","guid":{"rendered":"http:\/\/unser-quartier.de\/dorfwerkstatt-sandebeck\/?page_id=2"},"modified":"2018-10-30T19:30:09","modified_gmt":"2018-10-30T18:30:09","slug":"home","status":"publish","type":"page","link":"https:\/\/unser-quartier.de\/dorfwerkstatt-sandebeck\/","title":{"rendered":"Startseite"},"content":{"rendered":"<div id=\"pl-2\"  class=\"panel-layout\"><div id=\"pg-2-0\"  class=\"panel-grid panel-no-style\"><div id=\"pgc-2-0-0\"  class=\"panel-grid-cell\"><div id=\"panel-2-0-0-0\" class=\"so-panel widget widget_black-studio-tinymce widget_black_studio_tinymce panel-first-child\" data-index=\"0\"><div class=\"textwidget\"><pre><\/pre>\n<h2 class=\"widget-title\"><span style=\"color: #333333;\"><strong>Herzlich Willkommen in der Dorfwerkstatt Sandebeck<\/strong><\/span><\/h2>\n<p>Nein - bei uns k\u00f6nnen Sie nichts reparieren lassen! Aber trotzdem wird hier kr\u00e4ftig gearbeitet.\u00a0Gearbeitet an der Zukunft unseres sch\u00f6nen Dorfes Sandebeck, am Fu\u00dfe des Eggegebirges.\u00a0Getreu unserem Motto<\/p>\n<h2 style=\"text-align: center;\"><span style=\"color: #ffffff; background-color: #00000;\"><strong><span style=\"color: #000000;\">\" Einer alleine kann kein Dach tragen\"<\/span><br \/>\n<\/strong><\/span><\/h2>\n<p>wollen wir Sie auf diesen Seiten \u00fcber die Arbeit der Dorfwerkstatt informieren und Sie dazu einladen sich aktiv zu beteiligen. Entweder dauerhaft oder projektbezogen, in einer unserer <strong>Aktionsgruppen (AG)<\/strong> oder als ehrenamtlicher Helfer bei den \"Guten Geister\".<\/p>\n<p>Vielleicht ben\u00f6tigen Sie aber auch unsere Unterst\u00fctzung bei der Bew\u00e4ltigung Ihres Alltags - dann helfen Ihnen die \u00a0\"Guten Geistern\" gerne weiter.<\/p>\n<\/div><\/div><div id=\"panel-2-0-0-1\" class=\"so-panel widget widget_sow-image\" data-index=\"1\"><div\n\t\t\t\n\t\t\tclass=\"so-widget-sow-image so-widget-sow-image-default-8b5b6f678277-2\">\n\n<div class=\"sow-image-container\">\n\t\t<img loading=\"lazy\" decoding=\"async\" src=\"https:\/\/unser-quartier.de\/dorfwerkstatt-sandebeck\/files\/2018\/07\/Vulkan-Kubst.jpg\" width=\"477\" height=\"751\" srcset=\"https:\/\/unser-quartier.de\/dorfwerkstatt-sandebeck\/files\/2018\/07\/Vulkan-Kubst.jpg 477w, https:\/\/unser-quartier.de\/dorfwerkstatt-sandebeck\/files\/2018\/07\/Vulkan-Kubst-175x276.jpg 175w, https:\/\/unser-quartier.de\/dorfwerkstatt-sandebeck\/files\/2018\/07\/Vulkan-Kubst-300x472.jpg 300w\" sizes=\"auto, (max-width: 477px) 100vw, 477px\" alt=\"Kunst am Vulkan\" \t\tclass=\"so-widget-image\"\/>\n\t<\/div>\n\n<\/div><\/div><div id=\"panel-2-0-0-2\" class=\"so-panel widget widget_sow-editor\" data-index=\"2\"><div\n\t\t\t\n\t\t\tclass=\"so-widget-sow-editor so-widget-sow-editor-base\"><h3 class=\"widget-title\">Austellung Kunst am Vulkan<\/h3>\n<div class=\"siteorigin-widget-tinymce textwidget\">\n\t<p>Die gut besuchte Vernissage des Kunstprojekts am Vulkan war - wie die vom K\u00fcnstlerpaar <a href=\"https:\/\/christianelimper.wordpress.com\/\">Christiane Limper<\/a> und Bernward D\u00f6rmer begleitete Aktion - ein voller Erfolg.<\/p>\n<p>Bei einem erfrischenden Gl\u00e4schen Sekt und anregenden Gespr\u00e4chen mit den anwesenden K\u00fcnstlern konnten die Besucher im Vincenzhaus die unterschiedlichen Exponate und Fotografien bewundern.<\/p>\n<p>H\u00f6hepunkt der Ausstellung war eine Videopr\u00e4sentation rund um die k\u00fcnstlerische Aufarbeitung des n\u00f6rdlichsten Vulkans Deutschlands.<\/p>\n<p>Lust auf Impressionen? Lassen Sie sich <a href=\"https:\/\/www.flickr.com\/x\/t\/0091009\/photos\/fjb2000\/sets\/72157671419590908\/\">HIER<\/a> \u00fcberraschen......<\/p>\n<\/div>\n<\/div><\/div>\n\t\t<div id=\"panel-2-0-0-3\" class=\"so-panel widget widget_recent-posts widget_recent_entries panel-last-child\" data-index=\"3\"><div class=\"panel-widget-style panel-widget-style-for-2-0-0-3\">\n\t\t<h3 class=\"widget-title\">Neues aus der Dorfwerkstatt<\/h3>\n\t\t<ul>\n\t\t\t\t\t\t\t\t\t\t\t<li>\n\t\t\t\t\t<a href=\"https:\/\/unser-quartier.de\/dorfwerkstatt-sandebeck\/2019\/03\/testbeitrag\/\">Testbeitrag<\/a>\n\t\t\t\t\t\t\t\t\t<\/li>\n\t\t\t\t\t\t\t\t\t\t\t<li>\n\t\t\t\t\t<a href=\"https:\/\/unser-quartier.de\/dorfwerkstatt-sandebeck\/2018\/07\/neuer-medienraum-fuer-sandebeck\/\">Neuer Medienraum f\u00fcr Sandebeck<\/a>\n\t\t\t\t\t\t\t\t\t<\/li>\n\t\t\t\t\t\t\t\t\t\t\t<li>\n\t\t\t\t\t<a href=\"https:\/\/unser-quartier.de\/dorfwerkstatt-sandebeck\/2018\/07\/kunst-am-vulkan\/\">Kunst am Vulkan<\/a>\n\t\t\t\t\t\t\t\t\t<\/li>\n\t\t\t\t\t\t\t\t\t\t\t<li>\n\t\t\t\t\t<a href=\"https:\/\/unser-quartier.de\/dorfwerkstatt-sandebeck\/2017\/10\/seniorenmemory\/\">Seniorenmemory<\/a>\n\t\t\t\t\t\t\t\t\t<\/li>\n\t\t\t\t\t\t\t\t\t\t\t<li>\n\t\t\t\t\t<a href=\"https:\/\/unser-quartier.de\/dorfwerkstatt-sandebeck\/2017\/04\/weihnachtsmarkt-in-sandebeck\/\">Weihnachtsmarkt in Sandebeck<\/a>\n\t\t\t\t\t\t\t\t\t<\/li>\n\t\t\t\t\t<\/ul>\n\n\t\t<\/div><\/div><\/div><\/div><div id=\"pg-2-1\"  class=\"panel-grid panel-no-style\"><div id=\"pgc-2-1-0\"  class=\"panel-grid-cell\"><div id=\"panel-2-1-0-0\" class=\"so-panel widget widget_sow-editor panel-first-child panel-last-child\" data-index=\"4\"><div\n\t\t\t\n\t\t\tclass=\"so-widget-sow-editor so-widget-sow-editor-base\">\n<div class=\"siteorigin-widget-tinymce textwidget\">\n\t<h1>S m a r t C o u n t r y S i d e:<\/h1>\n<h3><span style=\"color: #ff0000\">Digitalisierung im l\u00e4ndlichen Raum<\/span><\/h3>\n<h4>Wichtiger Aufruf zur Teilnahme an Informationsveranstaltung &amp; gern auch zum Mitmachen!<\/h4>\n<h4>Liebe Sandebecker\/innen, liebe Vorst\u00e4nde und Mitglieder der Vereine,<\/h4>\n<p><strong>Sandebeck<\/strong> ist von unserem B\u00fcrgermeister Herrn Torke vorgeschlagen worden, sich im Rahmen des Projektes Smart County Side, um die ausgeschriebene Projektsumme <strong>(insges. 800.000 Euro)<\/strong> zu bewerben. Damit sind wir einer von nur 15 Orten in OWL, die am Wettbewerb teilnehmen k\u00f6nnen.<\/p>\n<p>Wir haben uns aus diesem Anlass in einer kleinen Gruppe mit dem Thema <strong>\u201eDigitalisierung im l\u00e4ndlichen Raum\u201c<\/strong> befasst und dabei erste Ideen erarbeitet, mit denen wir uns f\u00fcr Sandebeck gern um einen Teil der F\u00f6rdersumme bewerben m\u00f6chten. Doch daf\u00fcr braucht es Eure Mithilfe. Denn uns ist es wichtig etwas zu entwickeln, das auch tats\u00e4chlich zu Sandebeck passt.<\/p>\n<p>Die umfangreiche Vorbereitung der Bewerbungsunterlagen ist bereits so gut wie abgeschlossen J. Wir m\u00f6chten keine Aufgaben verteilen, sondern Meinungen zu unserer Idee einholen <strong>und gern auch weitere Ideen mit aufnehmen.<\/strong><\/p>\n<p>Und wer wei\u00df, vielleicht schlie\u00dfen sich ja auch weitere Personen der Projektgruppe an. Wir w\u00fcrden uns sehr dar\u00fcber freuen!<\/p>\n<p><strong>Wichtig: Die Abgabefrist<\/strong> f\u00fcr die Bewerbungsunterlagen samt Ideen endet bereits am <strong>30.06.2017!<\/strong><\/p>\n<h3><strong>Wir freuen uns darauf, Euch am Mittwoch<\/strong>,<\/h3>\n<h3>den 7. Juni um 19:00 Uhr,<br \/> im Vincenzhaus zu treffen.<\/h3>\n<p>Im Namen der Dorfwerkstatt<\/p>\n<p>Petra Elsner Ulla R\u00f6mer-Stratmann<\/p>\n<p>\u00a0<\/p>\n<h1><\/h1><\/div><\/div><\/div><\/div><\/div><\/div><p><a class=\"continue\" href=\"https:\/\/unser-quartier.de\/dorfwerkstatt-sandebeck\/\">Continue Reading<span> Startseite<\/span><\/a><\/p>","protected":false},"excerpt":{"rendered":"<p>Herzlich Willkommen in der Dorfwerkstatt Sandebeck Nein &#8211; bei uns k\u00f6nnen Sie nichts reparieren lassen! Aber trotzdem wird hier kr\u00e4ftig gearbeitet.\u00a0Gearbeitet an der Zukunft unseres sch\u00f6nen Dorfes Sandebeck, am Fu\u00dfe des Eggegebirges.\u00a0Getreu unserem Motto &#8220; Einer alleine kann kein Dach tragen&#8220; wollen wir Sie auf diesen Seiten \u00fcber die Arbeit der Dorfwerkstatt informieren und Sie&hellip; <a class=\"continue\" href=\"https:\/\/unser-quartier.de\/dorfwerkstatt-sandebeck\/\">Continue Reading<span> Startseite<\/span><\/a><\/p>\n","protected":false},"author":291,"featured_media":0,"parent":0,"menu_order":9,"comment_status":"closed","ping_status":"open","template":"","meta":{"_bbp_topic_count":0,"_bbp_reply_count":0,"_bbp_total_topic_count":0,"_bbp_total_reply_count":0,"_bbp_voice_count":0,"_bbp_anonymous_reply_count":0,"_bbp_topic_count_hidden":0,"_bbp_reply_count_hidden":0,"_bbp_forum_subforum_count":0,"_monsterinsights_skip_tracking":false,"_monsterinsights_sitenote_active":false,"_monsterinsights_sitenote_note":"","_monsterinsights_sitenote_category":0,"generate_page_header":"","footnotes":""},"class_list":["post-2","page","type-page","status-publish"],"_links":{"self":[{"href":"https:\/\/unser-quartier.de\/dorfwerkstatt-sandebeck\/wp-json\/wp\/v2\/pages\/2","targetHints":{"allow":["GET"]}}],"collection":[{"href":"https:\/\/unser-quartier.de\/dorfwerkstatt-sandebeck\/wp-json\/wp\/v2\/pages"}],"about":[{"href":"https:\/\/unser-quartier.de\/dorfwerkstatt-sandebeck\/wp-json\/wp\/v2\/types\/page"}],"author":[{"embeddable":true,"href":"https:\/\/unser-quartier.de\/dorfwerkstatt-sandebeck\/wp-json\/wp\/v2\/users\/291"}],"replies":[{"embeddable":true,"href":"https:\/\/unser-quartier.de\/dorfwerkstatt-sandebeck\/wp-json\/wp\/v2\/comments?post=2"}],"version-history":[{"count":0,"href":"https:\/\/unser-quartier.de\/dorfwerkstatt-sandebeck\/wp-json\/wp\/v2\/pages\/2\/revisions"}],"wp:attachment":[{"href":"https:\/\/unser-quartier.de\/dorfwerkstatt-sandebeck\/wp-json\/wp\/v2\/media?parent=2"}],"curies":[{"name":"wp","href":"https:\/\/api.w.org\/{rel}","templated":true}]}}