{"id":1582,"date":"2018-12-02T18:04:15","date_gmt":"2018-12-02T17:04:15","guid":{"rendered":"https:\/\/unser-quartier.de\/efi-team-bergheim\/?page_id=1582"},"modified":"2018-12-02T18:51:59","modified_gmt":"2018-12-02T17:51:59","slug":"homepage-quadrath-ichendorf","status":"publish","type":"page","link":"https:\/\/unser-quartier.de\/efi-team-bergheim\/impressum\/homepage-quadrath-ichendorf\/","title":{"rendered":"Homepage Quadrath-Ichendorf"},"content":{"rendered":"<p><strong>Projekt Homepage f\u00fcr Quadrath-Ichendorf<\/strong><\/p>\n<p><strong>(unter Mitwirkung von seniorTrainer Dieter Sauer)<\/strong><\/p>\n<p>Im M\u00e4rz 2012 wurde eine eigene Homepage f\u00fcr den gr\u00f6\u00dften Bergheimer Stadtteil freigeschaltet. Sie bietet Informationen von B\u00fcrgern f\u00fcr B\u00fcrger rund um Quadrath-Ichendorf. Die Homepage wird ehrenamtlich von einem kleinen \u00f6rtlichen Redaktionsteam gestaltet, das sich dazu regelm\u00e4\u00dfig im StadtteilLaden auf der K\u00f6ln-Aachener Stra\u00dfe trifft.<\/p>\n<p>Die Inhalte der Homepage betreffen insbesondere:<\/p>\n<ul>\n<li>die Historie des Ortes (in Kooperation mit dem \u00f6rtlichen Heimatverein)<\/li>\n<li>das aktuelle Projekt \u201eB\u00fcrger machen Stadt\u201c<\/li>\n<li>den \u00f6rtlichen StadtteilLaden und seine Aktivit\u00e4ten<\/li>\n<li>Kurzportraits von ca. 100 \u00f6rtlichen Vereine und Organisationen<\/li>\n<\/ul>\n<p>\u00b7\u00a0\u00a0\u00a0\u00a0\u00a0\u00a0\u00a0\u00a0 Lagepl\u00e4ne f\u00fcr Sportst\u00e4tten, Freizeitanlagen, Kitas, Schulen, kirchliche Einrichtungen u.\u00e4.<br \/>\nsowie<\/p>\n<ul>\n<li>einen umfassenden Veranstaltungskalender f\u00fcr den Ortsteil Quadrath-Ichendorf.<\/li>\n<\/ul>\n<p>Ausf\u00fchrliche Informationen unter: <a href=\"http:\/\/www.mein-quadrath-ichendorf.de\/\" data-wpel-link=\"external\" target=\"_self\" rel=\"nofollow external noopener noreferrer\" title=\"Externer Link: \" class=\"ext-link wpel-icon-right\">www.mein-quadrath-ichendorf.de<span class=\"wpel-icon wpel-image wpel-icon-6\"><\/span><\/a><\/p>\n<p>Kontakt: Dieter Sauer, Tel. 02271 \/ 93489, <a href=\"mailto:dieter.sauer@pd-datentechnik.de\">dieter.sauer@pd-datentechnik.de<\/a><\/p>\n","protected":false},"excerpt":{"rendered":"<p>Projekt Homepage f\u00fcr Quadrath-Ichendorf (unter Mitwirkung von seniorTrainer Dieter Sauer) Im M\u00e4rz 2012 wurde eine eigene Homepage f\u00fcr den gr\u00f6\u00dften Bergheimer Stadtteil freigeschaltet. Sie bietet Informationen von B\u00fcrgern f\u00fcr B\u00fcrger rund um Quadrath-Ichendorf. Die Homepage wird ehrenamtlich von einem kleinen \u00f6rtlichen Redaktionsteam gestaltet, das sich dazu regelm\u00e4\u00dfig im StadtteilLaden auf der K\u00f6ln-Aachener Stra\u00dfe trifft. Die&hellip; <a class=\"continue\" href=\"https:\/\/unser-quartier.de\/efi-team-bergheim\/impressum\/homepage-quadrath-ichendorf\/\" data-wpel-link=\"internal\"> \u00bb weiterlesen: <span> Homepage Quadrath-Ichendorf<\/span><\/a><\/p>\n","protected":false},"author":48,"featured_media":0,"parent":16,"menu_order":5,"comment_status":"closed","ping_status":"closed","template":"","meta":{"generate_page_header":"","footnotes":""},"class_list":{"0":"post-1582","1":"page","2":"type-page","3":"status-publish","5":"infinite-scroll-item"},"_links":{"self":[{"href":"https:\/\/unser-quartier.de\/efi-team-bergheim\/wp-json\/wp\/v2\/pages\/1582","targetHints":{"allow":["GET"]}}],"collection":[{"href":"https:\/\/unser-quartier.de\/efi-team-bergheim\/wp-json\/wp\/v2\/pages"}],"about":[{"href":"https:\/\/unser-quartier.de\/efi-team-bergheim\/wp-json\/wp\/v2\/types\/page"}],"author":[{"embeddable":true,"href":"https:\/\/unser-quartier.de\/efi-team-bergheim\/wp-json\/wp\/v2\/users\/48"}],"replies":[{"embeddable":true,"href":"https:\/\/unser-quartier.de\/efi-team-bergheim\/wp-json\/wp\/v2\/comments?post=1582"}],"version-history":[{"count":0,"href":"https:\/\/unser-quartier.de\/efi-team-bergheim\/wp-json\/wp\/v2\/pages\/1582\/revisions"}],"up":[{"embeddable":true,"href":"https:\/\/unser-quartier.de\/efi-team-bergheim\/wp-json\/wp\/v2\/pages\/16"}],"wp:attachment":[{"href":"https:\/\/unser-quartier.de\/efi-team-bergheim\/wp-json\/wp\/v2\/media?parent=1582"}],"curies":[{"name":"wp","href":"https:\/\/api.w.org\/{rel}","templated":true}]}}

<p><strong>Projekt Homepage für Quadrath-Ichendorf</strong></p>
<p><strong>(unter Mitwirkung von seniorTrainer Dieter Sauer)</strong></p>
<p>Im März 2012 wurde eine eigene Homepage für den größten Bergheimer Stadtteil freigeschaltet. Sie bietet Informationen von Bürgern für Bürger rund um Quadrath-Ichendorf. Die Homepage wird ehrenamtlich von einem kleinen örtlichen Redaktionsteam gestaltet, das sich dazu regelmäßig im StadtteilLaden auf der Köln-Aachener Straße trifft.</p>
<p>Die Inhalte der Homepage betreffen insbesondere:</p>
<ul>
<li>die Historie des Ortes (in Kooperation mit dem örtlichen Heimatverein)</li>
<li>das aktuelle Projekt „Bürger machen Stadt“</li>
<li>den örtlichen StadtteilLaden und seine Aktivitäten</li>
<li>Kurzportraits von ca. 100 örtlichen Vereine und Organisationen</li>
</ul>
<p>·         Lagepläne für Sportstätten, Freizeitanlagen, Kitas, Schulen, kirchliche Einrichtungen u.ä.<br />
sowie</p>
<ul>
<li>einen umfassenden Veranstaltungskalender für den Ortsteil Quadrath-Ichendorf.</li>
</ul>
<p>Ausführliche Informationen unter: <a href="http://www.mein-quadrath-ichendorf.de/" data-wpel-link="external" target="_self" rel="nofollow external noopener noreferrer" title="Externer Link: " class="ext-link wpel-icon-right">www.mein-quadrath-ichendorf.de<span class="wpel-icon wpel-image wpel-icon-6"></span></a></p>
<p>Kontakt: Dieter Sauer, Tel. 02271 / 93489, <a href="mailto:dieter.sauer@pd-datentechnik.de">dieter.sauer@pd-datentechnik.de</a></p>

<p>Projekt Homepage für Quadrath-Ichendorf (unter Mitwirkung von seniorTrainer Dieter Sauer) Im März 2012 wurde eine eigene Homepage für den größten Bergheimer Stadtteil freigeschaltet. Sie bietet Informationen von Bürgern für Bürger rund um Quadrath-Ichendorf. Die Homepage wird ehrenamtlich von einem kleinen örtlichen Redaktionsteam gestaltet, das sich dazu regelmäßig im StadtteilLaden auf der Köln-Aachener Straße trifft. Die&hellip; <a class="continue" href="https://unser-quartier.de/efi-team-bergheim/impressum/homepage-quadrath-ichendorf/" data-wpel-link="internal"> » weiterlesen: <span> Homepage Quadrath-Ichendorf</span></a></p>
