{"id":1684,"date":"2018-12-12T10:17:37","date_gmt":"2018-12-12T09:17:37","guid":{"rendered":"https:\/\/unser-quartier.de\/efi-team-bergheim\/?page_id=1684"},"modified":"2018-12-12T10:34:09","modified_gmt":"2018-12-12T09:34:09","slug":"selbsthilfegruppe-fuer-pflegende-angehoerige-von-menschen-mit-demenz","status":"publish","type":"page","link":"https:\/\/unser-quartier.de\/efi-team-bergheim\/selbsthilfegruppe-fuer-pflegende-angehoerige-von-menschen-mit-demenz\/","title":{"rendered":"Selbsthilfegruppe f\u00fcr pflegende Angeh\u00f6rige von Menschen mit Demenz"},"content":{"rendered":"<div id=\"bw_customstyle_background_effect\">\n<div id=\"wrapper\" class=\"bw_customstyle_content_background_color\">\n<div id=\"page\">\n<div id=\"content\">\n<div class=\"post\">\n<div class=\"entry\">\n<div>\n<p><span style=\"font-family: arial, helvetica, sans-serif; font-size: 14pt;\"><strong>Selbsthilfegruppe f\u00fcr pflegende Angeh\u00f6rige von Menschen mit Demenz<\/strong><\/span><\/p>\n<p><span style=\"font-family: arial, helvetica, sans-serif; font-size: 14pt;\"><strong>Pflegen Sie einen Menschen mit Demenz?<\/strong><\/span><\/p>\n<p><span style=\"font-family: arial, helvetica, sans-serif; font-size: 14pt;\">Wir bieten unsere Hilfe an!<\/span><\/p>\n<ul type=\"circle\">\n<li><span style=\"font-family: arial, helvetica, sans-serif; font-size: 14pt;\"><em>Entlastung pflegender Angeh\u00f6riger zu Hause<\/em><\/span><\/li>\n<li><span style=\"font-family: arial, helvetica, sans-serif; font-size: 14pt;\"><em>Beratung<\/em><\/span><\/li>\n<li><span style=\"font-family: arial, helvetica, sans-serif; font-size: 14pt;\"><em>Begleitung<\/em><\/span><\/li>\n<li><span style=\"font-family: arial, helvetica, sans-serif; font-size: 14pt;\"><em>Hilfe bei Antr\u00e4gen zur Pflegeversicherung<\/em><\/span><\/li>\n<li><span style=\"font-family: arial, helvetica, sans-serif; font-size: 14pt;\"><em>Informationen<\/em><\/span><\/li>\n<li><span style=\"font-family: arial, helvetica, sans-serif; font-size: 14pt;\"><em>Entlastende Dienste<\/em><\/span><\/li>\n<li><span style=\"font-family: arial, helvetica, sans-serif; font-size: 14pt;\"><em>Hilfsm\u00f6glichkeiten<\/em><\/span><\/li>\n<li><span style=\"font-family: arial, helvetica, sans-serif; font-size: 14pt;\"><em>Anlaufstellen<\/em><\/span><\/li>\n<li><span style=\"font-family: arial, helvetica, sans-serif; font-size: 14pt;\"><strong><em>Cafe &#8220;Zeit&#8221;<\/em><\/strong><em> im AWO-Seniorenzentrum Bergheim-Kenten, 2x im Monat (dienstags) von 14:00 &#8211; 17:00, telefonische Terminabfrage<\/em><\/span><\/li>\n<li><span style=\"font-family: arial, helvetica, sans-serif; font-size: 14pt;\"><strong><em>Cafe &#8220;Vogelw\u00e4ldchen&#8221;<\/em><\/strong><em> im AWO Seniorenzentrum Quadrath-Ichendorf,\u00a0jeden 2. Donnerstag im Monat von 14:30 &#8211; 17:30 Uhr<\/em><\/span><\/li>\n<li><span style=\"font-family: arial, helvetica, sans-serif; font-size: 14pt;\"><em>Abholdienst<\/em><\/span><\/li>\n<li><span style=\"font-family: arial, helvetica, sans-serif; font-size: 14pt;\"><em>SPAMD Selbsthilfegruppe f\u00fcr Pflegende Angeh\u00f6rige mit Demenz<\/em><\/span><\/li>\n<\/ul>\n<p><span style=\"font-family: arial, helvetica, sans-serif; font-size: 14pt;\"><strong>Kontakt:<\/strong><\/span><\/p>\n<p><span style=\"font-family: arial, helvetica, sans-serif; font-size: 14pt;\"><strong><u>\u00a0Besuchs- und Begleitdienst:<\/u> <br \/>\nAnni Wilbertz , Tel.: 02271 \/ 424 51\u00a0,<br \/>\n<\/strong><a href=\"mailto:WilbertzBM@t-online.de\"><strong>WilbertzBM@t-online.de<\/strong><\/a><strong>\u00a0 :::\u00a0<\/p>\n<p>Klaus Fleischacker\u00a0, <br \/>\nTel.: 02271 \/ 94995,\u00a0<br \/>\n\u00a0<\/strong><a href=\"mailto:nc-fleisckl6@netcologne.de\"><strong>nc-fleisckl6@netcologne.de<\/strong><\/a><\/span><br \/>\n<span style=\"font-family: arial, helvetica, sans-serif; font-size: 14pt;\">\u00a0<\/span><\/p>\n<p><span style=\"font-family: arial, helvetica, sans-serif; font-size: 14pt;\"><u><strong>Cafe &#8220;Vogelw\u00e4ldchen&#8221;:<\/strong><\/u><strong> <br \/>\nCaroline Schiffer, Tel.: 02271 \/ 4610\u00a0 :::\u00a0 <\/strong><\/span><\/p>\n<p><span style=\"font-family: arial, helvetica, sans-serif; font-size: 14pt;\"><strong>Regina Kahlbohm, Tel.: 02271 \/ 4610<\/strong><\/span><\/p>\n<p>\n<span style=\"font-family: arial, helvetica, sans-serif; font-size: 14pt;\"><u><strong>Cafe &#8220;Zeit&#8221;:<\/strong><\/u><strong> <br \/>\nRenate Brenten, Tel.: 02271 \/ 793-110\u00a0 :::\u00a0<br \/>\nRegina Meys, Tel.: 02271 \/ 793-111<\/strong><\/span><\/p>\n<p>&nbsp;<\/p>\n<\/div>\n<\/div>\n<\/div>\n<\/div>\n<\/div>\n<\/div>\n<\/div>\n","protected":false},"excerpt":{"rendered":"<p>Selbsthilfegruppe f\u00fcr pflegende Angeh\u00f6rige von Menschen mit Demenz Pflegen Sie einen Menschen mit Demenz? Wir bieten unsere Hilfe an! Entlastung pflegender Angeh\u00f6riger zu Hause Beratung Begleitung Hilfe bei Antr\u00e4gen zur Pflegeversicherung Informationen Entlastende Dienste Hilfsm\u00f6glichkeiten Anlaufstellen Cafe &#8220;Zeit&#8221; im AWO-Seniorenzentrum Bergheim-Kenten, 2x im Monat (dienstags) von 14:00 &#8211; 17:00, telefonische Terminabfrage Cafe &#8220;Vogelw\u00e4ldchen&#8221; im AWO&hellip; <a class=\"continue\" href=\"https:\/\/unser-quartier.de\/efi-team-bergheim\/selbsthilfegruppe-fuer-pflegende-angehoerige-von-menschen-mit-demenz\/\" data-wpel-link=\"internal\"> \u00bb weiterlesen: <span> Selbsthilfegruppe f\u00fcr pflegende Angeh\u00f6rige von Menschen mit Demenz<\/span><\/a><\/p>\n","protected":false},"author":48,"featured_media":0,"parent":0,"menu_order":0,"comment_status":"closed","ping_status":"closed","template":"","meta":{"generate_page_header":"","footnotes":""},"class_list":{"0":"post-1684","1":"page","2":"type-page","3":"status-publish","5":"infinite-scroll-item"},"_links":{"self":[{"href":"https:\/\/unser-quartier.de\/efi-team-bergheim\/wp-json\/wp\/v2\/pages\/1684","targetHints":{"allow":["GET"]}}],"collection":[{"href":"https:\/\/unser-quartier.de\/efi-team-bergheim\/wp-json\/wp\/v2\/pages"}],"about":[{"href":"https:\/\/unser-quartier.de\/efi-team-bergheim\/wp-json\/wp\/v2\/types\/page"}],"author":[{"embeddable":true,"href":"https:\/\/unser-quartier.de\/efi-team-bergheim\/wp-json\/wp\/v2\/users\/48"}],"replies":[{"embeddable":true,"href":"https:\/\/unser-quartier.de\/efi-team-bergheim\/wp-json\/wp\/v2\/comments?post=1684"}],"version-history":[{"count":0,"href":"https:\/\/unser-quartier.de\/efi-team-bergheim\/wp-json\/wp\/v2\/pages\/1684\/revisions"}],"wp:attachment":[{"href":"https:\/\/unser-quartier.de\/efi-team-bergheim\/wp-json\/wp\/v2\/media?parent=1684"}],"curies":[{"name":"wp","href":"https:\/\/api.w.org\/{rel}","templated":true}]}}

Selbsthilfegruppe für pflegende Angehörige von Menschen mit Demenz

<div id="bw_customstyle_background_effect">
<div id="wrapper" class="bw_customstyle_content_background_color">
<div id="page">
<div id="content">
<div class="post">
<div class="entry">
<div>
<p><span style="font-family: arial, helvetica, sans-serif; font-size: 14pt;"><strong>Selbsthilfegruppe für pflegende Angehörige von Menschen mit Demenz</strong></span></p>
<p><span style="font-family: arial, helvetica, sans-serif; font-size: 14pt;"><strong>Pflegen Sie einen Menschen mit Demenz?</strong></span></p>
<p><span style="font-family: arial, helvetica, sans-serif; font-size: 14pt;">Wir bieten unsere Hilfe an!</span></p>
<ul type="circle">
<li><span style="font-family: arial, helvetica, sans-serif; font-size: 14pt;"><em>Entlastung pflegender Angehöriger zu Hause</em></span></li>
<li><span style="font-family: arial, helvetica, sans-serif; font-size: 14pt;"><em>Beratung</em></span></li>
<li><span style="font-family: arial, helvetica, sans-serif; font-size: 14pt;"><em>Begleitung</em></span></li>
<li><span style="font-family: arial, helvetica, sans-serif; font-size: 14pt;"><em>Hilfe bei Anträgen zur Pflegeversicherung</em></span></li>
<li><span style="font-family: arial, helvetica, sans-serif; font-size: 14pt;"><em>Informationen</em></span></li>
<li><span style="font-family: arial, helvetica, sans-serif; font-size: 14pt;"><em>Entlastende Dienste</em></span></li>
<li><span style="font-family: arial, helvetica, sans-serif; font-size: 14pt;"><em>Hilfsmöglichkeiten</em></span></li>
<li><span style="font-family: arial, helvetica, sans-serif; font-size: 14pt;"><em>Anlaufstellen</em></span></li>
<li><span style="font-family: arial, helvetica, sans-serif; font-size: 14pt;"><strong><em>Cafe &#8220;Zeit&#8221;</em></strong><em> im AWO-Seniorenzentrum Bergheim-Kenten, 2x im Monat (dienstags) von 14:00 &#8211; 17:00, telefonische Terminabfrage</em></span></li>
<li><span style="font-family: arial, helvetica, sans-serif; font-size: 14pt;"><strong><em>Cafe &#8220;Vogelwäldchen&#8221;</em></strong><em> im AWO Seniorenzentrum Quadrath-Ichendorf, jeden 2. Donnerstag im Monat von 14:30 &#8211; 17:30 Uhr</em></span></li>
<li><span style="font-family: arial, helvetica, sans-serif; font-size: 14pt;"><em>Abholdienst</em></span></li>
<li><span style="font-family: arial, helvetica, sans-serif; font-size: 14pt;"><em>SPAMD Selbsthilfegruppe für Pflegende Angehörige mit Demenz</em></span></li>
</ul>
<p><span style="font-family: arial, helvetica, sans-serif; font-size: 14pt;"><strong>Kontakt:</strong></span></p>
<p><span style="font-family: arial, helvetica, sans-serif; font-size: 14pt;"><strong><u> Besuchs- und Begleitdienst:</u> <br />
Anni Wilbertz , Tel.: 02271 / 424 51 ,<br />
</strong><a href="mailto:WilbertzBM@t-online.de"><strong>WilbertzBM@t-online.de</strong></a><strong>  ::: </p>
<p>Klaus Fleischacker , <br />
Tel.: 02271 / 94995, <br />
 </strong><a href="mailto:nc-fleisckl6@netcologne.de"><strong>nc-fleisckl6@netcologne.de</strong></a></span><br />
<span style="font-family: arial, helvetica, sans-serif; font-size: 14pt;"> </span></p>
<p><span style="font-family: arial, helvetica, sans-serif; font-size: 14pt;"><u><strong>Cafe &#8220;Vogelwäldchen&#8221;:</strong></u><strong> <br />
Caroline Schiffer, Tel.: 02271 / 4610  :::  </strong></span></p>
<p><span style="font-family: arial, helvetica, sans-serif; font-size: 14pt;"><strong>Regina Kahlbohm, Tel.: 02271 / 4610</strong></span></p>
<p>
<span style="font-family: arial, helvetica, sans-serif; font-size: 14pt;"><u><strong>Cafe &#8220;Zeit&#8221;:</strong></u><strong> <br />
Renate Brenten, Tel.: 02271 / 793-110  ::: <br />
Regina Meys, Tel.: 02271 / 793-111</strong></span></p>
<p>&nbsp;</p>
</div>
</div>
</div>
</div>
</div>
</div>
</div>

<p>Selbsthilfegruppe für pflegende Angehörige von Menschen mit Demenz Pflegen Sie einen Menschen mit Demenz? Wir bieten unsere Hilfe an! Entlastung pflegender Angehöriger zu Hause Beratung Begleitung Hilfe bei Anträgen zur Pflegeversicherung Informationen Entlastende Dienste Hilfsmöglichkeiten Anlaufstellen Cafe &#8220;Zeit&#8221; im AWO-Seniorenzentrum Bergheim-Kenten, 2x im Monat (dienstags) von 14:00 &#8211; 17:00, telefonische Terminabfrage Cafe &#8220;Vogelwäldchen&#8221; im AWO&hellip; <a class="continue" href="https://unser-quartier.de/efi-team-bergheim/selbsthilfegruppe-fuer-pflegende-angehoerige-von-menschen-mit-demenz/" data-wpel-link="internal"> » weiterlesen: <span> Selbsthilfegruppe für pflegende Angehörige von Menschen mit Demenz</span></a></p>
