{"id":5152,"date":"2024-02-09T20:55:38","date_gmt":"2024-02-09T19:55:38","guid":{"rendered":"https:\/\/unser-quartier.de\/emsdeich-skulpturen\/?page_id=5152"},"modified":"2025-07-06T20:18:39","modified_gmt":"2025-07-06T18:18:39","slug":"emsview-2","status":"publish","type":"page","link":"https:\/\/unser-quartier.de\/emsdeich-skulpturen\/emsview-2\/","title":{"rendered":"EMSview"},"content":{"rendered":"<ol>\n<li><span style=\"font-family: arial, helvetica, sans-serif;\"><span style=\"font-family: arial, helvetica, sans-serif;\"><strong><em>Name, Vita, Link zur Homepage<\/em><\/strong><\/span><\/span>\n<div class=\"wp-block-image\"><img loading=\"lazy\" decoding=\"async\" class=\"wpa-warning wpa-image-missing-alt wp-image-5600 alignright\" src=\"https:\/\/unser-quartier.de\/emsdeich-skulpturen\/files\/2025\/05\/Sandra-300x388.gif\" alt=\"\" width=\"129\" height=\"167\" data-warning=\"Missing alt text\" srcset=\"https:\/\/unser-quartier.de\/emsdeich-skulpturen\/files\/2025\/05\/Sandra-300x388.gif 300w, https:\/\/unser-quartier.de\/emsdeich-skulpturen\/files\/2025\/05\/Sandra-150x194.gif 150w\" sizes=\"auto, (max-width: 129px) 100vw, 129px\" \/><\/div>\n<\/li>\n<\/ol>\n<ul>\n<li style=\"list-style-type: none;\">\n<ul style=\"list-style-type: disc;\">\n<li><span style=\"font-family: arial, helvetica, sans-serif;\"><span style=\"font-family: arial, helvetica, sans-serif;\">Sandra Silbernagel, M\u00fcnster<\/span><\/span>\n<div class=\"wp-block-image\"><\/div>\n<p><span style=\"font-family: arial, helvetica, sans-serif;\">1973 geboren in Fulda, lebt in M\u00fcnster\/Westfalen, arbeitet in Steinbr\u00fcchen: Frankreich, Italien und Deutschland<\/span><br \/>\n<span style=\"font-family: arial, helvetica, sans-serif;\">1998 Akademie der Bildenden K\u00fcnste, Alanus Hochschule Bonn<\/span><br \/>\n<span style=\"font-family: arial, helvetica, sans-serif;\">2007-8 Assistentin von Ulrich R\u00fcckriem<\/span><br \/>\n<span style=\"font-family: arial, helvetica, sans-serif;\">2000 K\u00f6lner K\u00fcnstlergruppe &#8216;SOS&#8217;<\/span><br \/>\n<span style=\"font-family: arial, helvetica, sans-serif;\">2017 Gr\u00fcnderin von &#8216;Dein Brunnen f\u00fcr M\u00fcnster e.V.&#8217; R\u00fcckkehr &#8216;Sketch for a fountain&#8217;, Nicole Eisenman NY, SKP<\/span><\/li>\n<li><span style=\"font-family: arial, helvetica, sans-serif;\"><a href=\"https:\/\/www.sandrasilbernagel.de\">https:\/\/www.sandrasilbernagel.de<\/a><\/span><\/li>\n<\/ul>\n<\/li>\n<\/ul>\n<ol start=\"2\">\n<li><span style=\"font-family: arial, helvetica, sans-serif;\"><strong><em>Allgemeines\/Schwerpunkte des individuellen k\u00fcnstlerischen Schaffens<\/em><\/strong><\/span>\n<ul style=\"list-style-type: disc;\">\n<li><span style=\"font-family: arial, helvetica, sans-serif;\"><a href=\"https:\/\/www.sandrasilbernagel.de\/projekte\/\">Projekte<\/a><\/span><\/li>\n<li><span style=\"font-family: arial, helvetica, sans-serif;\"><a href=\"https:\/\/www.sandrasilbernagel.de\/text\/\">Von Diorit und anderen Findlingen<\/a><\/span><\/li>\n<\/ul>\n<\/li>\n<li><span style=\"font-family: arial, helvetica, sans-serif;\"><strong><em>Aussagen zum Kunstwerk<\/em><\/strong> <em><strong>(Schildtext)<\/strong><\/em><\/span>\n<ul style=\"list-style-type: disc;\">\n<li><span style=\"font-family: arial, helvetica, sans-serif;\"><strong>EMSview<br \/>\n<\/strong><\/span><span style=\"font-family: arial, helvetica, sans-serif;\">\u201eSchau tief in die Natur, und dann wirst du alles besser verstehen.\u201c<br \/>\n<\/span><span style=\"font-family: arial, helvetica, sans-serif;\">Albert Einstein<br \/>\n<\/span><span style=\"font-family: arial, helvetica, sans-serif;\">Die steinerne Skulptur gibt sowohl den Blick frei ins Innere des Gesteins: Millionen von Jahren abgespeicherte Geschichte wird f\u00fchl- und erlebbar, als auch auf die renaturierte Emslandschaft. Die Skulptur schafft eine ausdrucksstarke Verbindung zwischen Natur und Kunst.<\/span><\/li>\n<li><span style=\"font-family: arial, helvetica, sans-serif;\"><strong><em>Erg\u00e4nzungen zum bisherigen Schildtext<br \/>\n<\/em><\/strong><\/span><span style=\"font-family: arial, helvetica, sans-serif;\">Der imposante Monolith aus F\u00fcrstensteiner Diorit stand viele Jahre ganz in der N\u00e4he ihres Ateliers in den Rieselfeldern. Ehrfurchtsvoll streichelten viele der Besucherinnen und Besucher \u00fcber den gigantischen Kiesel. Kinder liebten es, in das Bohrloch zu schl\u00fcpfen und an der anderen Seite herauszublicken. Kein Wunder, dass diese Attraktion Begehrlichkeiten weckte. Denn das Kunstwerk d\u00fcrfte an der Ems ein echter Hingucker werden und die Sehensw\u00fcrdigkeit der Skulpturenmeile noch einmal steigern. <\/span><br \/>\n<span style=\"font-family: arial, helvetica, sans-serif;\"><span style=\"font-family: arial, helvetica, sans-serif;\">Der Stein zieht Besucherinnen und Besucher vor allem wegen seines Durchblicks an. Denn durch das Bohrloch kann man hindurchschauen und erlebt die Ems aus einer neuen Perspektive.<\/span><\/span><\/li>\n<\/ul>\n<\/li>\n<li><span style=\"font-family: arial, helvetica, sans-serif;\"><span style=\"font-family: arial, helvetica, sans-serif;\"><strong><em>Technisches zum Werk: z.B. H\u00f6he, Material, Gewicht<\/em><\/strong><\/span><\/span>\n<ul style=\"list-style-type: disc;\">\n<li><span style=\"font-family: arial, helvetica, sans-serif;\"><span style=\"font-family: arial, helvetica, sans-serif;\"><span style=\"font-family: arial, helvetica, sans-serif;\">2023 Stadt Greven, auf dem Emsdeich in Greven,<br \/>\nDer Monolith (F\u00fcrstensteiner Diorit) ist 2,40 mal 2,80 Meter gro\u00df und wiegt 22 Tonnen.<\/span><\/span><\/span>&nbsp;<\/li>\n<\/ul>\n<\/li>\n<li><em><strong><span style=\"font-family: arial, helvetica, sans-serif;\">Gef\u00f6rdert durch<\/span><\/strong><\/em>\n<div class=\"wp-block-image\"><img loading=\"lazy\" decoding=\"async\" class=\"wpa-warning wpa-image-missing-alt wp-image-5601 aligncenter\" src=\"https:\/\/unser-quartier.de\/emsdeich-skulpturen\/files\/2025\/05\/Sponsor-300x139.jpg\" alt=\"\" width=\"235\" height=\"109\" data-warning=\"Missing alt text\" srcset=\"https:\/\/unser-quartier.de\/emsdeich-skulpturen\/files\/2025\/05\/Sponsor-300x139.jpg 300w, https:\/\/unser-quartier.de\/emsdeich-skulpturen\/files\/2025\/05\/Sponsor-150x69.jpg 150w, https:\/\/unser-quartier.de\/emsdeich-skulpturen\/files\/2025\/05\/Sponsor-768x356.jpg 768w, https:\/\/unser-quartier.de\/emsdeich-skulpturen\/files\/2025\/05\/Sponsor.jpg 1123w\" sizes=\"auto, (max-width: 235px) 100vw, 235px\" \/><\/div>\n<\/li>\n<li><strong><em><span style=\"font-family: arial, helvetica, sans-serif;\">Fotos, wenn m\u00f6glich: Entstehung, Transport, Aufbau, evtl. Einweihung<\/span><\/em><\/strong><\/li>\n<\/ol>\n<p>&nbsp;<\/p>\n<div id='gallery-2' class='gallery galleryid-5152 gallery-columns-3 gallery-size-thumbnail'><figure class='gallery-item'>\n\t\t\t<div class='gallery-icon landscape'>\n\t\t\t\t<a href='https:\/\/unser-quartier.de\/emsdeich-skulpturen\/files\/2024\/09\/6f8531af-1e0c-40c9-8ca7-f5011e7e4de5.jpg'><img loading=\"lazy\" decoding=\"async\" width=\"150\" height=\"100\" src=\"https:\/\/unser-quartier.de\/emsdeich-skulpturen\/files\/2024\/09\/6f8531af-1e0c-40c9-8ca7-f5011e7e4de5-150x100.jpg\" class=\"attachment-thumbnail size-thumbnail\" alt=\"\" aria-describedby=\"gallery-2-5293\" srcset=\"https:\/\/unser-quartier.de\/emsdeich-skulpturen\/files\/2024\/09\/6f8531af-1e0c-40c9-8ca7-f5011e7e4de5-150x100.jpg 150w, https:\/\/unser-quartier.de\/emsdeich-skulpturen\/files\/2024\/09\/6f8531af-1e0c-40c9-8ca7-f5011e7e4de5-300x200.jpg 300w, https:\/\/unser-quartier.de\/emsdeich-skulpturen\/files\/2024\/09\/6f8531af-1e0c-40c9-8ca7-f5011e7e4de5-768x511.jpg 768w, https:\/\/unser-quartier.de\/emsdeich-skulpturen\/files\/2024\/09\/6f8531af-1e0c-40c9-8ca7-f5011e7e4de5.jpg 1200w\" sizes=\"auto, (max-width: 150px) 100vw, 150px\" \/><\/a>\n\t\t\t<\/div>\n\t\t\t\t<figcaption class='wp-caption-text gallery-caption' id='gallery-2-5293'>\n\t\t\t\tTransport vom Bayr. Wald zum Heidekrug\n\t\t\t\t<\/figcaption><\/figure><figure class='gallery-item'>\n\t\t\t<div class='gallery-icon landscape'>\n\t\t\t\t<a href='https:\/\/unser-quartier.de\/emsdeich-skulpturen\/files\/2024\/09\/EMSview_3.jpg'><img loading=\"lazy\" decoding=\"async\" width=\"150\" height=\"107\" src=\"https:\/\/unser-quartier.de\/emsdeich-skulpturen\/files\/2024\/09\/EMSview_3-150x107.jpg\" class=\"attachment-thumbnail size-thumbnail\" alt=\"\" srcset=\"https:\/\/unser-quartier.de\/emsdeich-skulpturen\/files\/2024\/09\/EMSview_3-150x107.jpg 150w, https:\/\/unser-quartier.de\/emsdeich-skulpturen\/files\/2024\/09\/EMSview_3-300x213.jpg 300w, https:\/\/unser-quartier.de\/emsdeich-skulpturen\/files\/2024\/09\/EMSview_3-768x546.jpg 768w, https:\/\/unser-quartier.de\/emsdeich-skulpturen\/files\/2024\/09\/EMSview_3.jpg 1200w\" sizes=\"auto, (max-width: 150px) 100vw, 150px\" \/><\/a>\n\t\t\t<\/div><\/figure><figure class='gallery-item'>\n\t\t\t<div class='gallery-icon landscape'>\n\t\t\t\t<a href='https:\/\/unser-quartier.de\/emsdeich-skulpturen\/files\/2024\/09\/20230720_142802.jpg'><img loading=\"lazy\" decoding=\"async\" width=\"150\" height=\"73\" src=\"https:\/\/unser-quartier.de\/emsdeich-skulpturen\/files\/2024\/09\/20230720_142802-150x73.jpg\" class=\"attachment-thumbnail size-thumbnail\" alt=\"\" aria-describedby=\"gallery-2-5300\" srcset=\"https:\/\/unser-quartier.de\/emsdeich-skulpturen\/files\/2024\/09\/20230720_142802-150x73.jpg 150w, https:\/\/unser-quartier.de\/emsdeich-skulpturen\/files\/2024\/09\/20230720_142802-300x146.jpg 300w, https:\/\/unser-quartier.de\/emsdeich-skulpturen\/files\/2024\/09\/20230720_142802-768x373.jpg 768w, https:\/\/unser-quartier.de\/emsdeich-skulpturen\/files\/2024\/09\/20230720_142802.jpg 1200w\" sizes=\"auto, (max-width: 150px) 100vw, 150px\" \/><\/a>\n\t\t\t<\/div>\n\t\t\t\t<figcaption class='wp-caption-text gallery-caption' id='gallery-2-5300'>\n\t\t\t\t.. das Fundament ist fertig\n\t\t\t\t<\/figcaption><\/figure><figure class='gallery-item'>\n\t\t\t<div class='gallery-icon portrait'>\n\t\t\t\t<a href='https:\/\/unser-quartier.de\/emsdeich-skulpturen\/files\/2024\/09\/P1080746.jpg'><img loading=\"lazy\" decoding=\"async\" width=\"150\" height=\"225\" src=\"https:\/\/unser-quartier.de\/emsdeich-skulpturen\/files\/2024\/09\/P1080746-150x225.jpg\" class=\"attachment-thumbnail size-thumbnail\" alt=\"\" aria-describedby=\"gallery-2-5295\" srcset=\"https:\/\/unser-quartier.de\/emsdeich-skulpturen\/files\/2024\/09\/P1080746-150x225.jpg 150w, https:\/\/unser-quartier.de\/emsdeich-skulpturen\/files\/2024\/09\/P1080746-300x450.jpg 300w, https:\/\/unser-quartier.de\/emsdeich-skulpturen\/files\/2024\/09\/P1080746-683x1024.jpg 683w, https:\/\/unser-quartier.de\/emsdeich-skulpturen\/files\/2024\/09\/P1080746-768x1152.jpg 768w, https:\/\/unser-quartier.de\/emsdeich-skulpturen\/files\/2024\/09\/P1080746.jpg 800w\" sizes=\"auto, (max-width: 150px) 100vw, 150px\" \/><\/a>\n\t\t\t<\/div>\n\t\t\t\t<figcaption class='wp-caption-text gallery-caption' id='gallery-2-5295'>\n\t\t\t\tDer 80 Tonnenkran macht ganze Arbei\n\t\t\t\t<\/figcaption><\/figure><figure class='gallery-item'>\n\t\t\t<div class='gallery-icon portrait'>\n\t\t\t\t<a href='https:\/\/unser-quartier.de\/emsdeich-skulpturen\/files\/2024\/09\/P1080748.jpg'><img loading=\"lazy\" decoding=\"async\" width=\"150\" height=\"225\" src=\"https:\/\/unser-quartier.de\/emsdeich-skulpturen\/files\/2024\/09\/P1080748-150x225.jpg\" class=\"attachment-thumbnail size-thumbnail\" alt=\"\" srcset=\"https:\/\/unser-quartier.de\/emsdeich-skulpturen\/files\/2024\/09\/P1080748-150x225.jpg 150w, https:\/\/unser-quartier.de\/emsdeich-skulpturen\/files\/2024\/09\/P1080748-300x450.jpg 300w, https:\/\/unser-quartier.de\/emsdeich-skulpturen\/files\/2024\/09\/P1080748-683x1024.jpg 683w, https:\/\/unser-quartier.de\/emsdeich-skulpturen\/files\/2024\/09\/P1080748-768x1152.jpg 768w, https:\/\/unser-quartier.de\/emsdeich-skulpturen\/files\/2024\/09\/P1080748.jpg 800w\" sizes=\"auto, (max-width: 150px) 100vw, 150px\" \/><\/a>\n\t\t\t<\/div><\/figure><figure class='gallery-item'>\n\t\t\t<div class='gallery-icon landscape'>\n\t\t\t\t<a href='https:\/\/unser-quartier.de\/emsdeich-skulpturen\/files\/2024\/09\/P1080756.jpg'><img loading=\"lazy\" decoding=\"async\" width=\"150\" height=\"100\" src=\"https:\/\/unser-quartier.de\/emsdeich-skulpturen\/files\/2024\/09\/P1080756-150x100.jpg\" class=\"attachment-thumbnail size-thumbnail\" alt=\"\" aria-describedby=\"gallery-2-5297\" srcset=\"https:\/\/unser-quartier.de\/emsdeich-skulpturen\/files\/2024\/09\/P1080756-150x100.jpg 150w, https:\/\/unser-quartier.de\/emsdeich-skulpturen\/files\/2024\/09\/P1080756-300x200.jpg 300w, https:\/\/unser-quartier.de\/emsdeich-skulpturen\/files\/2024\/09\/P1080756-768x512.jpg 768w, https:\/\/unser-quartier.de\/emsdeich-skulpturen\/files\/2024\/09\/P1080756.jpg 1200w\" sizes=\"auto, (max-width: 150px) 100vw, 150px\" \/><\/a>\n\t\t\t<\/div>\n\t\t\t\t<figcaption class='wp-caption-text gallery-caption' id='gallery-2-5297'>\n\t\t\t\t..der Stein wird ausgerichtet\n\t\t\t\t<\/figcaption><\/figure><figure class='gallery-item'>\n\t\t\t<div class='gallery-icon landscape'>\n\t\t\t\t<a href='https:\/\/unser-quartier.de\/emsdeich-skulpturen\/files\/2024\/09\/P1080764.jpg'><img loading=\"lazy\" decoding=\"async\" width=\"150\" height=\"100\" src=\"https:\/\/unser-quartier.de\/emsdeich-skulpturen\/files\/2024\/09\/P1080764-150x100.jpg\" class=\"attachment-thumbnail size-thumbnail\" alt=\"\" aria-describedby=\"gallery-2-5298\" srcset=\"https:\/\/unser-quartier.de\/emsdeich-skulpturen\/files\/2024\/09\/P1080764-150x100.jpg 150w, https:\/\/unser-quartier.de\/emsdeich-skulpturen\/files\/2024\/09\/P1080764-300x200.jpg 300w, https:\/\/unser-quartier.de\/emsdeich-skulpturen\/files\/2024\/09\/P1080764-768x512.jpg 768w, https:\/\/unser-quartier.de\/emsdeich-skulpturen\/files\/2024\/09\/P1080764.jpg 1200w\" sizes=\"auto, (max-width: 150px) 100vw, 150px\" \/><\/a>\n\t\t\t<\/div>\n\t\t\t\t<figcaption class='wp-caption-text gallery-caption' id='gallery-2-5298'>\n\t\t\t\tauch der Bohrkern muss passen\n\t\t\t\t<\/figcaption><\/figure><figure class='gallery-item'>\n\t\t\t<div class='gallery-icon landscape'>\n\t\t\t\t<a href='https:\/\/unser-quartier.de\/emsdeich-skulpturen\/files\/2024\/09\/P1080773.jpg'><img loading=\"lazy\" decoding=\"async\" width=\"150\" height=\"100\" src=\"https:\/\/unser-quartier.de\/emsdeich-skulpturen\/files\/2024\/09\/P1080773-150x100.jpg\" class=\"attachment-thumbnail size-thumbnail\" alt=\"\" aria-describedby=\"gallery-2-5299\" srcset=\"https:\/\/unser-quartier.de\/emsdeich-skulpturen\/files\/2024\/09\/P1080773-150x100.jpg 150w, https:\/\/unser-quartier.de\/emsdeich-skulpturen\/files\/2024\/09\/P1080773-300x200.jpg 300w, https:\/\/unser-quartier.de\/emsdeich-skulpturen\/files\/2024\/09\/P1080773-768x512.jpg 768w, https:\/\/unser-quartier.de\/emsdeich-skulpturen\/files\/2024\/09\/P1080773.jpg 1200w\" sizes=\"auto, (max-width: 150px) 100vw, 150px\" \/><\/a>\n\t\t\t<\/div>\n\t\t\t\t<figcaption class='wp-caption-text gallery-caption' id='gallery-2-5299'>\n\t\t\t\t..das Team \n\t\t\t\t<\/figcaption><\/figure><figure class='gallery-item'>\n\t\t\t<div class='gallery-icon landscape'>\n\t\t\t\t<a href='https:\/\/unser-quartier.de\/emsdeich-skulpturen\/files\/2024\/09\/20230812_141606.jpg'><img loading=\"lazy\" decoding=\"async\" width=\"150\" height=\"90\" src=\"https:\/\/unser-quartier.de\/emsdeich-skulpturen\/files\/2024\/09\/20230812_141606-150x90.jpg\" class=\"attachment-thumbnail size-thumbnail\" alt=\"\" aria-describedby=\"gallery-2-5301\" srcset=\"https:\/\/unser-quartier.de\/emsdeich-skulpturen\/files\/2024\/09\/20230812_141606-150x90.jpg 150w, https:\/\/unser-quartier.de\/emsdeich-skulpturen\/files\/2024\/09\/20230812_141606-300x181.jpg 300w, https:\/\/unser-quartier.de\/emsdeich-skulpturen\/files\/2024\/09\/20230812_141606-768x462.jpg 768w, https:\/\/unser-quartier.de\/emsdeich-skulpturen\/files\/2024\/09\/20230812_141606.jpg 1200w\" sizes=\"auto, (max-width: 150px) 100vw, 150px\" \/><\/a>\n\t\t\t<\/div>\n\t\t\t\t<figcaption class='wp-caption-text gallery-caption' id='gallery-2-5301'>\n\t\t\t\t&#8230;die \u00dcbergabe\n\t\t\t\t<\/figcaption><\/figure><figure class='gallery-item'>\n\t\t\t<div class='gallery-icon portrait'>\n\t\t\t\t<a href='https:\/\/unser-quartier.de\/emsdeich-skulpturen\/files\/2024\/09\/20230812_153104.jpg'><img loading=\"lazy\" decoding=\"async\" width=\"150\" height=\"232\" src=\"https:\/\/unser-quartier.de\/emsdeich-skulpturen\/files\/2024\/09\/20230812_153104-150x232.jpg\" class=\"attachment-thumbnail size-thumbnail\" alt=\"\" srcset=\"https:\/\/unser-quartier.de\/emsdeich-skulpturen\/files\/2024\/09\/20230812_153104-150x232.jpg 150w, https:\/\/unser-quartier.de\/emsdeich-skulpturen\/files\/2024\/09\/20230812_153104-300x463.jpg 300w, https:\/\/unser-quartier.de\/emsdeich-skulpturen\/files\/2024\/09\/20230812_153104-663x1024.jpg 663w, https:\/\/unser-quartier.de\/emsdeich-skulpturen\/files\/2024\/09\/20230812_153104-768x1186.jpg 768w, https:\/\/unser-quartier.de\/emsdeich-skulpturen\/files\/2024\/09\/20230812_153104.jpg 777w\" sizes=\"auto, (max-width: 150px) 100vw, 150px\" \/><\/a>\n\t\t\t<\/div><\/figure><figure class='gallery-item'>\n\t\t\t<div class='gallery-icon landscape'>\n\t\t\t\t<a href='https:\/\/unser-quartier.de\/emsdeich-skulpturen\/files\/2024\/09\/20240108_145206.jpg'><img loading=\"lazy\" decoding=\"async\" width=\"150\" height=\"113\" src=\"https:\/\/unser-quartier.de\/emsdeich-skulpturen\/files\/2024\/09\/20240108_145206-150x113.jpg\" class=\"attachment-thumbnail size-thumbnail\" alt=\"\" aria-describedby=\"gallery-2-5304\" srcset=\"https:\/\/unser-quartier.de\/emsdeich-skulpturen\/files\/2024\/09\/20240108_145206-150x113.jpg 150w, https:\/\/unser-quartier.de\/emsdeich-skulpturen\/files\/2024\/09\/20240108_145206-300x225.jpg 300w, https:\/\/unser-quartier.de\/emsdeich-skulpturen\/files\/2024\/09\/20240108_145206-768x576.jpg 768w, https:\/\/unser-quartier.de\/emsdeich-skulpturen\/files\/2024\/09\/20240108_145206.jpg 1200w\" sizes=\"auto, (max-width: 150px) 100vw, 150px\" \/><\/a>\n\t\t\t<\/div>\n\t\t\t\t<figcaption class='wp-caption-text gallery-caption' id='gallery-2-5304'>\n\t\t\t\t.. und beim letzten Hochwasser\n\t\t\t\t<\/figcaption><\/figure>\n\t\t<\/div>\n\n<p><strong><em>\u00a0<\/em><\/strong><\/p>\n","protected":false},"excerpt":{"rendered":"<p>Name, Vita, Link zur Homepage Sandra Silbernagel, M\u00fcnster 1973 geboren in Fulda, lebt in M\u00fcnster\/Westfalen, arbeitet in Steinbr\u00fcchen: Frankreich, Italien und Deutschland 1998 Akademie der &#8230; <a title=\"EMSview\" class=\"read-more\" href=\"https:\/\/unser-quartier.de\/emsdeich-skulpturen\/emsview-2\/\" aria-label=\"Mehr Informationen \u00fcber EMSview\">weiterlesen &#8230;<\/a><\/p>\n","protected":false},"author":301,"featured_media":4776,"parent":0,"menu_order":0,"comment_status":"closed","ping_status":"closed","template":"","meta":{"generate_page_header":"","footnotes":""},"class_list":{"0":"post-5152","1":"page","2":"type-page","3":"status-publish","4":"has-post-thumbnail","6":"infinite-scroll-item","7":"resize-featured-image"},"_links":{"self":[{"href":"https:\/\/unser-quartier.de\/emsdeich-skulpturen\/wp-json\/wp\/v2\/pages\/5152","targetHints":{"allow":["GET"]}}],"collection":[{"href":"https:\/\/unser-quartier.de\/emsdeich-skulpturen\/wp-json\/wp\/v2\/pages"}],"about":[{"href":"https:\/\/unser-quartier.de\/emsdeich-skulpturen\/wp-json\/wp\/v2\/types\/page"}],"author":[{"embeddable":true,"href":"https:\/\/unser-quartier.de\/emsdeich-skulpturen\/wp-json\/wp\/v2\/users\/301"}],"replies":[{"embeddable":true,"href":"https:\/\/unser-quartier.de\/emsdeich-skulpturen\/wp-json\/wp\/v2\/comments?post=5152"}],"version-history":[{"count":4,"href":"https:\/\/unser-quartier.de\/emsdeich-skulpturen\/wp-json\/wp\/v2\/pages\/5152\/revisions"}],"predecessor-version":[{"id":5698,"href":"https:\/\/unser-quartier.de\/emsdeich-skulpturen\/wp-json\/wp\/v2\/pages\/5152\/revisions\/5698"}],"wp:featuredmedia":[{"embeddable":true,"href":"https:\/\/unser-quartier.de\/emsdeich-skulpturen\/wp-json\/wp\/v2\/media\/4776"}],"wp:attachment":[{"href":"https:\/\/unser-quartier.de\/emsdeich-skulpturen\/wp-json\/wp\/v2\/media?parent=5152"}],"curies":[{"name":"wp","href":"https:\/\/api.w.org\/{rel}","templated":true}]}}