{"id":5328,"date":"2024-09-30T17:54:56","date_gmt":"2024-09-30T15:54:56","guid":{"rendered":"https:\/\/unser-quartier.de\/emsdeich-skulpturen\/?page_id=5328"},"modified":"2025-06-19T11:14:17","modified_gmt":"2025-06-19T09:14:17","slug":"boote-2","status":"publish","type":"page","link":"https:\/\/unser-quartier.de\/emsdeich-skulpturen\/boote-2\/","title":{"rendered":"BOOTe"},"content":{"rendered":"<ol>\n<li><span style=\"font-family: arial, helvetica, sans-serif;\"><strong><em>Name, Vita, Link zur Homepage\u00a0 <img loading=\"lazy\" decoding=\"async\" class=\" wp-image-5659 alignright\" src=\"https:\/\/unser-quartier.de\/emsdeich-skulpturen\/files\/2025\/06\/StuweEmsdetten7053-300x424.jpg\" alt=\"Stuwe Emsdetten\" width=\"157\" height=\"222\" srcset=\"https:\/\/unser-quartier.de\/emsdeich-skulpturen\/files\/2025\/06\/StuweEmsdetten7053-300x424.jpg 300w, https:\/\/unser-quartier.de\/emsdeich-skulpturen\/files\/2025\/06\/StuweEmsdetten7053-724x1024.jpg 724w, https:\/\/unser-quartier.de\/emsdeich-skulpturen\/files\/2025\/06\/StuweEmsdetten7053-150x212.jpg 150w, https:\/\/unser-quartier.de\/emsdeich-skulpturen\/files\/2025\/06\/StuweEmsdetten7053-768x1086.jpg 768w, https:\/\/unser-quartier.de\/emsdeich-skulpturen\/files\/2025\/06\/StuweEmsdetten7053.jpg 849w\" sizes=\"auto, (max-width: 157px) 100vw, 157px\" \/>\u00a0<\/em><\/strong><\/span>\n<ul style=\"list-style-type: disc;\">\n<li><span style=\"font-family: arial, helvetica, sans-serif;\">Peer Christian Stuwe<br \/>\n<\/span><\/li>\n<li><span style=\"font-family: arial, helvetica, sans-serif;\">1952 geboren in Ennigerloh<\/span><br \/>\n<span style=\"font-family: arial, helvetica, sans-serif;\">1974-82 Studium Kunst und Philosophie in M\u00fcnster, <\/span><br \/>\n<span style=\"font-family: arial, helvetica, sans-serif;\">Meistersch\u00fcler bei Gunther Keusen<\/span><br \/>\n<span style=\"font-family: arial, helvetica, sans-serif;\">2003\/2004 Gastprofessur an der FH D\u00fcsseldorf<\/span><br \/>\n<span style=\"font-family: arial, helvetica, sans-serif;\">seit 1982 freischaffend <\/span><br \/>\n<span style=\"font-family: arial, helvetica, sans-serif;\">lebt und arbeitet als Maler und Bildhauer in Saerbeck, Westfalen<\/span><\/li>\n<li><span style=\"font-family: arial, helvetica, sans-serif;\"><a href=\"https:\/\/stuwekunst.de\/\">https:\/\/stuwekunst.de\/<\/a><\/span><\/li>\n<li><span style=\"font-family: arial, helvetica, sans-serif;\"><a href=\"https:\/\/werkverzeichnis-peer-stuwe.de\">https:\/\/werkverzeichnis-peer-stuwe.de<\/a><\/span><\/li>\n<\/ul>\n<\/li>\n<li><span style=\"font-family: arial, helvetica, sans-serif;\"><strong><em>Allgemeines\/Schwerpunkte des individuellen k\u00fcnstlerischen Schaffens<\/em><\/strong><\/span>\n<ul>\n<li style=\"list-style-type: none;\">\n<ul style=\"list-style-type: disc;\">\n<li><span style=\"font-family: arial, helvetica, sans-serif;\"><a href=\"https:\/\/stuwekunst.de\/bildhauerei\/\">Bildhauerei (Link)<\/a><\/span><\/li>\n<li><span style=\"font-family: arial, helvetica, sans-serif;\"><a href=\"https:\/\/stuwekunst.de\/bildende-kunst\/grafik\/\">Grafik (Link)<\/a><\/span><\/li>\n<li><span style=\"font-family: arial, helvetica, sans-serif;\"><a href=\"https:\/\/stuwekunst.de\/bildende-kunst\/malerei\/\">Malerei<\/a> <a href=\"https:\/\/stuwekunst.de\/bildende-kunst\/malerei\/\">(Link)<\/a><\/span><\/li>\n<li><span style=\"font-family: arial, helvetica, sans-serif;\"><span style=\"font-family: arial, helvetica, sans-serif;\"><a href=\"https:\/\/stuwekunst.de\/musik\/\">Musik (Link)<\/a><\/span><\/span><\/li>\n<\/ul>\n<\/li>\n<\/ul>\n<\/li>\n<li><span style=\"font-family: arial, helvetica, sans-serif;\"><strong><em>Aussagen zum Kunstwerk\u00a0<\/em><\/strong><\/span>\n<ul style=\"list-style-type: disc;\">\n<li><span style=\"font-family: arial, helvetica, sans-serif;\"><strong>Die BOOTe<\/strong><\/span><\/li>\n<li><span style=\"font-family: arial, helvetica, sans-serif;\"><span style=\"font-family: arial, helvetica, sans-serif;\">\u201eW\u00e4hrend das rostige Eisen f\u00fcr Solidit\u00e4t und Erdenschwere steht, verweist die goldene Fracht der einen Skulptur auf kosmische Dimensionen. In N\u00e4he eines Wasserlaufes, der Ems, installiert, entstehen Assoziationen an Frachtboote, Schiffe, Fische oder Reisen in ferne L\u00e4nder. Durch die\u00a0 Positionierung der beiden Skulpturen zueinander wird der Ort neu definiert.\u201e<\/span><\/span><\/li>\n<li><span style=\"font-family: arial, helvetica, sans-serif;\"><strong>Erg\u00e4nzung zum bisherigen Schildtext<br \/>\n<\/strong><\/span><span style=\"font-family: arial, helvetica, sans-serif;\">Seit vielen Jahren verwendet der K\u00fcnstler Materialien, die landl\u00e4ufig als Abfallprodukte bezeichnet werden: gebrauchte Wellpappe und Kartonagen, Eisen und Stahlabschnitte, die er in Recyclingbetrieben, am Stra\u00dfenrand, unterwegs oder auf Schrottpl\u00e4tzen findet. Daraus entstehen Bilder, Skulpturen und andere immer wieder \u00fcberraschende Objekte, Werkgruppen, Ensembles und Installationen.<\/span><br \/>\n<span style=\"font-family: arial, helvetica, sans-serif;\">Durch die Positionierung der beiden Skulpturen zueinander wird der Ort neu definiert.<\/span><\/li>\n<\/ul>\n<\/li>\n<li><span style=\"font-family: arial, helvetica, sans-serif;\"><strong><em>Technisches zum Werk: z.B. H\u00f6he, Material, Gewicht<\/em><\/strong><\/span>\n<ul>\n<li style=\"list-style-type: none;\">\n<ul style=\"list-style-type: disc;\">\n<li><span style=\"font-family: arial, helvetica, sans-serif;\">2017 Stadt Greven, auf dem Emsdeich in Greven,<br \/>\nMa\u00dfe (HxBxT): jeweils L: ca. 220 cm<\/span><br \/>\n<span style=\"font-family: arial, helvetica, sans-serif;\">Technik: Eisen, geschwei\u00dft, Goldfarbe<\/span><br \/>\n<span style=\"font-family: arial, helvetica, sans-serif;\">Materialien: Industriestahl<\/span><br \/>\n<span style=\"font-family: arial, helvetica, sans-serif;\"><span style=\"font-family: arial, helvetica, sans-serif;\">Anmerkungen: zweiteilige Skulptur<\/span><\/span><\/li>\n<\/ul>\n<\/li>\n<\/ul>\n<\/li>\n<li><span style=\"font-family: arial, helvetica, sans-serif;\"><em><strong>Gef\u00f6rdert durch:<\/strong><\/em><\/span><br \/>\n<span style=\"font-family: arial, helvetica, sans-serif;\">KIEPENKERL-B\u00c4CKEREI | PROVINZIAL | WEBER &amp; DREES |<\/span><br \/>\n<span style=\"font-family: arial, helvetica, sans-serif;\">SCHUHMACHER-PACKING | GEORG SCHOO <span style=\"font-size: 8pt;\">HANDELSVERTRETUNG<\/span>|<\/span><br \/>\n<span style=\"font-family: arial, helvetica, sans-serif;\">STADTWERKE GREVEN | VOLKSBANK | WEILKE <span style=\"font-size: 8pt;\">LOGISTIK &amp; TRANSPORT<\/span><\/span><\/li>\n<li><strong><em><span style=\"font-family: arial, helvetica, sans-serif;\">Fotos: Entstehung, Transport, Aufbau, evtl. Einweihung<\/span><\/em><\/strong><\/li>\n<\/ol>\n<div id='gallery-2' class='gallery galleryid-5328 gallery-columns-3 gallery-size-thumbnail'><figure class='gallery-item'>\n\t\t\t<div class='gallery-icon portrait'>\n\t\t\t\t<a href='https:\/\/unser-quartier.de\/emsdeich-skulpturen\/files\/2024\/09\/P1140699.jpg'><img loading=\"lazy\" decoding=\"async\" width=\"150\" height=\"200\" src=\"https:\/\/unser-quartier.de\/emsdeich-skulpturen\/files\/2024\/09\/P1140699-150x200.jpg\" class=\"attachment-thumbnail size-thumbnail\" alt=\"\" aria-describedby=\"gallery-2-5330\" srcset=\"https:\/\/unser-quartier.de\/emsdeich-skulpturen\/files\/2024\/09\/P1140699-150x200.jpg 150w, https:\/\/unser-quartier.de\/emsdeich-skulpturen\/files\/2024\/09\/P1140699-300x400.jpg 300w, https:\/\/unser-quartier.de\/emsdeich-skulpturen\/files\/2024\/09\/P1140699-768x1024.jpg 768w, https:\/\/unser-quartier.de\/emsdeich-skulpturen\/files\/2024\/09\/P1140699.jpg 900w\" sizes=\"auto, (max-width: 150px) 100vw, 150px\" \/><\/a>\n\t\t\t<\/div>\n\t\t\t\t<figcaption class='wp-caption-text gallery-caption' id='gallery-2-5330'>\n\t\t\t\tTermin beim K\u00fcnstler\n\t\t\t\t<\/figcaption><\/figure><figure class='gallery-item'>\n\t\t\t<div class='gallery-icon landscape'>\n\t\t\t\t<a href='https:\/\/unser-quartier.de\/emsdeich-skulpturen\/files\/2024\/09\/P1140694.jpg'><img loading=\"lazy\" decoding=\"async\" width=\"150\" height=\"113\" src=\"https:\/\/unser-quartier.de\/emsdeich-skulpturen\/files\/2024\/09\/P1140694-150x113.jpg\" class=\"attachment-thumbnail size-thumbnail\" alt=\"\" aria-describedby=\"gallery-2-5329\" srcset=\"https:\/\/unser-quartier.de\/emsdeich-skulpturen\/files\/2024\/09\/P1140694-150x113.jpg 150w, https:\/\/unser-quartier.de\/emsdeich-skulpturen\/files\/2024\/09\/P1140694-300x225.jpg 300w, https:\/\/unser-quartier.de\/emsdeich-skulpturen\/files\/2024\/09\/P1140694-768x576.jpg 768w, https:\/\/unser-quartier.de\/emsdeich-skulpturen\/files\/2024\/09\/P1140694.jpg 1200w\" sizes=\"auto, (max-width: 150px) 100vw, 150px\" \/><\/a>\n\t\t\t<\/div>\n\t\t\t\t<figcaption class='wp-caption-text gallery-caption' id='gallery-2-5329'>\n\t\t\t\t..im Garten\n\t\t\t\t<\/figcaption><\/figure><figure class='gallery-item'>\n\t\t\t<div class='gallery-icon landscape'>\n\t\t\t\t<a href='https:\/\/unser-quartier.de\/emsdeich-skulpturen\/files\/2024\/09\/P1150148.jpg'><img loading=\"lazy\" decoding=\"async\" width=\"150\" height=\"113\" src=\"https:\/\/unser-quartier.de\/emsdeich-skulpturen\/files\/2024\/09\/P1150148-150x113.jpg\" class=\"attachment-thumbnail size-thumbnail\" alt=\"\" aria-describedby=\"gallery-2-5331\" srcset=\"https:\/\/unser-quartier.de\/emsdeich-skulpturen\/files\/2024\/09\/P1150148-150x113.jpg 150w, https:\/\/unser-quartier.de\/emsdeich-skulpturen\/files\/2024\/09\/P1150148-300x225.jpg 300w, https:\/\/unser-quartier.de\/emsdeich-skulpturen\/files\/2024\/09\/P1150148-768x576.jpg 768w, https:\/\/unser-quartier.de\/emsdeich-skulpturen\/files\/2024\/09\/P1150148.jpg 1200w\" sizes=\"auto, (max-width: 150px) 100vw, 150px\" \/><\/a>\n\t\t\t<\/div>\n\t\t\t\t<figcaption class='wp-caption-text gallery-caption' id='gallery-2-5331'>\n\t\t\t\t..noch verh\u00fcllt\n\t\t\t\t<\/figcaption><\/figure><figure class='gallery-item'>\n\t\t\t<div class='gallery-icon landscape'>\n\t\t\t\t<a href='https:\/\/unser-quartier.de\/emsdeich-skulpturen\/files\/2024\/09\/P1150149.jpg'><img loading=\"lazy\" decoding=\"async\" width=\"150\" height=\"113\" src=\"https:\/\/unser-quartier.de\/emsdeich-skulpturen\/files\/2024\/09\/P1150149-150x113.jpg\" class=\"attachment-thumbnail size-thumbnail\" alt=\"\" srcset=\"https:\/\/unser-quartier.de\/emsdeich-skulpturen\/files\/2024\/09\/P1150149-150x113.jpg 150w, https:\/\/unser-quartier.de\/emsdeich-skulpturen\/files\/2024\/09\/P1150149-300x225.jpg 300w, https:\/\/unser-quartier.de\/emsdeich-skulpturen\/files\/2024\/09\/P1150149-768x576.jpg 768w, https:\/\/unser-quartier.de\/emsdeich-skulpturen\/files\/2024\/09\/P1150149.jpg 1200w\" sizes=\"auto, (max-width: 150px) 100vw, 150px\" \/><\/a>\n\t\t\t<\/div><\/figure><figure class='gallery-item'>\n\t\t\t<div class='gallery-icon landscape'>\n\t\t\t\t<a href='https:\/\/unser-quartier.de\/emsdeich-skulpturen\/files\/2024\/09\/P1150213.jpg'><img loading=\"lazy\" decoding=\"async\" width=\"150\" height=\"113\" src=\"https:\/\/unser-quartier.de\/emsdeich-skulpturen\/files\/2024\/09\/P1150213-150x113.jpg\" class=\"attachment-thumbnail size-thumbnail\" alt=\"\" aria-describedby=\"gallery-2-5333\" srcset=\"https:\/\/unser-quartier.de\/emsdeich-skulpturen\/files\/2024\/09\/P1150213-150x113.jpg 150w, https:\/\/unser-quartier.de\/emsdeich-skulpturen\/files\/2024\/09\/P1150213-300x225.jpg 300w, https:\/\/unser-quartier.de\/emsdeich-skulpturen\/files\/2024\/09\/P1150213-768x576.jpg 768w, https:\/\/unser-quartier.de\/emsdeich-skulpturen\/files\/2024\/09\/P1150213.jpg 1200w\" sizes=\"auto, (max-width: 150px) 100vw, 150px\" \/><\/a>\n\t\t\t<\/div>\n\t\t\t\t<figcaption class='wp-caption-text gallery-caption' id='gallery-2-5333'>\n\t\t\t\tPeer Stuwe kontrolliert nochmal\n\t\t\t\t<\/figcaption><\/figure><figure class='gallery-item'>\n\t\t\t<div class='gallery-icon landscape'>\n\t\t\t\t<a href='https:\/\/unser-quartier.de\/emsdeich-skulpturen\/files\/2024\/09\/P1170967.jpg'><img loading=\"lazy\" decoding=\"async\" width=\"150\" height=\"113\" src=\"https:\/\/unser-quartier.de\/emsdeich-skulpturen\/files\/2024\/09\/P1170967-150x113.jpg\" class=\"attachment-thumbnail size-thumbnail\" alt=\"\" aria-describedby=\"gallery-2-5334\" srcset=\"https:\/\/unser-quartier.de\/emsdeich-skulpturen\/files\/2024\/09\/P1170967-150x113.jpg 150w, https:\/\/unser-quartier.de\/emsdeich-skulpturen\/files\/2024\/09\/P1170967-300x225.jpg 300w, https:\/\/unser-quartier.de\/emsdeich-skulpturen\/files\/2024\/09\/P1170967-768x576.jpg 768w, https:\/\/unser-quartier.de\/emsdeich-skulpturen\/files\/2024\/09\/P1170967.jpg 1200w\" sizes=\"auto, (max-width: 150px) 100vw, 150px\" \/><\/a>\n\t\t\t<\/div>\n\t\t\t\t<figcaption class='wp-caption-text gallery-caption' id='gallery-2-5334'>\n\t\t\t\tam neuen ..\n\t\t\t\t<\/figcaption><\/figure><figure class='gallery-item'>\n\t\t\t<div class='gallery-icon landscape'>\n\t\t\t\t<a href='https:\/\/unser-quartier.de\/emsdeich-skulpturen\/files\/2024\/09\/P1170968_1.jpg'><img loading=\"lazy\" decoding=\"async\" width=\"150\" height=\"113\" src=\"https:\/\/unser-quartier.de\/emsdeich-skulpturen\/files\/2024\/09\/P1170968_1-150x113.jpg\" class=\"attachment-thumbnail size-thumbnail\" alt=\"\" aria-describedby=\"gallery-2-5335\" srcset=\"https:\/\/unser-quartier.de\/emsdeich-skulpturen\/files\/2024\/09\/P1170968_1-150x113.jpg 150w, https:\/\/unser-quartier.de\/emsdeich-skulpturen\/files\/2024\/09\/P1170968_1-300x225.jpg 300w, https:\/\/unser-quartier.de\/emsdeich-skulpturen\/files\/2024\/09\/P1170968_1-768x576.jpg 768w, https:\/\/unser-quartier.de\/emsdeich-skulpturen\/files\/2024\/09\/P1170968_1.jpg 1200w\" sizes=\"auto, (max-width: 150px) 100vw, 150px\" \/><\/a>\n\t\t\t<\/div>\n\t\t\t\t<figcaption class='wp-caption-text gallery-caption' id='gallery-2-5335'>\n\t\t\t\t.. Standplatz\n\t\t\t\t<\/figcaption><\/figure><figure class='gallery-item'>\n\t\t\t<div class='gallery-icon portrait'>\n\t\t\t\t<a href='https:\/\/unser-quartier.de\/emsdeich-skulpturen\/files\/2025\/06\/PC-Stuwe-Bentlage-2022-60.jpg'><img loading=\"lazy\" decoding=\"async\" width=\"150\" height=\"225\" src=\"https:\/\/unser-quartier.de\/emsdeich-skulpturen\/files\/2025\/06\/PC-Stuwe-Bentlage-2022-60-150x225.jpg\" class=\"attachment-thumbnail size-thumbnail\" alt=\"PC Stuwe Bentlage 2022\" aria-describedby=\"gallery-2-5658\" srcset=\"https:\/\/unser-quartier.de\/emsdeich-skulpturen\/files\/2025\/06\/PC-Stuwe-Bentlage-2022-60-150x225.jpg 150w, https:\/\/unser-quartier.de\/emsdeich-skulpturen\/files\/2025\/06\/PC-Stuwe-Bentlage-2022-60-300x449.jpg 300w, https:\/\/unser-quartier.de\/emsdeich-skulpturen\/files\/2025\/06\/PC-Stuwe-Bentlage-2022-60-684x1024.jpg 684w, https:\/\/unser-quartier.de\/emsdeich-skulpturen\/files\/2025\/06\/PC-Stuwe-Bentlage-2022-60-768x1151.jpg 768w, https:\/\/unser-quartier.de\/emsdeich-skulpturen\/files\/2025\/06\/PC-Stuwe-Bentlage-2022-60.jpg 801w\" sizes=\"auto, (max-width: 150px) 100vw, 150px\" \/><\/a>\n\t\t\t<\/div>\n\t\t\t\t<figcaption class='wp-caption-text gallery-caption' id='gallery-2-5658'>\n\t\t\t\tPC Stuwe in Bentlage 2022\n\t\t\t\t<\/figcaption><\/figure>\n\t\t<\/div>\n\n<p><strong><em>\u00a0<\/em><\/strong><\/p>\n","protected":false},"excerpt":{"rendered":"<p>Name, Vita, Link zur Homepage\u00a0 \u00a0 Peer Christian Stuwe 1952 geboren in Ennigerloh 1974-82 Studium Kunst und Philosophie in M\u00fcnster, Meistersch\u00fcler bei Gunther Keusen 2003\/2004 &#8230; <a title=\"BOOTe\" class=\"read-more\" href=\"https:\/\/unser-quartier.de\/emsdeich-skulpturen\/boote-2\/\" aria-label=\"Mehr Informationen \u00fcber BOOTe\">weiterlesen &#8230;<\/a><\/p>\n","protected":false},"author":301,"featured_media":5336,"parent":0,"menu_order":0,"comment_status":"closed","ping_status":"closed","template":"","meta":{"generate_page_header":"","footnotes":""},"class_list":{"0":"post-5328","1":"page","2":"type-page","3":"status-publish","4":"has-post-thumbnail","6":"infinite-scroll-item","7":"resize-featured-image"},"_links":{"self":[{"href":"https:\/\/unser-quartier.de\/emsdeich-skulpturen\/wp-json\/wp\/v2\/pages\/5328","targetHints":{"allow":["GET"]}}],"collection":[{"href":"https:\/\/unser-quartier.de\/emsdeich-skulpturen\/wp-json\/wp\/v2\/pages"}],"about":[{"href":"https:\/\/unser-quartier.de\/emsdeich-skulpturen\/wp-json\/wp\/v2\/types\/page"}],"author":[{"embeddable":true,"href":"https:\/\/unser-quartier.de\/emsdeich-skulpturen\/wp-json\/wp\/v2\/users\/301"}],"replies":[{"embeddable":true,"href":"https:\/\/unser-quartier.de\/emsdeich-skulpturen\/wp-json\/wp\/v2\/comments?post=5328"}],"version-history":[{"count":3,"href":"https:\/\/unser-quartier.de\/emsdeich-skulpturen\/wp-json\/wp\/v2\/pages\/5328\/revisions"}],"predecessor-version":[{"id":5660,"href":"https:\/\/unser-quartier.de\/emsdeich-skulpturen\/wp-json\/wp\/v2\/pages\/5328\/revisions\/5660"}],"wp:featuredmedia":[{"embeddable":true,"href":"https:\/\/unser-quartier.de\/emsdeich-skulpturen\/wp-json\/wp\/v2\/media\/5336"}],"wp:attachment":[{"href":"https:\/\/unser-quartier.de\/emsdeich-skulpturen\/wp-json\/wp\/v2\/media?parent=5328"}],"curies":[{"name":"wp","href":"https:\/\/api.w.org\/{rel}","templated":true}]}}