{"id":5428,"date":"2025-01-21T16:50:43","date_gmt":"2025-01-21T15:50:43","guid":{"rendered":"https:\/\/unser-quartier.de\/emsdeich-skulpturen\/?page_id=5428"},"modified":"2025-07-08T19:41:35","modified_gmt":"2025-07-08T17:41:35","slug":"flussbett-2","status":"publish","type":"page","link":"https:\/\/unser-quartier.de\/emsdeich-skulpturen\/flussbett-2\/","title":{"rendered":"FLUSSbett"},"content":{"rendered":"<ol>\n<li><span style=\"font-family: arial, helvetica, sans-serif;\"><strong><em>Name, Vita, evtl. Link zur Homepage\u00a0\u00a0<\/em><\/strong><\/span>\n<ul style=\"list-style-type: disc;\">\n<li><span style=\"font-family: arial, helvetica, sans-serif;\"><span style=\"font-family: arial, helvetica, sans-serif;\">Stefan Rosendahl\u00a0<\/span><\/span>\n<div class=\"wp-block-image\"><img loading=\"lazy\" decoding=\"async\" class=\"wpa-warning wpa-image-missing-alt wp-image-5607 alignright\" src=\"https:\/\/unser-quartier.de\/emsdeich-skulpturen\/files\/2025\/05\/Stefan-Rosendahl-300x429.gif\" alt=\"\" width=\"137\" height=\"195\" data-warning=\"Missing alt text\" srcset=\"https:\/\/unser-quartier.de\/emsdeich-skulpturen\/files\/2025\/05\/Stefan-Rosendahl-300x429.gif 300w, https:\/\/unser-quartier.de\/emsdeich-skulpturen\/files\/2025\/05\/Stefan-Rosendahl-150x215.gif 150w\" sizes=\"auto, (max-width: 137px) 100vw, 137px\" \/><\/div>\n<p><span style=\"font-family: arial, helvetica, sans-serif;\">Jahrgang 1970, 1993 Gesellenbrief als Steinbildhauer, 1997 Studium <\/span><br \/>\n<span style=\"font-family: arial, helvetica, sans-serif;\">der Kunst \/Bildhauerei in Bremen, Marseille, M\u00fcnster, 2004 Meistersch\u00fcler von Katharina Fritsch; Kurator verschiedener internationaler Projekte; Arbeitsaufenthalte in der T\u00fcrkei, Griechenland, Israel und Frankreich; seit 1995 Freier Bildhauer; Ausstellungen und Verk\u00e4ufe in Europa, Israel und den USA; verschiedene Vortr\u00e4ge an der Westf\u00e4lischen Wilhelms-Universit\u00e4t M\u00fcnster<\/span><br \/>\n<span style=\"font-family: arial, helvetica, sans-serif;\">Mein Hauptarbeitsfeld liegt als K\u00fcnstler und Bildhauer im Bereich \u00d6ffentlicher Raum mit Kunst im und am Bau; die Zusammenarbeit mit K\u00fcnstlern und Institutionen im In und Ausland geh\u00f6ren auch zu meinen beruflichen Aktivit\u00e4ten, sowie die Organisation und Durchf\u00fchrung von selbst entworfenen Schulprojekten. Ich lebe und arbeite in Greven.<\/span><\/li>\n<li><span style=\"font-family: arial, helvetica, sans-serif;\"><a href=\"https:\/\/www.stefanrosendahl.de\/\" rel=\"nofollow\">https:\/\/www.stefanrosendahl.de\/<\/a><\/span><\/li>\n<\/ul>\n<\/li>\n<li><span style=\"font-family: arial, helvetica, sans-serif;\"><strong><em>Allgemeines\/Schwerpunkte des individuellen k\u00fcnstlerischen Schaffens<\/em><\/strong><\/span>\n<ul style=\"list-style-type: disc;\">\n<li><span style=\"font-family: arial, helvetica, sans-serif;\"><a href=\"https:\/\/www.stefanrosendahl.de\/kunst\/installationen\/\" rel=\"nofollow\">Installationen<\/a><\/span><\/li>\n<li><span style=\"font-family: arial, helvetica, sans-serif;\"><a href=\"https:\/\/www.stefanrosendahl.de\/kunst\/objekte\/\" rel=\"nofollow\">Objekte<\/a><\/span><\/li>\n<li><span style=\"font-family: arial, helvetica, sans-serif;\"><a href=\"https:\/\/www.stefanrosendahl.de\/kunst\/figur\/\" rel=\"nofollow\">Figur<\/a><\/span><\/li>\n<li><span style=\"font-family: arial, helvetica, sans-serif;\"><a href=\"https:\/\/www.stefanrosendahl.de\/kunst\/grafik\/\" rel=\"nofollow\">Grafik<\/a><\/span><\/li>\n<\/ul>\n<\/li>\n<li><span style=\"font-family: arial, helvetica, sans-serif;\"><strong><em>Aussagen zum Kunstwerk<\/em><\/strong><\/span>\n<ul style=\"list-style-type: disc;\">\n<li><span style=\"font-family: arial, helvetica, sans-serif;\">Das <strong>FLUSSbett<em><br \/>\n<\/em><\/strong>Ambivalenz in einem Wort &#8211; Flussbett &#8211; flie\u00dfend gebettet <\/span><br \/>\n<span style=\"font-family: arial, helvetica, sans-serif;\">Die Bewegung des Wassers, die sich im Flussbett der Ems abbildet und ein Stoff, der zu flie\u00dfen scheint.<br \/>\n<\/span><span style=\"font-family: arial, helvetica, sans-serif;\">Bildgewordene Bewegung vereint den Ort Greven mit seinen Facetten in diesem bildhauerischen Werk. <\/span><\/li>\n<li><span style=\"font-family: arial, helvetica, sans-serif;\"><strong><em>Erg\u00e4nzungen zum bisherigen Schildtext<br \/>\n<\/em><\/strong><\/span><span style=\"font-family: arial, helvetica, sans-serif;\">Seit knapp zwei Jahren besch\u00e4ftige ich mich im Rahmen meiner k\u00fcnstlerischer Arbeit mit der Abformung von nat\u00fcrlichen Oberfl\u00e4chen. So sind Kunstwerke mit Formen vom Watt, Kieselsteinen und ein St\u00fcck Acker entstanden. Als Bildhauer versuche ich, mit Hilfe der gewonnenen Teilst\u00fccke ein neues und \u00e4sthetisches Ganzes entstehen zu lassen.<\/span><br \/>\n<span style=\"font-family: arial, helvetica, sans-serif;\">Durch das Angebot, einen Werkentwurf f\u00fcr den Emsdeichskulpturenweg in Greven zu erstellen, entstand aus diesem Gedanken die Idee das Flussbett der Ems als Form zu nutzen. Die Ems als Strom hinterl\u00e4sst nach R\u00fcckgang des Wasserspiegels eine Wellenstruktur im Sand. <\/span><br \/>\n<span style=\"font-family: arial, helvetica, sans-serif;\">Im weiteren Verlauf der Gespr\u00e4che bez\u00fcglich meines Beitrags zu den Emsdeichskulpturen wuchs das Bewusstsein Textiles, sprich Stoff, als formgebendem Anteil zu assoziieren und im Gesamtbild zu integrieren. <\/span><br \/>\n<span style=\"font-family: arial, helvetica, sans-serif;\">Hier sei kurz angemerkt, dass Ems und Textilindustrie, beides wichtige und wesentliche Aspekte f\u00fcr die Entstehung und Entwicklung der Stadt Greven darstellen. <\/span><br \/>\n<span style=\"font-family: arial, helvetica, sans-serif;\">Der Reiz an der Ambivalenz des Wortes \u201aFlussbett\u2018 haben mich am Ende bewogen, die Adjektive \u201aflie\u00dfend\u2018 und \u201agebettet\u2018 als Blockschrift jeweils seitlich aus der plastischen Arbeit heraus zu schneiden, sodass die beiden Worte mit entsprechender Innenbeleuchtung in der D\u00e4mmerung und im Dunkeln lesbar werden. <\/span><br \/>\n<span style=\"font-family: arial, helvetica, sans-serif;\">Das Kunstwerk spiegelt diese ambivalente Situation zwischen Ruhe und Aktion wider und wird bildhauerisch formal sichtbar gemacht. <\/span><br \/>\n<span style=\"font-family: arial, helvetica, sans-serif;\">Der gebettete, also der passive, Anteil in Form vom wellenf\u00f6rmigen Flussbett der Ems wird hier w\u00f6rtlich genommen: der Mittelkorpus erinnert an eine Art Bett, das wie eine Rampe nach Osten hin ansteigt. <\/span><br \/>\n<span style=\"font-family: arial, helvetica, sans-serif;\">Auf der anderen Seite, der aktive Anteil oder das \u201aFlie\u00dfende\u2018 in Form von zwei Vorh\u00e4ngen, deren Faltenwurf nach unten hin abflie\u00dft und sich in einer aufwallenden Drapierung &#8211; wie ein Wasserfall &#8211; rechts und links des \u201aBettk\u00f6rpers\u2018 ergie\u00dft. <\/span><br \/>\n<span style=\"font-family: arial, helvetica, sans-serif;\">Die Anlage und Ausrichtung des Werkes \u201aFlussbett\u2018 l\u00e4dt den Betrachter dazu ein, gen Osten zu schauen, durch die beiden Vorh\u00e4nge in Richtung Innenstadt, wo wir den Turm der St. Martinus Kirche entdecken. Diese Perspektive ist bewusst gew\u00e4hlt, w\u00e4hrend sich die Geb\u00e4ude der Textilindustrie in der r\u00fcckw\u00e4rtigen Blickachse befinden, also westlich vom Standort aus gesehen. <\/span><br \/>\n<span style=\"font-family: arial, helvetica, sans-serif;\">Sollte der Interessierte das Bed\u00fcrfnis nach Ruhe versp\u00fcren, so ist er\/ sie herzlich eingeladen sich im\/ auf dem \u201aFlussbett\u2018 hinzulegen, auszuruhen und den Blick zur Ems schweifen zu lassen.<\/span><\/li>\n<\/ul>\n<\/li>\n<li><span style=\"font-family: arial, helvetica, sans-serif;\"><strong><em>Technisches zum Werk: z.B. H\u00f6he, Material, Gewicht<\/em><\/strong><\/span>\n<ul style=\"list-style-type: square;\">\n<li><span style=\"font-family: arial, helvetica, sans-serif;\">2023 Stadt Greven, <\/span><span style=\"font-family: arial, helvetica, sans-serif;\">auf dem Emsdeich in Greven, <\/span><br \/>\n<span style=\"font-family: arial, helvetica, sans-serif;\">Kunststein, <\/span><br \/>\n<span style=\"font-family: arial, helvetica, sans-serif;\">Licht, <\/span><br \/>\n<span style=\"font-family: arial, helvetica, sans-serif;\"><span style=\"font-family: arial, helvetica, sans-serif;\">H\u00f6he 230 cm<\/span><\/span>&nbsp;<\/li>\n<\/ul>\n<\/li>\n<li><em><strong><span style=\"font-family: arial, helvetica, sans-serif;\">Gef\u00f6rdert aus dem Spendenkonto des<\/span><\/strong><\/em><br \/>\n<em><strong><span style=\"font-family: arial, helvetica, sans-serif;\">F\u00f6rderverein Emsdeich-Skulpturen Greven e. V.<br \/>\n<\/span><\/strong><\/em><\/li>\n<li><strong><em><span style=\"font-family: arial, helvetica, sans-serif;\">Fotos: Entstehung, Transport, Aufbau, evtl. Einweihung<\/span><\/em><\/strong><\/li>\n<\/ol>\n<div id='gallery-2' class='gallery galleryid-5428 gallery-columns-3 gallery-size-thumbnail'><figure class='gallery-item'>\n\t\t\t<div class='gallery-icon landscape'>\n\t\t\t\t<a href='https:\/\/unser-quartier.de\/emsdeich-skulpturen\/files\/2025\/01\/20231016_105410.jpg'><img loading=\"lazy\" decoding=\"async\" width=\"150\" height=\"113\" src=\"https:\/\/unser-quartier.de\/emsdeich-skulpturen\/files\/2025\/01\/20231016_105410-150x113.jpg\" class=\"attachment-thumbnail size-thumbnail\" alt=\"\" aria-describedby=\"gallery-2-5429\" srcset=\"https:\/\/unser-quartier.de\/emsdeich-skulpturen\/files\/2025\/01\/20231016_105410-150x113.jpg 150w, https:\/\/unser-quartier.de\/emsdeich-skulpturen\/files\/2025\/01\/20231016_105410-300x225.jpg 300w, https:\/\/unser-quartier.de\/emsdeich-skulpturen\/files\/2025\/01\/20231016_105410-768x576.jpg 768w, https:\/\/unser-quartier.de\/emsdeich-skulpturen\/files\/2025\/01\/20231016_105410.jpg 1200w\" sizes=\"auto, (max-width: 150px) 100vw, 150px\" \/><\/a>\n\t\t\t<\/div>\n\t\t\t\t<figcaption class='wp-caption-text gallery-caption' id='gallery-2-5429'>\n\t\t\t\tEntstehung\n\t\t\t\t<\/figcaption><\/figure><figure class='gallery-item'>\n\t\t\t<div class='gallery-icon landscape'>\n\t\t\t\t<a href='https:\/\/unser-quartier.de\/emsdeich-skulpturen\/files\/2025\/01\/20231016_105426.jpg'><img loading=\"lazy\" decoding=\"async\" width=\"150\" height=\"113\" src=\"https:\/\/unser-quartier.de\/emsdeich-skulpturen\/files\/2025\/01\/20231016_105426-150x113.jpg\" class=\"attachment-thumbnail size-thumbnail\" alt=\"\" srcset=\"https:\/\/unser-quartier.de\/emsdeich-skulpturen\/files\/2025\/01\/20231016_105426-150x113.jpg 150w, https:\/\/unser-quartier.de\/emsdeich-skulpturen\/files\/2025\/01\/20231016_105426-300x225.jpg 300w, https:\/\/unser-quartier.de\/emsdeich-skulpturen\/files\/2025\/01\/20231016_105426-768x576.jpg 768w, https:\/\/unser-quartier.de\/emsdeich-skulpturen\/files\/2025\/01\/20231016_105426.jpg 1200w\" sizes=\"auto, (max-width: 150px) 100vw, 150px\" \/><\/a>\n\t\t\t<\/div><\/figure><figure class='gallery-item'>\n\t\t\t<div class='gallery-icon portrait'>\n\t\t\t\t<a href='https:\/\/unser-quartier.de\/emsdeich-skulpturen\/files\/2025\/01\/20231017_165110.jpg'><img loading=\"lazy\" decoding=\"async\" width=\"150\" height=\"200\" src=\"https:\/\/unser-quartier.de\/emsdeich-skulpturen\/files\/2025\/01\/20231017_165110-150x200.jpg\" class=\"attachment-thumbnail size-thumbnail\" alt=\"\" srcset=\"https:\/\/unser-quartier.de\/emsdeich-skulpturen\/files\/2025\/01\/20231017_165110-150x200.jpg 150w, https:\/\/unser-quartier.de\/emsdeich-skulpturen\/files\/2025\/01\/20231017_165110-300x400.jpg 300w, https:\/\/unser-quartier.de\/emsdeich-skulpturen\/files\/2025\/01\/20231017_165110-768x1024.jpg 768w, https:\/\/unser-quartier.de\/emsdeich-skulpturen\/files\/2025\/01\/20231017_165110.jpg 900w\" sizes=\"auto, (max-width: 150px) 100vw, 150px\" \/><\/a>\n\t\t\t<\/div><\/figure><figure class='gallery-item'>\n\t\t\t<div class='gallery-icon landscape'>\n\t\t\t\t<a href='https:\/\/unser-quartier.de\/emsdeich-skulpturen\/files\/2025\/01\/20231019_094329.jpg'><img loading=\"lazy\" decoding=\"async\" width=\"150\" height=\"113\" src=\"https:\/\/unser-quartier.de\/emsdeich-skulpturen\/files\/2025\/01\/20231019_094329-150x113.jpg\" class=\"attachment-thumbnail size-thumbnail\" alt=\"\" aria-describedby=\"gallery-2-5432\" srcset=\"https:\/\/unser-quartier.de\/emsdeich-skulpturen\/files\/2025\/01\/20231019_094329-150x113.jpg 150w, https:\/\/unser-quartier.de\/emsdeich-skulpturen\/files\/2025\/01\/20231019_094329-300x225.jpg 300w, https:\/\/unser-quartier.de\/emsdeich-skulpturen\/files\/2025\/01\/20231019_094329-768x576.jpg 768w, https:\/\/unser-quartier.de\/emsdeich-skulpturen\/files\/2025\/01\/20231019_094329.jpg 1200w\" sizes=\"auto, (max-width: 150px) 100vw, 150px\" \/><\/a>\n\t\t\t<\/div>\n\t\t\t\t<figcaption class='wp-caption-text gallery-caption' id='gallery-2-5432'>\n\t\t\t\tAufbau\n\t\t\t\t<\/figcaption><\/figure><figure class='gallery-item'>\n\t\t\t<div class='gallery-icon portrait'>\n\t\t\t\t<a href='https:\/\/unser-quartier.de\/emsdeich-skulpturen\/files\/2025\/01\/20231019_140911.jpg'><img loading=\"lazy\" decoding=\"async\" width=\"150\" height=\"200\" src=\"https:\/\/unser-quartier.de\/emsdeich-skulpturen\/files\/2025\/01\/20231019_140911-150x200.jpg\" class=\"attachment-thumbnail size-thumbnail\" alt=\"\" srcset=\"https:\/\/unser-quartier.de\/emsdeich-skulpturen\/files\/2025\/01\/20231019_140911-150x200.jpg 150w, https:\/\/unser-quartier.de\/emsdeich-skulpturen\/files\/2025\/01\/20231019_140911-300x400.jpg 300w, https:\/\/unser-quartier.de\/emsdeich-skulpturen\/files\/2025\/01\/20231019_140911-768x1024.jpg 768w, https:\/\/unser-quartier.de\/emsdeich-skulpturen\/files\/2025\/01\/20231019_140911.jpg 900w\" sizes=\"auto, (max-width: 150px) 100vw, 150px\" \/><\/a>\n\t\t\t<\/div><\/figure><figure class='gallery-item'>\n\t\t\t<div class='gallery-icon landscape'>\n\t\t\t\t<a href='https:\/\/unser-quartier.de\/emsdeich-skulpturen\/files\/2025\/01\/20231019_153526.jpg'><img loading=\"lazy\" decoding=\"async\" width=\"150\" height=\"113\" src=\"https:\/\/unser-quartier.de\/emsdeich-skulpturen\/files\/2025\/01\/20231019_153526-150x113.jpg\" class=\"attachment-thumbnail size-thumbnail\" alt=\"\" srcset=\"https:\/\/unser-quartier.de\/emsdeich-skulpturen\/files\/2025\/01\/20231019_153526-150x113.jpg 150w, https:\/\/unser-quartier.de\/emsdeich-skulpturen\/files\/2025\/01\/20231019_153526-300x225.jpg 300w, https:\/\/unser-quartier.de\/emsdeich-skulpturen\/files\/2025\/01\/20231019_153526-768x576.jpg 768w, https:\/\/unser-quartier.de\/emsdeich-skulpturen\/files\/2025\/01\/20231019_153526.jpg 1200w\" sizes=\"auto, (max-width: 150px) 100vw, 150px\" \/><\/a>\n\t\t\t<\/div><\/figure><figure class='gallery-item'>\n\t\t\t<div class='gallery-icon portrait'>\n\t\t\t\t<a href='https:\/\/unser-quartier.de\/emsdeich-skulpturen\/files\/2025\/01\/IMG-20231023-WA0001.jpg'><img loading=\"lazy\" decoding=\"async\" width=\"150\" height=\"200\" src=\"https:\/\/unser-quartier.de\/emsdeich-skulpturen\/files\/2025\/01\/IMG-20231023-WA0001-150x200.jpg\" class=\"attachment-thumbnail size-thumbnail\" alt=\"\" aria-describedby=\"gallery-2-5439\" srcset=\"https:\/\/unser-quartier.de\/emsdeich-skulpturen\/files\/2025\/01\/IMG-20231023-WA0001-150x200.jpg 150w, https:\/\/unser-quartier.de\/emsdeich-skulpturen\/files\/2025\/01\/IMG-20231023-WA0001-300x400.jpg 300w, https:\/\/unser-quartier.de\/emsdeich-skulpturen\/files\/2025\/01\/IMG-20231023-WA0001.jpg 768w\" sizes=\"auto, (max-width: 150px) 100vw, 150px\" \/><\/a>\n\t\t\t<\/div>\n\t\t\t\t<figcaption class='wp-caption-text gallery-caption' id='gallery-2-5439'>\n\t\t\t\tEinweihung\n\t\t\t\t<\/figcaption><\/figure><figure class='gallery-item'>\n\t\t\t<div class='gallery-icon portrait'>\n\t\t\t\t<a href='https:\/\/unser-quartier.de\/emsdeich-skulpturen\/files\/2025\/01\/IMG-20231022-WA0004.jpg'><img loading=\"lazy\" decoding=\"async\" width=\"150\" height=\"200\" src=\"https:\/\/unser-quartier.de\/emsdeich-skulpturen\/files\/2025\/01\/IMG-20231022-WA0004-150x200.jpg\" class=\"attachment-thumbnail size-thumbnail\" alt=\"\" srcset=\"https:\/\/unser-quartier.de\/emsdeich-skulpturen\/files\/2025\/01\/IMG-20231022-WA0004-150x200.jpg 150w, https:\/\/unser-quartier.de\/emsdeich-skulpturen\/files\/2025\/01\/IMG-20231022-WA0004-300x400.jpg 300w, https:\/\/unser-quartier.de\/emsdeich-skulpturen\/files\/2025\/01\/IMG-20231022-WA0004-768x1024.jpg 768w, https:\/\/unser-quartier.de\/emsdeich-skulpturen\/files\/2025\/01\/IMG-20231022-WA0004.jpg 900w\" sizes=\"auto, (max-width: 150px) 100vw, 150px\" \/><\/a>\n\t\t\t<\/div><\/figure><figure class='gallery-item'>\n\t\t\t<div class='gallery-icon landscape'>\n\t\t\t\t<a href='https:\/\/unser-quartier.de\/emsdeich-skulpturen\/files\/2025\/01\/IMG-20231022-WA0013.jpg'><img loading=\"lazy\" decoding=\"async\" width=\"150\" height=\"84\" src=\"https:\/\/unser-quartier.de\/emsdeich-skulpturen\/files\/2025\/01\/IMG-20231022-WA0013-150x84.jpg\" class=\"attachment-thumbnail size-thumbnail\" alt=\"\" srcset=\"https:\/\/unser-quartier.de\/emsdeich-skulpturen\/files\/2025\/01\/IMG-20231022-WA0013-150x84.jpg 150w, https:\/\/unser-quartier.de\/emsdeich-skulpturen\/files\/2025\/01\/IMG-20231022-WA0013-300x169.jpg 300w, https:\/\/unser-quartier.de\/emsdeich-skulpturen\/files\/2025\/01\/IMG-20231022-WA0013-768x432.jpg 768w, https:\/\/unser-quartier.de\/emsdeich-skulpturen\/files\/2025\/01\/IMG-20231022-WA0013.jpg 1200w\" sizes=\"auto, (max-width: 150px) 100vw, 150px\" \/><\/a>\n\t\t\t<\/div><\/figure><figure class='gallery-item'>\n\t\t\t<div class='gallery-icon portrait'>\n\t\t\t\t<a href='https:\/\/unser-quartier.de\/emsdeich-skulpturen\/files\/2025\/01\/IMG-20231021-WA0007.jpg'><img loading=\"lazy\" decoding=\"async\" width=\"150\" height=\"200\" src=\"https:\/\/unser-quartier.de\/emsdeich-skulpturen\/files\/2025\/01\/IMG-20231021-WA0007-150x200.jpg\" class=\"attachment-thumbnail size-thumbnail\" alt=\"\" srcset=\"https:\/\/unser-quartier.de\/emsdeich-skulpturen\/files\/2025\/01\/IMG-20231021-WA0007-150x200.jpg 150w, https:\/\/unser-quartier.de\/emsdeich-skulpturen\/files\/2025\/01\/IMG-20231021-WA0007-300x400.jpg 300w, https:\/\/unser-quartier.de\/emsdeich-skulpturen\/files\/2025\/01\/IMG-20231021-WA0007-768x1024.jpg 768w, https:\/\/unser-quartier.de\/emsdeich-skulpturen\/files\/2025\/01\/IMG-20231021-WA0007.jpg 900w\" sizes=\"auto, (max-width: 150px) 100vw, 150px\" \/><\/a>\n\t\t\t<\/div><\/figure><figure class='gallery-item'>\n\t\t\t<div class='gallery-icon landscape'>\n\t\t\t\t<a href='https:\/\/unser-quartier.de\/emsdeich-skulpturen\/files\/2025\/01\/IMG-20231022-WA0015.jpg'><img loading=\"lazy\" decoding=\"async\" width=\"150\" height=\"84\" src=\"https:\/\/unser-quartier.de\/emsdeich-skulpturen\/files\/2025\/01\/IMG-20231022-WA0015-150x84.jpg\" class=\"attachment-thumbnail size-thumbnail\" alt=\"\" srcset=\"https:\/\/unser-quartier.de\/emsdeich-skulpturen\/files\/2025\/01\/IMG-20231022-WA0015-150x84.jpg 150w, https:\/\/unser-quartier.de\/emsdeich-skulpturen\/files\/2025\/01\/IMG-20231022-WA0015-300x169.jpg 300w, https:\/\/unser-quartier.de\/emsdeich-skulpturen\/files\/2025\/01\/IMG-20231022-WA0015-768x432.jpg 768w, https:\/\/unser-quartier.de\/emsdeich-skulpturen\/files\/2025\/01\/IMG-20231022-WA0015.jpg 1200w\" sizes=\"auto, (max-width: 150px) 100vw, 150px\" \/><\/a>\n\t\t\t<\/div><\/figure>\n\t\t<\/div>\n\n<p><strong><em>\u00a0<\/em><\/strong><\/p>\n","protected":false},"excerpt":{"rendered":"<p>Name, Vita, evtl. Link zur Homepage\u00a0\u00a0 Stefan Rosendahl\u00a0 Jahrgang 1970, 1993 Gesellenbrief als Steinbildhauer, 1997 Studium der Kunst \/Bildhauerei in Bremen, Marseille, M\u00fcnster, 2004 Meistersch\u00fcler &#8230; <a title=\"FLUSSbett\" class=\"read-more\" href=\"https:\/\/unser-quartier.de\/emsdeich-skulpturen\/flussbett-2\/\" aria-label=\"Mehr Informationen \u00fcber FLUSSbett\">weiterlesen &#8230;<\/a><\/p>\n","protected":false},"author":301,"featured_media":4866,"parent":0,"menu_order":0,"comment_status":"closed","ping_status":"closed","template":"","meta":{"generate_page_header":"","footnotes":""},"class_list":{"0":"post-5428","1":"page","2":"type-page","3":"status-publish","4":"has-post-thumbnail","6":"infinite-scroll-item","7":"resize-featured-image"},"_links":{"self":[{"href":"https:\/\/unser-quartier.de\/emsdeich-skulpturen\/wp-json\/wp\/v2\/pages\/5428","targetHints":{"allow":["GET"]}}],"collection":[{"href":"https:\/\/unser-quartier.de\/emsdeich-skulpturen\/wp-json\/wp\/v2\/pages"}],"about":[{"href":"https:\/\/unser-quartier.de\/emsdeich-skulpturen\/wp-json\/wp\/v2\/types\/page"}],"author":[{"embeddable":true,"href":"https:\/\/unser-quartier.de\/emsdeich-skulpturen\/wp-json\/wp\/v2\/users\/301"}],"replies":[{"embeddable":true,"href":"https:\/\/unser-quartier.de\/emsdeich-skulpturen\/wp-json\/wp\/v2\/comments?post=5428"}],"version-history":[{"count":3,"href":"https:\/\/unser-quartier.de\/emsdeich-skulpturen\/wp-json\/wp\/v2\/pages\/5428\/revisions"}],"predecessor-version":[{"id":5715,"href":"https:\/\/unser-quartier.de\/emsdeich-skulpturen\/wp-json\/wp\/v2\/pages\/5428\/revisions\/5715"}],"wp:featuredmedia":[{"embeddable":true,"href":"https:\/\/unser-quartier.de\/emsdeich-skulpturen\/wp-json\/wp\/v2\/media\/4866"}],"wp:attachment":[{"href":"https:\/\/unser-quartier.de\/emsdeich-skulpturen\/wp-json\/wp\/v2\/media?parent=5428"}],"curies":[{"name":"wp","href":"https:\/\/api.w.org\/{rel}","templated":true}]}}