{"id":174,"date":"2015-08-25T13:07:53","date_gmt":"2015-08-25T11:07:53","guid":{"rendered":"http:\/\/unser-quartier.de\/friedrichsfeld\/?page_id=174"},"modified":"2026-01-28T13:02:49","modified_gmt":"2026-01-28T12:02:49","slug":"unser-team","status":"publish","type":"page","link":"https:\/\/unser-quartier.de\/friedrichsfeld\/unser-team\/","title":{"rendered":"Unser Team"},"content":{"rendered":"<h3>Vorstand der KAB Bernhard Letterhaus Friedrichsfeld-Voerde<\/h3>\r\n<table cellpadding=\"20\">\r\n<tbody>\r\n<tr>\r\n<td><strong>Funktion<\/strong><\/td>\r\n<td><strong>Name<\/strong><\/td>\r\n<\/tr>\r\n<tr>\r\n<td>Pr\u00e4ses<\/td>\r\n<td>Martin Berendes (<a title=\"berendes-m@bistum-muenster.de\" href=\"mailto:berendes-m@bistum-muenster.de\" data-atip=\"commlink::email||C|A\">berendes-m@bistum-muenster.de<\/a>)<\/td>\r\n<\/tr>\r\n<tr>\r\n<td>Ehrenvorsitzender<\/td>\r\n<td>Gerhard Symann<\/td>\r\n<\/tr>\r\n<tr>\r\n<td>Vorsitzender<\/td>\r\n<td>J\u00fcrgen Berger (<a href=\"mailto:jue.berger@gmx.net\">jue.berger@gmx.net<\/a>)<\/td>\r\n<\/tr>\r\n<tr>\r\n<td>1. stellvertretender Vorsitzender<\/td>\r\n<td>Heinz van de Velden<\/td>\r\n<\/tr>\r\n<tr>\r\n<td>2. stellvertretender Vorsitzender<\/td>\r\n<td>Ulrich Rudolphi<\/td>\r\n<\/tr>\r\n<tr>\r\n<td>3. stellvertretender Vorsitzender<\/td>\r\n<td>Michael Schulz<\/td>\r\n<\/tr>\r\n<tr>\r\n<td>Kassierer<\/td>\r\n<td>Beate van de Velden<\/td>\r\n<\/tr>\r\n<tr>\r\n<td>Schriftf\u00fchrer<\/td>\r\n<td>Dietmar Berger<\/td>\r\n<\/tr>\r\n<tr>\r\n<td>Referent f\u00fcr Bildungsarbeit<\/td>\r\n<td>J\u00fcrgen Berger<\/td>\r\n<\/tr>\r\n<tr>\r\n<td>Referentinnen f\u00fcr Familien und KAB Frauen<\/td>\r\n<td>Annette Strauch, Dorothe Soster<\/td>\r\n<\/tr>\r\n<tr>\r\n<td>Beisitzer<\/td>\r\n<td>Bj\u00f6rn Berger<\/td>\r\n<\/tr>\r\n<tr>\r\n<td>Beisitzer<\/td>\r\n<td>Michael Strauch<\/td>\r\n<\/tr>\r\n<tr>\r\n<td>Beisitzer<\/td>\r\n<td>Markus Gehling<\/td>\r\n<\/tr>\r\n<\/tbody>\r\n<\/table>\r\n<div style=\"text-align: left;\">&nbsp;<\/div>\r\n<div>\r\n<table style=\"height: 37px;\" width=\"295\">\r\n<tbody>\r\n<tr>\r\n<td><b>Vertrauensleute:<\/b><\/td>\r\n<\/tr>\r\n<tr>\r\n<td>Guido Soster, Michael Strauch&nbsp;<\/td>\r\n<\/tr>\r\n<\/tbody>\r\n<\/table>\r\n<\/div>\r\n<p>Der Vorstand der KAB Bernhard Letterhaus Friedrichsfeld-Voerde<\/p>\r\n<p><a href=\"https:\/\/unser-quartier.de\/friedrichsfeld\/files\/2026\/01\/KAB-Gruendungsversammlung_16.jpg\" data-wpel-link=\"internal\"><img loading=\"lazy\" decoding=\"async\" class=\" wp-image-7726 alignleft\" src=\"https:\/\/unser-quartier.de\/friedrichsfeld\/files\/2026\/01\/KAB-Gruendungsversammlung_16-300x178.jpg\" alt=\"\" width=\"268\" height=\"159\" srcset=\"https:\/\/unser-quartier.de\/friedrichsfeld\/files\/2026\/01\/KAB-Gruendungsversammlung_16-300x178.jpg 300w, https:\/\/unser-quartier.de\/friedrichsfeld\/files\/2026\/01\/KAB-Gruendungsversammlung_16-1024x606.jpg 1024w, https:\/\/unser-quartier.de\/friedrichsfeld\/files\/2026\/01\/KAB-Gruendungsversammlung_16-150x89.jpg 150w, https:\/\/unser-quartier.de\/friedrichsfeld\/files\/2026\/01\/KAB-Gruendungsversammlung_16-768x454.jpg 768w, https:\/\/unser-quartier.de\/friedrichsfeld\/files\/2026\/01\/KAB-Gruendungsversammlung_16.jpg 1200w\" sizes=\"auto, (max-width: 268px) 100vw, 268px\" \/><\/a><\/p>\r\n<div>&nbsp;<\/div>\r\n<div>&nbsp;<\/div>\r\n","protected":false},"excerpt":{"rendered":"<p>Vorstand der KAB Bernhard Letterhaus Friedrichsfeld-Voerde Funktion Name Pr\u00e4ses Martin Berendes (berendes-m@bistum-muenster.de) Ehrenvorsitzender Gerhard Symann Vorsitzender J\u00fcrgen Berger (jue.berger@gmx.net) 1. stellvertretender Vorsitzender Heinz van de Velden 2. stellvertretender Vorsitzender Ulrich Rudolphi 3. stellvertretender Vorsitzender Michael Schulz Kassierer Beate van de Velden Schriftf\u00fchrer Dietmar Berger Referent f\u00fcr Bildungsarbeit J\u00fcrgen Berger Referentinnen f\u00fcr Familien und KAB Frauen &#8230; <a title=\"Unser Team\" class=\"read-more\" href=\"https:\/\/unser-quartier.de\/friedrichsfeld\/unser-team\/\" aria-label=\"Mehr Informationen \u00fcber Unser Team\" data-wpel-link=\"internal\">weiterlesen<\/a><\/p>\n","protected":false},"author":305,"featured_media":0,"parent":0,"menu_order":4,"comment_status":"closed","ping_status":"closed","template":"","meta":{"ngg_post_thumbnail":0,"generate_page_header":"","footnotes":""},"class_list":["post-174","page","type-page","status-publish"],"_links":{"self":[{"href":"https:\/\/unser-quartier.de\/friedrichsfeld\/wp-json\/wp\/v2\/pages\/174","targetHints":{"allow":["GET"]}}],"collection":[{"href":"https:\/\/unser-quartier.de\/friedrichsfeld\/wp-json\/wp\/v2\/pages"}],"about":[{"href":"https:\/\/unser-quartier.de\/friedrichsfeld\/wp-json\/wp\/v2\/types\/page"}],"author":[{"embeddable":true,"href":"https:\/\/unser-quartier.de\/friedrichsfeld\/wp-json\/wp\/v2\/users\/305"}],"replies":[{"embeddable":true,"href":"https:\/\/unser-quartier.de\/friedrichsfeld\/wp-json\/wp\/v2\/comments?post=174"}],"version-history":[{"count":4,"href":"https:\/\/unser-quartier.de\/friedrichsfeld\/wp-json\/wp\/v2\/pages\/174\/revisions"}],"predecessor-version":[{"id":7728,"href":"https:\/\/unser-quartier.de\/friedrichsfeld\/wp-json\/wp\/v2\/pages\/174\/revisions\/7728"}],"wp:attachment":[{"href":"https:\/\/unser-quartier.de\/friedrichsfeld\/wp-json\/wp\/v2\/media?parent=174"}],"curies":[{"name":"wp","href":"https:\/\/api.w.org\/{rel}","templated":true}]}}

<h3>Vorstand der KAB Bernhard Letterhaus Friedrichsfeld-Voerde</h3>
<table cellpadding="20">
<tbody>
<tr>
<td><strong>Funktion</strong></td>
<td><strong>Name</strong></td>
</tr>
<tr>
<td>Präses</td>
<td>Martin Berendes (<a title="berendes-m@bistum-muenster.de" href="mailto:berendes-m@bistum-muenster.de" data-atip="commlink::email||C|A">berendes-m@bistum-muenster.de</a>)</td>
</tr>
<tr>
<td>Ehrenvorsitzender</td>
<td>Gerhard Symann</td>
</tr>
<tr>
<td>Vorsitzender</td>
<td>Jürgen Berger (<a href="mailto:jue.berger@gmx.net">jue.berger@gmx.net</a>)</td>
</tr>
<tr>
<td>1. stellvertretender Vorsitzender</td>
<td>Heinz van de Velden</td>
</tr>
<tr>
<td>2. stellvertretender Vorsitzender</td>
<td>Ulrich Rudolphi</td>
</tr>
<tr>
<td>3. stellvertretender Vorsitzender</td>
<td>Michael Schulz</td>
</tr>
<tr>
<td>Kassierer</td>
<td>Beate van de Velden</td>
</tr>
<tr>
<td>Schriftführer</td>
<td>Dietmar Berger</td>
</tr>
<tr>
<td>Referent für Bildungsarbeit</td>
<td>Jürgen Berger</td>
</tr>
<tr>
<td>Referentinnen für Familien und KAB Frauen</td>
<td>Annette Strauch, Dorothe Soster</td>
</tr>
<tr>
<td>Beisitzer</td>
<td>Björn Berger</td>
</tr>
<tr>
<td>Beisitzer</td>
<td>Michael Strauch</td>
</tr>
<tr>
<td>Beisitzer</td>
<td>Markus Gehling</td>
</tr>
</tbody>
</table>
<div style="text-align: left;">&nbsp;</div>
<div>
<table style="height: 37px;" width="295">
<tbody>
<tr>
<td><b>Vertrauensleute:</b></td>
</tr>
<tr>
<td>Guido Soster, Michael Strauch&nbsp;</td>
</tr>
</tbody>
</table>
</div>
<p>Der Vorstand der KAB Bernhard Letterhaus Friedrichsfeld-Voerde</p>
<p><a href="https://unser-quartier.de/friedrichsfeld/files/2026/01/KAB-Gruendungsversammlung_16.jpg" data-wpel-link="internal"><img loading="lazy" decoding="async" class=" wp-image-7726 alignleft" src="https://unser-quartier.de/friedrichsfeld/files/2026/01/KAB-Gruendungsversammlung_16-300x178.jpg" alt="" width="268" height="159" srcset="https://unser-quartier.de/friedrichsfeld/files/2026/01/KAB-Gruendungsversammlung_16-300x178.jpg 300w, https://unser-quartier.de/friedrichsfeld/files/2026/01/KAB-Gruendungsversammlung_16-1024x606.jpg 1024w, https://unser-quartier.de/friedrichsfeld/files/2026/01/KAB-Gruendungsversammlung_16-150x89.jpg 150w, https://unser-quartier.de/friedrichsfeld/files/2026/01/KAB-Gruendungsversammlung_16-768x454.jpg 768w, https://unser-quartier.de/friedrichsfeld/files/2026/01/KAB-Gruendungsversammlung_16.jpg 1200w" sizes="auto, (max-width: 268px) 100vw, 268px" /></a></p>
<div>&nbsp;</div>
<div>&nbsp;</div>

<p>Vorstand der KAB Bernhard Letterhaus Friedrichsfeld-Voerde Funktion Name Präses Martin Berendes (berendes-m@bistum-muenster.de) Ehrenvorsitzender Gerhard Symann Vorsitzender Jürgen Berger (jue.berger@gmx.net) 1. stellvertretender Vorsitzender Heinz van de Velden 2. stellvertretender Vorsitzender Ulrich Rudolphi 3. stellvertretender Vorsitzender Michael Schulz Kassierer Beate van de Velden Schriftführer Dietmar Berger Referent für Bildungsarbeit Jürgen Berger Referentinnen für Familien und KAB Frauen &#8230; <a title="Unser Team" class="read-more" href="https://unser-quartier.de/friedrichsfeld/unser-team/" aria-label="Mehr Informationen über Unser Team" data-wpel-link="internal">weiterlesen</a></p>
