{"id":1202,"date":"2014-07-31T12:07:32","date_gmt":"2014-07-31T12:07:32","guid":{"rendered":"http:\/\/unser-quartier.de\/habitare-secum\/?page_id=1202"},"modified":"2015-03-29T14:44:03","modified_gmt":"2015-03-29T14:44:03","slug":"ernaehrung-gesundheit-krankheit","status":"publish","type":"page","link":"https:\/\/unser-quartier.de\/habitare-secum\/lebenserinnerungen\/ernaehrung-gesundheit-krankheit\/","title":{"rendered":"Ern\u00e4hrung Gesundheit Krankheit"},"content":{"rendered":"<h2><a title=\"Fl\u00fcchtlingskinder waren meine Freundinnen\" href=\"https:\/\/unser-quartier.de\/habitare-secum\/2015\/03\/fluechtlingskinder-waren-meine-freundinnen\/\">Fl\u00fcchtlingskinder waren meine Freundinnen<\/a><\/h2>\n<p>Wir schrieben das Jahr 1944, mitten im 2. Weltkrieg. Die Bombenangriffe auf Essen fielen in immer k\u00fcrzeren Zeitabst\u00e4nden, da brachten mich meine Eltern, weil ich st\u00e4ndig erk\u00e4ltet war und oft Mandelentz\u00fcndungen hatte, zu Pflegeeltern nach Schoningen im Solling am Harz.<\/p>\n<p>In dem Dorf gab es Gott sei Dank kein Hin-und-her-Gezerre mehr zwischen Kinderbett, Bunker oder Luftschutzkeller. Meine Mutter sah ich allerdings nur noch f\u00fcr einige Tage im Monat und meinen Vater nur einmal im Jahr, wenn er Urlaub hatte. Aber meine Pflegeeltern waren gut zu mir, da hatte ich Gl\u00fcck.<\/p>\n<p>In dem 3000-Seelendorf waren wir also sicher vor Bombenangriffen, nicht aber vor Fl\u00fcchtlingsstr\u00f6men.<\/p>\n<hr \/>\n<h2><\/h2>\n<h2><a title=\"Anstehen f\u00fcr Wurstbr\u00fche\" href=\"https:\/\/unser-quartier.de\/habitare-secum\/2014\/03\/anstehen-fuer-wurstbruehe\/\">Anstehen f\u00fcr Wurstbr\u00fche<\/a><\/h2>\n<p>Mitte Januar 1944 bekamen wir mit der Post ein P\u00e4ckchen mit Lebensmitteln, welches mein Vater im November 1943 noch vor seinem Tod an uns abgeschickt hatte. Wir haben uns \u00fcber die Lebensmittel sehr gefreut, aber ansonsten waren wir sehr traurig. Eines Morgens <a title=\"Anstehen f\u00fcr Wurstbr\u00fche\" href=\"https:\/\/unser-quartier.de\/habitare-secum\/2014\/03\/anstehen-fuer-wurstbruehe\/\">&#8230;<\/a><\/p>\n<hr \/>\n<h2><a title=\"L\u00e4use und Kopft\u00fccher\" href=\"https:\/\/unser-quartier.de\/habitare-secum\/2014\/03\/laeuse-und-kopftuecher\/\">L\u00e4use und Kopft\u00fccher<\/a><\/h2>\n<p>Im Schlackenberg selbst war eine unertr\u00e4gliche Enge, weil immer mehr ausgebombte Leute Unterschlupf suchten. Die sanit\u00e4ren Zust\u00e4nde wurden immer unertr\u00e4glicher und gro\u00dfe Probleme gab es. Es brachen dauernd schlimme Krankheiten aus. Wir Kinder und auch viele Erwachsene hatten sowieso schon L\u00e4use in den Haaren. An diese Zeit kann ich mich gut erinnern, denn ich hatte lange Z\u00f6pfe und das K\u00e4mmen war jedes Mal sehr schmerzlich. Die Haare durften nicht so oft gewaschen werden, <a title=\"L\u00e4use und Kopft\u00fccher\" href=\"https:\/\/unser-quartier.de\/habitare-secum\/2014\/03\/laeuse-und-kopftuecher\/\">&#8230;<\/a><\/p>\n","protected":false},"excerpt":{"rendered":"<p>Fl\u00fcchtlingskinder waren meine Freundinnen Wir schrieben das Jahr 1944, mitten im 2. Weltkrieg. Die Bombenangriffe auf Essen fielen in immer k\u00fcrzeren Zeitabst\u00e4nden, da brachten mich meine Eltern, weil ich st\u00e4ndig erk\u00e4ltet war und oft Mandelentz\u00fcndungen hatte, zu Pflegeeltern nach Schoningen im Solling am Harz. In dem Dorf gab es Gott sei Dank kein Hin-und-her-Gezerre mehr &#8230; <a title=\"Ern\u00e4hrung Gesundheit Krankheit\" class=\"read-more\" href=\"https:\/\/unser-quartier.de\/habitare-secum\/lebenserinnerungen\/ernaehrung-gesundheit-krankheit\/\" aria-label=\"Mehr Informationen \u00fcber Ern\u00e4hrung Gesundheit Krankheit\">Weiterlesen<\/a><\/p>\n","protected":false},"author":27,"featured_media":432,"parent":1099,"menu_order":5,"comment_status":"open","ping_status":"open","template":"","meta":{"footnotes":""},"class_list":["post-1202","page","type-page","status-publish","has-post-thumbnail"],"jetpack_sharing_enabled":true,"_links":{"self":[{"href":"https:\/\/unser-quartier.de\/habitare-secum\/wp-json\/wp\/v2\/pages\/1202","targetHints":{"allow":["GET"]}}],"collection":[{"href":"https:\/\/unser-quartier.de\/habitare-secum\/wp-json\/wp\/v2\/pages"}],"about":[{"href":"https:\/\/unser-quartier.de\/habitare-secum\/wp-json\/wp\/v2\/types\/page"}],"author":[{"embeddable":true,"href":"https:\/\/unser-quartier.de\/habitare-secum\/wp-json\/wp\/v2\/users\/27"}],"replies":[{"embeddable":true,"href":"https:\/\/unser-quartier.de\/habitare-secum\/wp-json\/wp\/v2\/comments?post=1202"}],"version-history":[{"count":0,"href":"https:\/\/unser-quartier.de\/habitare-secum\/wp-json\/wp\/v2\/pages\/1202\/revisions"}],"up":[{"embeddable":true,"href":"https:\/\/unser-quartier.de\/habitare-secum\/wp-json\/wp\/v2\/pages\/1099"}],"wp:featuredmedia":[{"embeddable":true,"href":"https:\/\/unser-quartier.de\/habitare-secum\/wp-json\/wp\/v2\/media\/432"}],"wp:attachment":[{"href":"https:\/\/unser-quartier.de\/habitare-secum\/wp-json\/wp\/v2\/media?parent=1202"}],"curies":[{"name":"wp","href":"https:\/\/api.w.org\/{rel}","templated":true}]}}