{"id":1849,"date":"2015-05-14T16:16:31","date_gmt":"2015-05-14T16:16:31","guid":{"rendered":"http:\/\/unser-quartier.de\/habitare-secum\/?page_id=1849"},"modified":"2015-05-14T16:50:30","modified_gmt":"2015-05-14T16:50:30","slug":"alltag-und-krieg","status":"publish","type":"page","link":"https:\/\/unser-quartier.de\/habitare-secum\/lebenserinnerungen\/kindheit-und-jugend\/alltag-und-krieg\/","title":{"rendered":"Alltag und Krieg"},"content":{"rendered":"<h1>Bomben waren normal <em>oder:<\/em> <a href=\"https:\/\/unser-quartier.de\/habitare-secum\/2015\/04\/bombenangriffe-auf-essen\/\">Bombenangriffe auf Essen<\/a><\/h1>\n<p>Ich wurde am 7. April 1938 in Essen geboren und habe als kleines Kind die schlimmen Bombenangriffe auf Essen bis Januar 1944 erlebt.<\/p>\n<p>Als ich ca. 4\/5 Jahre alt war (1942\/1943) fing es mit dem Sirenengeheul an. Diese Ger\u00e4usche konnte ich nat\u00fcrlich noch nicht einordnen und machten mich \u00e4ngstlich. Die Bombenangriffe, die darauf folgten, habe ich zu Gen\u00fcge erlebt. Am Sirenengeheul (mit Voralarm) konnte man erkennen, ob wir den Weg bis zum Bunker, der ca. 15 Minuten von unserer Wohnung entfernt war, d. h. von der M\u00fclheimer Stra\u00dfe 123 bis zur Breslauer Stra\u00dfe\/Ecke Kruppstra\u00dfe, noch schaffen w\u00fcrden oder in den Luftschutzkeller (nur h\u00f6chste Alarmstufe) mussten. Auch nachts wurden wir von den Bombenangriffen \u00fcberrascht.<\/p>\n","protected":false},"excerpt":{"rendered":"<p>Bomben waren normal oder: Bombenangriffe auf Essen Ich wurde am 7. April 1938 in Essen geboren und habe als kleines Kind die schlimmen Bombenangriffe auf Essen bis Januar 1944 erlebt. Als ich ca. 4\/5 Jahre alt war (1942\/1943) fing es mit dem Sirenengeheul an. Diese Ger\u00e4usche konnte ich nat\u00fcrlich noch nicht einordnen und machten mich &#8230; <a title=\"Alltag und Krieg\" class=\"read-more\" href=\"https:\/\/unser-quartier.de\/habitare-secum\/lebenserinnerungen\/kindheit-und-jugend\/alltag-und-krieg\/\" aria-label=\"Mehr Informationen \u00fcber Alltag und Krieg\">Weiterlesen<\/a><\/p>\n","protected":false},"author":27,"featured_media":0,"parent":1088,"menu_order":2,"comment_status":"open","ping_status":"open","template":"","meta":{"footnotes":""},"class_list":["post-1849","page","type-page","status-publish"],"jetpack_sharing_enabled":true,"_links":{"self":[{"href":"https:\/\/unser-quartier.de\/habitare-secum\/wp-json\/wp\/v2\/pages\/1849","targetHints":{"allow":["GET"]}}],"collection":[{"href":"https:\/\/unser-quartier.de\/habitare-secum\/wp-json\/wp\/v2\/pages"}],"about":[{"href":"https:\/\/unser-quartier.de\/habitare-secum\/wp-json\/wp\/v2\/types\/page"}],"author":[{"embeddable":true,"href":"https:\/\/unser-quartier.de\/habitare-secum\/wp-json\/wp\/v2\/users\/27"}],"replies":[{"embeddable":true,"href":"https:\/\/unser-quartier.de\/habitare-secum\/wp-json\/wp\/v2\/comments?post=1849"}],"version-history":[{"count":0,"href":"https:\/\/unser-quartier.de\/habitare-secum\/wp-json\/wp\/v2\/pages\/1849\/revisions"}],"up":[{"embeddable":true,"href":"https:\/\/unser-quartier.de\/habitare-secum\/wp-json\/wp\/v2\/pages\/1088"}],"wp:attachment":[{"href":"https:\/\/unser-quartier.de\/habitare-secum\/wp-json\/wp\/v2\/media?parent=1849"}],"curies":[{"name":"wp","href":"https:\/\/api.w.org\/{rel}","templated":true}]}}