{"id":11175,"date":"2019-10-24T15:43:13","date_gmt":"2019-10-24T13:43:13","guid":{"rendered":"https:\/\/unser-quartier.de\/hagelkreuz\/?page_id=11175"},"modified":"2025-02-14T11:41:35","modified_gmt":"2025-02-14T11:41:35","slug":"offener-malkreis","status":"publish","type":"page","link":"https:\/\/unser-quartier.de\/hagelkreuz\/freizeit\/offener-malkreis\/","title":{"rendered":"Offener Malkreis"},"content":{"rendered":"<p>Beim Malen oder Zeichnen gibt es weder richtig oder falsch, noch gut oder schlecht: Es ist ein kreatives Hobby und macht besonders viel Spa\u00df, wenn es gemeinsam mit anderen Menschen gelebt wird. Diese Idee hat Jos\u00e9 Kamper aufgenommen und bietet immer mittwochs von 10 Uhr bis 12 Uhr f\u00fcr zwei Stunden eine M\u00f6glichkeit zum Austausch f\u00fcr acht kreative Malerinnen und Maler im Quartiersb\u00fcro auf dem Concordienplatz.<span id=\"more-10815\"><\/span><\/p>\n<p>Jos\u00e9 Kamper ist vielen Kempenern durch ihre Ausstellungen u. a. im Rathaus der Stadt bekannt. Wer Lust hat, kann sich telefonisch bei der Kempener Malerin unter 0 21 52 \/ 47 19 anmelden.<\/p>\n<p>Siehe auch die Artikel:<\/p>\n<p>21.04.2020\u00a0 <a href=\"https:\/\/unser-quartier.de\/hagelkreuz\/2020\/04\/offener-malkreis-trotzt-corona\/\" data-wpel-link=\"internal\">Offener Malkreis trotzt Corona<\/a><\/p>\n<p>18.12.2019 <a href=\"https:\/\/unser-quartier.de\/hagelkreuz\/2019\/12\/wenn-aus-farben-bilder-werden\/\" data-wpel-link=\"internal\">Wenn aus Farben Bilder werden<\/a><\/p>\n<p>07.08.2019 <a href=\"https:\/\/unser-quartier.de\/hagelkreuz\/2019\/08\/kreativitaet-ausleben-malkreis-im-quartiersbuero\/\" data-wpel-link=\"internal\">Kreativit\u00e4t ausleben \u2013 Malkreis im Quartiersb\u00fcro<\/a><\/p>\nKeine  Veranstaltungen\n<h3>Weitere Termine vom Quartiersprojekt Hagelkreuz finden Sie unter <a href=\"https:\/\/unser-quartier.de\/hagelkreuz\/veranstaltungen\/liste\/\" data-wpel-link=\"internal\">Veranstaltungen.<\/a><\/h3>\n<p>&nbsp;<\/p>\n","protected":false},"excerpt":{"rendered":"<p>Beim Malen oder Zeichnen gibt es weder richtig oder falsch, noch gut oder schlecht: Es ist ein kreatives Hobby und macht besonders viel Spa\u00df, wenn es gemeinsam mit anderen Menschen gelebt wird. Diese Idee hat Jos\u00e9 Kamper aufgenommen und bietet immer mittwochs von 10 Uhr bis 12 Uhr f\u00fcr zwei Stunden eine M\u00f6glichkeit zum Austausch&hellip; <a class=\"continue\" href=\"https:\/\/unser-quartier.de\/hagelkreuz\/freizeit\/offener-malkreis\/\" data-wpel-link=\"internal\"> \u00bb weiterlesen: <span> Offener Malkreis<\/span><\/a><\/p>\n","protected":false},"author":391,"featured_media":20001,"parent":2943,"menu_order":4,"comment_status":"closed","ping_status":"closed","template":"","meta":{"generate_page_header":"","footnotes":""},"class_list":["post-11175","page","type-page","status-publish","has-post-thumbnail"],"_links":{"self":[{"href":"https:\/\/unser-quartier.de\/hagelkreuz\/wp-json\/wp\/v2\/pages\/11175","targetHints":{"allow":["GET"]}}],"collection":[{"href":"https:\/\/unser-quartier.de\/hagelkreuz\/wp-json\/wp\/v2\/pages"}],"about":[{"href":"https:\/\/unser-quartier.de\/hagelkreuz\/wp-json\/wp\/v2\/types\/page"}],"author":[{"embeddable":true,"href":"https:\/\/unser-quartier.de\/hagelkreuz\/wp-json\/wp\/v2\/users\/391"}],"replies":[{"embeddable":true,"href":"https:\/\/unser-quartier.de\/hagelkreuz\/wp-json\/wp\/v2\/comments?post=11175"}],"version-history":[{"count":3,"href":"https:\/\/unser-quartier.de\/hagelkreuz\/wp-json\/wp\/v2\/pages\/11175\/revisions"}],"predecessor-version":[{"id":22300,"href":"https:\/\/unser-quartier.de\/hagelkreuz\/wp-json\/wp\/v2\/pages\/11175\/revisions\/22300"}],"up":[{"embeddable":true,"href":"https:\/\/unser-quartier.de\/hagelkreuz\/wp-json\/wp\/v2\/pages\/2943"}],"wp:featuredmedia":[{"embeddable":true,"href":"https:\/\/unser-quartier.de\/hagelkreuz\/wp-json\/wp\/v2\/media\/20001"}],"wp:attachment":[{"href":"https:\/\/unser-quartier.de\/hagelkreuz\/wp-json\/wp\/v2\/media?parent=11175"}],"curies":[{"name":"wp","href":"https:\/\/api.w.org\/{rel}","templated":true}]}}