{"id":11180,"date":"2019-10-24T15:52:48","date_gmt":"2019-10-24T13:52:48","guid":{"rendered":"https:\/\/unser-quartier.de\/hagelkreuz\/?page_id=11180"},"modified":"2020-10-16T12:12:42","modified_gmt":"2020-10-16T10:12:42","slug":"gemeinschaftliches-gaertnern","status":"publish","type":"page","link":"https:\/\/unser-quartier.de\/hagelkreuz\/gemeinschaftliches-gaertnern\/","title":{"rendered":"Urban Gardening"},"content":{"rendered":"<h1>Quartiersprojekt: Urban Gardening in Kempen &#8211; Hagelkreuz<\/h1>\n<h3>Verantwortlich<\/h3>\n<p>Stadt Kempen, Quartiersentwicklung Hagelkreuz, Ingo Behr, Concordienplatz 7, 47906 Kempen, Telefon: 0 21 52 \/ 4201<\/p>\n<h3>und in Kooperation mit:<\/h3>\n<p>B\u00fcrgerverein Hagelkreuz e.V., GFA (Gesellschaft zur F\u00f6rderung der Arbeitsaufnahme mbH &amp; Co. KG), GWG Kreis Viersen (Gemeinn\u00fctzige Wohnungsgesellschaft im Kreis Viersen), NABU (Naturschutzbund Deutschland Bezirksverband Krefeld\/Viersen Ortsverband Kempen e.V.), Ratsherr Jeyaratnam Caniceus<\/p>\n<h3>Projektstart<\/h3>\n<p>Oktober 2019\u00a0<\/p>\n<h3>Projektbeschreibung\u00a0\u00a0\u00a0<\/h3>\n<p>G\u00e4rten sind Orte, um gesunde Lebensmittel zur Selbstversorgung anzubauen und die Natur erfahrbar und erlebbar zu machen. Sie k\u00f6nnen interkulturelle Begegnungen f\u00f6rdern, Nachbarn und verschiedene Altersgruppen zusammenf\u00fchren und bieten Gelegenheit, sich \u00fcber die Ern\u00e4hrung der n\u00e4chsten Generationen auseinanderzusetzten. Die gemeinsame Best\u00e4tigung gilt als sinnvolle Besch\u00e4ftigung.\u00a0<\/p>\n<p>Der Boom von G\u00e4rten in Stadtgebieten ist nicht zu \u00fcbersehen und die Tendenz ist weiter steigend. Die Stadt Kempen schlie\u00dft sich mit einem Projekt im Hagelkreuz der allgegenw\u00e4rtigen urbanen Gartenbewegung an und unterst\u00fctzt eine Freifl\u00e4che im Bereich der Nansenstra\u00dfe. Die ca. 400 m\u00b2 gro\u00dfe Fl\u00e4che wurde von der gemeinn\u00fctzigen Wohnungsgenossenschaft eG im Kreis Viersen zur Verf\u00fcgung gestellt.<\/p>\n<p>Dabei geht es zum einen um die Versch\u00f6nerung und Bereicherung des st\u00e4dtischen Lebens und zum anderen um die Bildung neuer Gemeinschaften. Oft werden junge Menschen aktiv und f\u00fchlen sich angesprochen, um mit neuen Konzepten auf zuk\u00fcnftige Herausforderungen wie Ern\u00e4hrungskrisen und Umweltprobleme, Isolation, Vereinzelung oder mangelnde Freir\u00e4ume und st\u00e4dtische Defizite zu reagieren. \u00a0<\/p>\n<p>Als Initiator gilt der fraktionslose Ratsherr Jeyaratnam Canieceus. Auch der B\u00fcrgerverein Hagelkreuz, die GFA \u2013 Gesellschaft zur F\u00f6rderung der Arbeitsaufnahme mbH &amp; Co. KG \u2013 und der NABU Naturschutzbund Deutschland Bezirksverband Krefeld\/Viersen Ortsverband Kempen e.V. sind involviert. Das Gartenprojekt widmet sich der nicht-kommerziellen kollektiven Nutzung der Freifl\u00e4chen und wird selbstverwaltend durch eine Gruppe freiwilliger und interessierte B\u00fcrgerinnen und B\u00fcrger der Stadt Kempen organisiert.<\/p>\n<h3>Projekt-Identit\u00e4t<\/h3>\n<p>Urban Gardening Kempen \u00a0<\/p>\n<h3>Auftakt und Einladung via Webseite und Pressemitteilung:<\/h3>\n<h3>Quartiersb\u00fcro und Kooperationspartner laden ein &#8211; G\u00e4rtnerische Nutzung von Fl\u00e4chen<\/h3>\n<p>Nahrungsmittel lokal erzeugen, Transportwege verringern und das Mikroklima im st\u00e4dtischen Umfeld verbessern: Das geht mit urbanem Gartenbau, auch Urban Gardening genannt. Auf einer Freifl\u00e4che k\u00f6nnen Interessierte jetzt im Hagelkreuz umweltvertr\u00e4glich und sozialgerecht produziert die Eigenproduktion und Versorgung mit Nahrungsmitteln starten.<\/p>\n<h3>Vorstellung des Projektes am 12. Oktober, um 10 Uhr<\/h3>\n<p>\u201eWir laden zur Vorstellung des Projektes am Samstag, 12. Oktober 2019, um 10 Uhr in die Nansenstra\u00dfe H\u00f6he des Wendehammers herzlich ein\u201c, freut sich Ingo Behr, Quartiersentwickler der Stadt Kempen. Zwei Freifl\u00e4chen st\u00fcnden zur Selbstverwaltung zur Verf\u00fcgung, die am Informationstag direkt besichtigt werden k\u00f6nnen. \u201eDaf\u00fcr w\u00e4re es gut, wenn die Interessenten mit dem Fahrrad kommen\u201c, meint Behr. So k\u00f6nne die Gruppe unmittelbar und gemeinsam beide Freifl\u00e4chen an der Nansenstra\u00dfe und anschlie\u00dfend am B\u00fcrgerwald in Augenschein nehmen (nachtr\u00e4gliche Anmerkung des Verantwortlichen: F\u00fcr das Projekt steht ausschlie\u00dflich die Gartenfl\u00e4che an der Nansenstra\u00dfe zur Verf\u00fcgung).<\/p>\n<h3>Kooperationsverbund \u2013 Gemeinschaft ist dabei Programm<\/h3>\n<p>Nat\u00fcrlich geh\u00f6ren neben dem gr\u00fcnen Daumen der aktiven Gartenfreunde auch stille Akteure im Hintergrund zu dem Projekt dazu: Gemeinsam ziehen der Ideengeber Ratsherr Caniceus, der B\u00fcrgerverein Hagelkreuz, die Gemeinn\u00fctzige Wohnungsgenossenschaft eG im Kreis Viersen, die GFA \u2013 Gesellschaft zur F\u00f6rderung der Arbeitsaufnahme mbH &amp; Co. KG \u2013 und der NABU Naturschutzbund Deutschland Bezirksverband Krefeld\/Viersen Ortsverband Kempen e.V. an einem Strang.<\/p>\n<h3>Salat, Radieschen &amp; Co. vom Hagelkreuz<\/h3>\n<p>In der heutigen Zeit wird dem st\u00e4dtischen Gartenbau erneut h\u00f6here Aufmerksamkeit zuteil \u2013 auch wenn das Umland von Kempen viel landwirtschaftliche Fl\u00e4che umgibt. \u201eHier k\u00f6nnen kleine und gro\u00dfe Kempener wieder erleben, sehen und f\u00fchlen, wie Mohrr\u00fcben wachsen und Zucchini sich von der Bl\u00fcte bis zur langen oder runden Variante entwickeln\u201c, meint Behr. Aber auch Kr\u00e4uter- oder Hochbeete seien denkbar. \u201eDaher laden wir \u2013 vom Kindergarten bis zum Rentner \u2013 zu einer Kennenlern- und Informationsveranstaltung ein, um Vorstellungen und Erwartungen zu ergr\u00fcnden\u201c.<\/p>\n<p>Das gemeinsame G\u00e4rtnern sei dar\u00fcber hinaus gelebter Austausch in und mit einer sozialen Gemeinschaft, es entstehen Begegnungen und ein Gemeinschaftsgarten f\u00f6rdert das Engagement f\u00fcr den Stadtteil. Ein guter Grund, das Projekt im Hagelkreuz f\u00fcr Kempen zu starten.<\/p>\n<h3>Ansprechpartner:<\/h3>\n<p>Ingo Behr &#8211; Quartiersb\u00fcro Hagelkreuz, Concordienplatz 7, 47906 Kempen, Telefon: 0 21 52 \/ 4201, E-Mail: urban.gardening@hagelkreuz-kempen.de<\/p>\n<h1>Projekt-Treffen\u00a0\u00a0\u00a0\u00a0\u00a0\u00a0\u00a0\u00a0\u00a0\u00a0\u00a0\u00a0\u00a0\u00a0\u00a0\u00a0\u00a0\u00a0\u00a0\u00a0\u00a0\u00a0\u00a0\u00a0\u00a0\u00a0\u00a0\u00a0\u00a0\u00a0<\/h1>\n<h3>Auftakt und Einladung via Webseite und Pressemitteilung:<\/h3>\n<h3>Kick-off mit Freif\u00e4chenbesichtigung f\u00fcr urbanen Gartenbau &#8211; Die essbare Stadt kommt\u00a0<\/h3>\n<p>Nach einer Ortsbegehung der zwei Freifl\u00e4chen Mitte Oktober, die ab 2020 f\u00fcr das Projekt \u201eUrban Gardening\u201c im Hagelkreuz zur Verf\u00fcgung stehen, treffen sich jetzt rund 15 Interessierte am Montag, 11. November 2019, um 18 Uhr im Quartiersb\u00fcro am Concordienplatz 7, um erste Gedanken, Erwartungen und die konkrete Herangehensweise zu diskutieren und laden weitere Hobby-G\u00e4rtnerinnen und G\u00e4rtner ein.<\/p>\n<h3>Gleichgesinnte &amp; nachbarschaftliches G\u00e4rtnern<\/h3>\n<p>\u201eIch finde den Gedanken sehr gut und freue mich, dass wir die Gelegenheit bekommen, einerseits die Gr\u00fcnfl\u00e4chen zu nutzen und andererseits, dass wir Kontakt zu Gleichgesinnten in der Nachbarschaft bekommen, wenn wir graben, pflanzen, pflegen und ernten\u201c, meint die 19j\u00e4hrige Annika Plich aus der Einsteinstra\u00dfe bei der Fl\u00e4chenbesichtigung. Gemeinsam mit den Mitstreiterinnen Michaela Dahmen und Barbara Lingen, die am Ring in Kempen wohnt und die Gr\u00fcnfl\u00e4chen gern mit ihren beiden Jungen f\u00fcr naturnahen Gartenbau nutzen m\u00f6chte, unterst\u00fctzen die Damen allesamt die Idee der essbaren Stadt. Siehe auch den Artikel: <a href=\"http:\/\/Quartiersb\u00fcro und Kooperationspartner laden ein: G\u00e4rtnerische Nutzung von Fl\u00e4chen\" data-wpel-link=\"external\" target=\"_self\" rel=\"nofollow external noopener noreferrer\" title=\"Externer Link: \" class=\"ext-link wpel-icon-right\">Quartiersb\u00fcro und Kooperationspartner laden ein: G\u00e4rtnerische Nutzung von Fl\u00e4chen<span class=\"wpel-icon wpel-image wpel-icon-6\"><\/span><\/a><\/p>\n<p>Auch die Garten- und Landschaftsbau-Fachfrau aus St. T\u00f6nis, Claudia\u00a0Erdmann, kam zum Projektstart. \u201eZur ersten Sitzung werde ich die Fl\u00e4chen digital zeichnen, damit wir eine gemeinsame Diskussionsgrundlage haben\u201c, bietet sie der Gruppe an und stellt ihre Kompetenz zur Verf\u00fcgung. Sie wohnt gleich um die Ecke einer Freifl\u00e4che.<\/p>\n<h3>Hochbeet oder Bl\u00fctenparadies<\/h3>\n<p>Bei herbstlichem Sonnenschein kam der eine oder andere schon ins Schw\u00e4rmen und tr\u00e4umt von einem Liegestuhl im n\u00e4chsten Jahr auf der Nansenstra\u00dfe. Doch vor dem Genuss steht die gemeinschaftliche Arbeit und der konstruktive Austausch auf dem Plan. Wichtig f\u00fcr die Gruppe ist, dass jeder mitmachen kann: Ob aus dem Hagelkreuz, St. Hubert, T\u00f6nisberg oder Unterweiden\/Schmalbroich &#8211; jeder Kempener ist willkommen und kann sich einbringen.<\/p>\n<h3>Projektsitzungen &#8222;Urban Gardening&#8220;:<\/h3>\n<p>Ab Februar 2020 finden jeden 1. Samstag im Monat um 11 Uhr, im Quartiersb\u00fcro Hagelkreuz, 47906 Kempen die Projektsitzungen &#8222;Urban Garding&#8220; statt.<\/p>\n<p>Interessierte k\u00f6nnen jederzeit vorbeischauen, sich \u00fcber Urban Gardening informieren und die Fortschritte in den Hochbeeten bestaunen. Wir freuen uns \u00fcber Gespr\u00e4che mit Ihnen \u00fcber Natur, Pflanzen und dies und das.<\/p>\n<h3>Die n\u00e4chsten Termine:<\/h3>\n<p>01. Mai 2026 um 14:00 - 15:30 Uhr<br \/><strong><a href=\"https:\/\/unser-quartier.de\/hagelkreuz\/events\/urban-gardening-3-2026-05-01\/\" data-wpel-link=\"internal\">Urban Gardening<\/a><\/strong><br \/><a href=\"https:\/\/unser-quartier.de\/hagelkreuz\/?post_type=page&#038;p=11180\" data-wpel-link=\"internal\"><\/a><\/p><p>05. Juni 2026 um 14:00 - 15:30 Uhr<br \/><strong><a href=\"https:\/\/unser-quartier.de\/hagelkreuz\/events\/urban-gardening-3-2026-06-05\/\" data-wpel-link=\"internal\">Urban Gardening<\/a><\/strong><br \/><a href=\"https:\/\/unser-quartier.de\/hagelkreuz\/?post_type=page&#038;p=11180\" data-wpel-link=\"internal\"><\/a><\/p><p>03. Juli 2026 um 14:00 - 15:30 Uhr<br \/><strong><a href=\"https:\/\/unser-quartier.de\/hagelkreuz\/events\/urban-gardening-3-2026-07-03\/\" data-wpel-link=\"internal\">Urban Gardening<\/a><\/strong><br \/><a href=\"https:\/\/unser-quartier.de\/hagelkreuz\/?post_type=page&#038;p=11180\" data-wpel-link=\"internal\"><\/a><\/p>\n<h3>Weitere Termine vom Quartiersprojekt Hagelkreuz finden Sie unter <a href=\"https:\/\/unser-quartier.de\/hagelkreuz\/veranstaltungen\/liste\/\" data-wpel-link=\"internal\">Veranstaltungen.<\/a><\/h3>\n","protected":false},"excerpt":{"rendered":"<p>Quartiersprojekt: Urban Gardening in Kempen &#8211; Hagelkreuz Verantwortlich Stadt Kempen, Quartiersentwicklung Hagelkreuz, Ingo Behr, Concordienplatz 7, 47906 Kempen, Telefon: 0 21 52 \/ 4201 und in Kooperation mit: B\u00fcrgerverein Hagelkreuz e.V., GFA (Gesellschaft zur F\u00f6rderung der Arbeitsaufnahme mbH &amp; Co. KG), GWG Kreis Viersen (Gemeinn\u00fctzige Wohnungsgesellschaft im Kreis Viersen), NABU (Naturschutzbund Deutschland Bezirksverband Krefeld\/Viersen Ortsverband&hellip; <a class=\"continue\" href=\"https:\/\/unser-quartier.de\/hagelkreuz\/gemeinschaftliches-gaertnern\/\" data-wpel-link=\"internal\"> \u00bb weiterlesen: <span> Urban Gardening<\/span><\/a><\/p>\n","protected":false},"author":391,"featured_media":12765,"parent":0,"menu_order":3,"comment_status":"closed","ping_status":"closed","template":"","meta":{"generate_page_header":"","footnotes":""},"class_list":["post-11180","page","type-page","status-publish","has-post-thumbnail"],"_links":{"self":[{"href":"https:\/\/unser-quartier.de\/hagelkreuz\/wp-json\/wp\/v2\/pages\/11180","targetHints":{"allow":["GET"]}}],"collection":[{"href":"https:\/\/unser-quartier.de\/hagelkreuz\/wp-json\/wp\/v2\/pages"}],"about":[{"href":"https:\/\/unser-quartier.de\/hagelkreuz\/wp-json\/wp\/v2\/types\/page"}],"author":[{"embeddable":true,"href":"https:\/\/unser-quartier.de\/hagelkreuz\/wp-json\/wp\/v2\/users\/391"}],"replies":[{"embeddable":true,"href":"https:\/\/unser-quartier.de\/hagelkreuz\/wp-json\/wp\/v2\/comments?post=11180"}],"version-history":[{"count":0,"href":"https:\/\/unser-quartier.de\/hagelkreuz\/wp-json\/wp\/v2\/pages\/11180\/revisions"}],"wp:featuredmedia":[{"embeddable":true,"href":"https:\/\/unser-quartier.de\/hagelkreuz\/wp-json\/wp\/v2\/media\/12765"}],"wp:attachment":[{"href":"https:\/\/unser-quartier.de\/hagelkreuz\/wp-json\/wp\/v2\/media?parent=11180"}],"curies":[{"name":"wp","href":"https:\/\/api.w.org\/{rel}","templated":true}]}}

<h1>Quartiersprojekt: Urban Gardening in Kempen &#8211; Hagelkreuz</h1>
<h3>Verantwortlich</h3>
<p>Stadt Kempen, Quartiersentwicklung Hagelkreuz, Ingo Behr, Concordienplatz 7, 47906 Kempen, Telefon: 0 21 52 / 4201</p>
<h3>und in Kooperation mit:</h3>
<p>Bürgerverein Hagelkreuz e.V., GFA (Gesellschaft zur Förderung der Arbeitsaufnahme mbH &amp; Co. KG), GWG Kreis Viersen (Gemeinnützige Wohnungsgesellschaft im Kreis Viersen), NABU (Naturschutzbund Deutschland Bezirksverband Krefeld/Viersen Ortsverband Kempen e.V.), Ratsherr Jeyaratnam Caniceus</p>
<h3>Projektstart</h3>
<p>Oktober 2019 </p>
<h3>Projektbeschreibung   </h3>
<p>Gärten sind Orte, um gesunde Lebensmittel zur Selbstversorgung anzubauen und die Natur erfahrbar und erlebbar zu machen. Sie können interkulturelle Begegnungen fördern, Nachbarn und verschiedene Altersgruppen zusammenführen und bieten Gelegenheit, sich über die Ernährung der nächsten Generationen auseinanderzusetzten. Die gemeinsame Bestätigung gilt als sinnvolle Beschäftigung. </p>
<p>Der Boom von Gärten in Stadtgebieten ist nicht zu übersehen und die Tendenz ist weiter steigend. Die Stadt Kempen schließt sich mit einem Projekt im Hagelkreuz der allgegenwärtigen urbanen Gartenbewegung an und unterstützt eine Freifläche im Bereich der Nansenstraße. Die ca. 400 m² große Fläche wurde von der gemeinnützigen Wohnungsgenossenschaft eG im Kreis Viersen zur Verfügung gestellt.</p>
<p>Dabei geht es zum einen um die Verschönerung und Bereicherung des städtischen Lebens und zum anderen um die Bildung neuer Gemeinschaften. Oft werden junge Menschen aktiv und fühlen sich angesprochen, um mit neuen Konzepten auf zukünftige Herausforderungen wie Ernährungskrisen und Umweltprobleme, Isolation, Vereinzelung oder mangelnde Freiräume und städtische Defizite zu reagieren.  </p>
<p>Als Initiator gilt der fraktionslose Ratsherr Jeyaratnam Canieceus. Auch der Bürgerverein Hagelkreuz, die GFA – Gesellschaft zur Förderung der Arbeitsaufnahme mbH &amp; Co. KG – und der NABU Naturschutzbund Deutschland Bezirksverband Krefeld/Viersen Ortsverband Kempen e.V. sind involviert. Das Gartenprojekt widmet sich der nicht-kommerziellen kollektiven Nutzung der Freiflächen und wird selbstverwaltend durch eine Gruppe freiwilliger und interessierte Bürgerinnen und Bürger der Stadt Kempen organisiert.</p>
<h3>Projekt-Identität</h3>
<p>Urban Gardening Kempen  </p>
<h3>Auftakt und Einladung via Webseite und Pressemitteilung:</h3>
<h3>Quartiersbüro und Kooperationspartner laden ein &#8211; Gärtnerische Nutzung von Flächen</h3>
<p>Nahrungsmittel lokal erzeugen, Transportwege verringern und das Mikroklima im städtischen Umfeld verbessern: Das geht mit urbanem Gartenbau, auch Urban Gardening genannt. Auf einer Freifläche können Interessierte jetzt im Hagelkreuz umweltverträglich und sozialgerecht produziert die Eigenproduktion und Versorgung mit Nahrungsmitteln starten.</p>
<h3>Vorstellung des Projektes am 12. Oktober, um 10 Uhr</h3>
<p>„Wir laden zur Vorstellung des Projektes am Samstag, 12. Oktober 2019, um 10 Uhr in die Nansenstraße Höhe des Wendehammers herzlich ein“, freut sich Ingo Behr, Quartiersentwickler der Stadt Kempen. Zwei Freiflächen stünden zur Selbstverwaltung zur Verfügung, die am Informationstag direkt besichtigt werden können. „Dafür wäre es gut, wenn die Interessenten mit dem Fahrrad kommen“, meint Behr. So könne die Gruppe unmittelbar und gemeinsam beide Freiflächen an der Nansenstraße und anschließend am Bürgerwald in Augenschein nehmen (nachträgliche Anmerkung des Verantwortlichen: Für das Projekt steht ausschließlich die Gartenfläche an der Nansenstraße zur Verfügung).</p>
<h3>Kooperationsverbund – Gemeinschaft ist dabei Programm</h3>
<p>Natürlich gehören neben dem grünen Daumen der aktiven Gartenfreunde auch stille Akteure im Hintergrund zu dem Projekt dazu: Gemeinsam ziehen der Ideengeber Ratsherr Caniceus, der Bürgerverein Hagelkreuz, die Gemeinnützige Wohnungsgenossenschaft eG im Kreis Viersen, die GFA – Gesellschaft zur Förderung der Arbeitsaufnahme mbH &amp; Co. KG – und der NABU Naturschutzbund Deutschland Bezirksverband Krefeld/Viersen Ortsverband Kempen e.V. an einem Strang.</p>
<h3>Salat, Radieschen &amp; Co. vom Hagelkreuz</h3>
<p>In der heutigen Zeit wird dem städtischen Gartenbau erneut höhere Aufmerksamkeit zuteil – auch wenn das Umland von Kempen viel landwirtschaftliche Fläche umgibt. „Hier können kleine und große Kempener wieder erleben, sehen und fühlen, wie Mohrrüben wachsen und Zucchini sich von der Blüte bis zur langen oder runden Variante entwickeln“, meint Behr. Aber auch Kräuter- oder Hochbeete seien denkbar. „Daher laden wir – vom Kindergarten bis zum Rentner – zu einer Kennenlern- und Informationsveranstaltung ein, um Vorstellungen und Erwartungen zu ergründen“.</p>
<p>Das gemeinsame Gärtnern sei darüber hinaus gelebter Austausch in und mit einer sozialen Gemeinschaft, es entstehen Begegnungen und ein Gemeinschaftsgarten fördert das Engagement für den Stadtteil. Ein guter Grund, das Projekt im Hagelkreuz für Kempen zu starten.</p>
<h3>Ansprechpartner:</h3>
<p>Ingo Behr &#8211; Quartiersbüro Hagelkreuz, Concordienplatz 7, 47906 Kempen, Telefon: 0 21 52 / 4201, E-Mail: urban.gardening@hagelkreuz-kempen.de</p>
<h1>Projekt-Treffen                              </h1>
<h3>Auftakt und Einladung via Webseite und Pressemitteilung:</h3>
<h3>Kick-off mit Freifächenbesichtigung für urbanen Gartenbau &#8211; Die essbare Stadt kommt </h3>
<p>Nach einer Ortsbegehung der zwei Freiflächen Mitte Oktober, die ab 2020 für das Projekt „Urban Gardening“ im Hagelkreuz zur Verfügung stehen, treffen sich jetzt rund 15 Interessierte am Montag, 11. November 2019, um 18 Uhr im Quartiersbüro am Concordienplatz 7, um erste Gedanken, Erwartungen und die konkrete Herangehensweise zu diskutieren und laden weitere Hobby-Gärtnerinnen und Gärtner ein.</p>
<h3>Gleichgesinnte &amp; nachbarschaftliches Gärtnern</h3>
<p>„Ich finde den Gedanken sehr gut und freue mich, dass wir die Gelegenheit bekommen, einerseits die Grünflächen zu nutzen und andererseits, dass wir Kontakt zu Gleichgesinnten in der Nachbarschaft bekommen, wenn wir graben, pflanzen, pflegen und ernten“, meint die 19jährige Annika Plich aus der Einsteinstraße bei der Flächenbesichtigung. Gemeinsam mit den Mitstreiterinnen Michaela Dahmen und Barbara Lingen, die am Ring in Kempen wohnt und die Grünflächen gern mit ihren beiden Jungen für naturnahen Gartenbau nutzen möchte, unterstützen die Damen allesamt die Idee der essbaren Stadt. Siehe auch den Artikel: <a href="http://Quartiersbüro und Kooperationspartner laden ein: Gärtnerische Nutzung von Flächen" data-wpel-link="external" target="_self" rel="nofollow external noopener noreferrer" title="Externer Link: " class="ext-link wpel-icon-right">Quartiersbüro und Kooperationspartner laden ein: Gärtnerische Nutzung von Flächen<span class="wpel-icon wpel-image wpel-icon-6"></span></a></p>
<p>Auch die Garten- und Landschaftsbau-Fachfrau aus St. Tönis, Claudia Erdmann, kam zum Projektstart. „Zur ersten Sitzung werde ich die Flächen digital zeichnen, damit wir eine gemeinsame Diskussionsgrundlage haben“, bietet sie der Gruppe an und stellt ihre Kompetenz zur Verfügung. Sie wohnt gleich um die Ecke einer Freifläche.</p>
<h3>Hochbeet oder Blütenparadies</h3>
<p>Bei herbstlichem Sonnenschein kam der eine oder andere schon ins Schwärmen und träumt von einem Liegestuhl im nächsten Jahr auf der Nansenstraße. Doch vor dem Genuss steht die gemeinschaftliche Arbeit und der konstruktive Austausch auf dem Plan. Wichtig für die Gruppe ist, dass jeder mitmachen kann: Ob aus dem Hagelkreuz, St. Hubert, Tönisberg oder Unterweiden/Schmalbroich &#8211; jeder Kempener ist willkommen und kann sich einbringen.</p>
<h3>Projektsitzungen &#8222;Urban Gardening&#8220;:</h3>
<p>Ab Februar 2020 finden jeden 1. Samstag im Monat um 11 Uhr, im Quartiersbüro Hagelkreuz, 47906 Kempen die Projektsitzungen &#8222;Urban Garding&#8220; statt.</p>
<p>Interessierte können jederzeit vorbeischauen, sich über Urban Gardening informieren und die Fortschritte in den Hochbeeten bestaunen. Wir freuen uns über Gespräche mit Ihnen über Natur, Pflanzen und dies und das.</p>
<h3>Die nächsten Termine:</h3>
<p>01. Mai 2026 um 14:00 - 15:30 Uhr<br /><strong><a href="https://unser-quartier.de/hagelkreuz/events/urban-gardening-3-2026-05-01/" data-wpel-link="internal">Urban Gardening</a></strong><br /><a href="https://unser-quartier.de/hagelkreuz/?post_type=page&#038;p=11180" data-wpel-link="internal"></a></p><p>05. Juni 2026 um 14:00 - 15:30 Uhr<br /><strong><a href="https://unser-quartier.de/hagelkreuz/events/urban-gardening-3-2026-06-05/" data-wpel-link="internal">Urban Gardening</a></strong><br /><a href="https://unser-quartier.de/hagelkreuz/?post_type=page&#038;p=11180" data-wpel-link="internal"></a></p><p>03. Juli 2026 um 14:00 - 15:30 Uhr<br /><strong><a href="https://unser-quartier.de/hagelkreuz/events/urban-gardening-3-2026-07-03/" data-wpel-link="internal">Urban Gardening</a></strong><br /><a href="https://unser-quartier.de/hagelkreuz/?post_type=page&#038;p=11180" data-wpel-link="internal"></a></p>
<h3>Weitere Termine vom Quartiersprojekt Hagelkreuz finden Sie unter <a href="https://unser-quartier.de/hagelkreuz/veranstaltungen/liste/" data-wpel-link="internal">Veranstaltungen.</a></h3>

<p>Quartiersprojekt: Urban Gardening in Kempen &#8211; Hagelkreuz Verantwortlich Stadt Kempen, Quartiersentwicklung Hagelkreuz, Ingo Behr, Concordienplatz 7, 47906 Kempen, Telefon: 0 21 52 / 4201 und in Kooperation mit: Bürgerverein Hagelkreuz e.V., GFA (Gesellschaft zur Förderung der Arbeitsaufnahme mbH &amp; Co. KG), GWG Kreis Viersen (Gemeinnützige Wohnungsgesellschaft im Kreis Viersen), NABU (Naturschutzbund Deutschland Bezirksverband Krefeld/Viersen Ortsverband&hellip; <a class="continue" href="https://unser-quartier.de/hagelkreuz/gemeinschaftliches-gaertnern/" data-wpel-link="internal"> » weiterlesen: <span> Urban Gardening</span></a></p>
