{"id":17877,"date":"2023-10-31T10:45:35","date_gmt":"2023-10-31T10:45:35","guid":{"rendered":"https:\/\/unser-quartier.de\/hagelkreuz\/?page_id=17877"},"modified":"2023-10-31T13:29:59","modified_gmt":"2023-10-31T13:29:59","slug":"schmoekerbuden-standorte","status":"publish","type":"page","link":"https:\/\/unser-quartier.de\/hagelkreuz\/schmoekerbuden-standorte\/","title":{"rendered":"Schm\u00f6kerbuden-Standorte"},"content":{"rendered":"<p>Das Schm\u00f6kerbuden Team hat auf seinen Reisen \u00fcberall in Deutschland und Europa Schm\u00f6kerbuden aufgest\u00f6bert und fotografiert. Wir zeigen nun eine Auswahl in der Fotogalerie.<\/p>\n<p>Vielleicht haben Sie auch noch Fotos von &#8222;Schm\u00f6kerbuden&#8220;, dann senden Sie sie uns zu, wir vervollst\u00e4ndigen dann die Sammlung. Sie k\u00f6nnen Fotos bis zu einem Datenvolumen von 10 MB zusenden unter <a href=\"mailto:ingo.behr@kempen.de\">ingo.behr@kempen.de<\/a>. Vielen Dank!<\/p>\n<div id='gallery-1' class='gallery galleryid-17877 gallery-columns-3 gallery-size-medium'><figure class='gallery-item'>\n\t\t\t<div class='gallery-icon portrait'>\n\t\t\t\t<a href=\"https:\/\/unser-quartier.de\/hagelkreuz\/18f61c11-148e-4dde-a627-21c60412b41f\/\" data-wpel-link=\"internal\"><img loading=\"lazy\" decoding=\"async\" width=\"300\" height=\"407\" src=\"https:\/\/unser-quartier.de\/hagelkreuz\/files\/2023\/10\/18f61c11-148e-4dde-a627-21c60412b41f-e1698749573716-300x407.jpg\" class=\"attachment-medium size-medium\" alt=\"Foto Schm\u00f6kerbude\" srcset=\"https:\/\/unser-quartier.de\/hagelkreuz\/files\/2023\/10\/18f61c11-148e-4dde-a627-21c60412b41f-e1698749573716-300x407.jpg 300w, https:\/\/unser-quartier.de\/hagelkreuz\/files\/2023\/10\/18f61c11-148e-4dde-a627-21c60412b41f-e1698749573716-754x1024.jpg 754w, https:\/\/unser-quartier.de\/hagelkreuz\/files\/2023\/10\/18f61c11-148e-4dde-a627-21c60412b41f-e1698749573716-150x204.jpg 150w, https:\/\/unser-quartier.de\/hagelkreuz\/files\/2023\/10\/18f61c11-148e-4dde-a627-21c60412b41f-e1698749573716-768x1043.jpg 768w, https:\/\/unser-quartier.de\/hagelkreuz\/files\/2023\/10\/18f61c11-148e-4dde-a627-21c60412b41f-e1698749573716.jpg 844w\" sizes=\"auto, (max-width: 300px) 100vw, 300px\" \/><\/a>\n\t\t\t<\/div><\/figure><figure class='gallery-item'>\n\t\t\t<div class='gallery-icon portrait'>\n\t\t\t\t<a href=\"https:\/\/unser-quartier.de\/hagelkreuz\/18d5ebb2-3c9d-4e66-aa3f-a4fca3bde0c5\/\" data-wpel-link=\"internal\"><img loading=\"lazy\" decoding=\"async\" width=\"300\" height=\"381\" src=\"https:\/\/unser-quartier.de\/hagelkreuz\/files\/2023\/10\/18d5ebb2-3c9d-4e66-aa3f-a4fca3bde0c5-e1698750917934-300x381.jpg\" class=\"attachment-medium size-medium\" alt=\"Foto Schm\u00f6kerbude\" srcset=\"https:\/\/unser-quartier.de\/hagelkreuz\/files\/2023\/10\/18d5ebb2-3c9d-4e66-aa3f-a4fca3bde0c5-e1698750917934-300x381.jpg 300w, https:\/\/unser-quartier.de\/hagelkreuz\/files\/2023\/10\/18d5ebb2-3c9d-4e66-aa3f-a4fca3bde0c5-e1698750917934-150x191.jpg 150w, https:\/\/unser-quartier.de\/hagelkreuz\/files\/2023\/10\/18d5ebb2-3c9d-4e66-aa3f-a4fca3bde0c5-e1698750917934.jpg 590w\" sizes=\"auto, (max-width: 300px) 100vw, 300px\" \/><\/a>\n\t\t\t<\/div><\/figure><figure class='gallery-item'>\n\t\t\t<div class='gallery-icon portrait'>\n\t\t\t\t<a href=\"https:\/\/unser-quartier.de\/hagelkreuz\/3efde6d3-7cb5-49d7-bf4c-679629a2e02e\/\" data-wpel-link=\"internal\"><img loading=\"lazy\" decoding=\"async\" width=\"300\" height=\"521\" src=\"https:\/\/unser-quartier.de\/hagelkreuz\/files\/2023\/10\/3efde6d3-7cb5-49d7-bf4c-679629a2e02e-e1698749674151-300x521.jpg\" class=\"attachment-medium size-medium\" alt=\"Foto Schm\u00f6kerbude\" srcset=\"https:\/\/unser-quartier.de\/hagelkreuz\/files\/2023\/10\/3efde6d3-7cb5-49d7-bf4c-679629a2e02e-e1698749674151-300x521.jpg 300w, https:\/\/unser-quartier.de\/hagelkreuz\/files\/2023\/10\/3efde6d3-7cb5-49d7-bf4c-679629a2e02e-e1698749674151-150x260.jpg 150w, https:\/\/unser-quartier.de\/hagelkreuz\/files\/2023\/10\/3efde6d3-7cb5-49d7-bf4c-679629a2e02e-e1698749674151.jpg 590w\" sizes=\"auto, (max-width: 300px) 100vw, 300px\" \/><\/a>\n\t\t\t<\/div><\/figure><figure class='gallery-item'>\n\t\t\t<div class='gallery-icon portrait'>\n\t\t\t\t<a href=\"https:\/\/unser-quartier.de\/hagelkreuz\/img_20230629_121858\/\" data-wpel-link=\"internal\"><img loading=\"lazy\" decoding=\"async\" width=\"300\" height=\"400\" src=\"https:\/\/unser-quartier.de\/hagelkreuz\/files\/2023\/10\/IMG_20230629_121858-300x400.jpg\" class=\"attachment-medium size-medium\" alt=\"Foto Schm\u00f6kerbude\" srcset=\"https:\/\/unser-quartier.de\/hagelkreuz\/files\/2023\/10\/IMG_20230629_121858-300x400.jpg 300w, https:\/\/unser-quartier.de\/hagelkreuz\/files\/2023\/10\/IMG_20230629_121858-768x1024.jpg 768w, https:\/\/unser-quartier.de\/hagelkreuz\/files\/2023\/10\/IMG_20230629_121858-150x200.jpg 150w, https:\/\/unser-quartier.de\/hagelkreuz\/files\/2023\/10\/IMG_20230629_121858.jpg 900w\" sizes=\"auto, (max-width: 300px) 100vw, 300px\" \/><\/a>\n\t\t\t<\/div><\/figure><figure class='gallery-item'>\n\t\t\t<div class='gallery-icon portrait'>\n\t\t\t\t<a href=\"https:\/\/unser-quartier.de\/hagelkreuz\/img_8800\/\" data-wpel-link=\"internal\"><img loading=\"lazy\" decoding=\"async\" width=\"300\" height=\"400\" src=\"https:\/\/unser-quartier.de\/hagelkreuz\/files\/2023\/10\/IMG_8800-300x400.jpg\" class=\"attachment-medium size-medium\" alt=\"Foto Schm\u00f6kerbude\" srcset=\"https:\/\/unser-quartier.de\/hagelkreuz\/files\/2023\/10\/IMG_8800-300x400.jpg 300w, https:\/\/unser-quartier.de\/hagelkreuz\/files\/2023\/10\/IMG_8800-150x200.jpg 150w, https:\/\/unser-quartier.de\/hagelkreuz\/files\/2023\/10\/IMG_8800.jpg 750w\" sizes=\"auto, (max-width: 300px) 100vw, 300px\" \/><\/a>\n\t\t\t<\/div><\/figure><figure class='gallery-item'>\n\t\t\t<div class='gallery-icon portrait'>\n\t\t\t\t<a href=\"https:\/\/unser-quartier.de\/hagelkreuz\/80a8cb34-711b-431e-a209-7ea0a8997520\/\" data-wpel-link=\"internal\"><img loading=\"lazy\" decoding=\"async\" width=\"300\" height=\"400\" src=\"https:\/\/unser-quartier.de\/hagelkreuz\/files\/2023\/10\/80a8cb34-711b-431e-a209-7ea0a8997520-300x400.jpg\" class=\"attachment-medium size-medium\" alt=\"Foto Schm\u00f6kerbude\" srcset=\"https:\/\/unser-quartier.de\/hagelkreuz\/files\/2023\/10\/80a8cb34-711b-431e-a209-7ea0a8997520-300x400.jpg 300w, https:\/\/unser-quartier.de\/hagelkreuz\/files\/2023\/10\/80a8cb34-711b-431e-a209-7ea0a8997520-768x1024.jpg 768w, https:\/\/unser-quartier.de\/hagelkreuz\/files\/2023\/10\/80a8cb34-711b-431e-a209-7ea0a8997520-150x200.jpg 150w, https:\/\/unser-quartier.de\/hagelkreuz\/files\/2023\/10\/80a8cb34-711b-431e-a209-7ea0a8997520.jpg 900w\" sizes=\"auto, (max-width: 300px) 100vw, 300px\" \/><\/a>\n\t\t\t<\/div><\/figure><figure class='gallery-item'>\n\t\t\t<div class='gallery-icon portrait'>\n\t\t\t\t<a href=\"https:\/\/unser-quartier.de\/hagelkreuz\/3703aa3b-313a-444d-9061-8729438ab2c3\/\" data-wpel-link=\"internal\"><img loading=\"lazy\" decoding=\"async\" width=\"300\" height=\"400\" src=\"https:\/\/unser-quartier.de\/hagelkreuz\/files\/2023\/10\/3703aa3b-313a-444d-9061-8729438ab2c3-300x400.jpg\" class=\"attachment-medium size-medium\" alt=\"Foto Schm\u00f6kerbude\" srcset=\"https:\/\/unser-quartier.de\/hagelkreuz\/files\/2023\/10\/3703aa3b-313a-444d-9061-8729438ab2c3-300x400.jpg 300w, https:\/\/unser-quartier.de\/hagelkreuz\/files\/2023\/10\/3703aa3b-313a-444d-9061-8729438ab2c3-150x200.jpg 150w, https:\/\/unser-quartier.de\/hagelkreuz\/files\/2023\/10\/3703aa3b-313a-444d-9061-8729438ab2c3.jpg 768w\" sizes=\"auto, (max-width: 300px) 100vw, 300px\" \/><\/a>\n\t\t\t<\/div><\/figure><figure class='gallery-item'>\n\t\t\t<div class='gallery-icon portrait'>\n\t\t\t\t<a href=\"https:\/\/unser-quartier.de\/hagelkreuz\/e7ccc8d3-5a46-4ca8-9803-e555e7cc5523\/\" data-wpel-link=\"internal\"><img loading=\"lazy\" decoding=\"async\" width=\"300\" height=\"369\" src=\"https:\/\/unser-quartier.de\/hagelkreuz\/files\/2023\/10\/e7ccc8d3-5a46-4ca8-9803-e555e7cc5523-e1698748483517-300x369.jpg\" class=\"attachment-medium size-medium\" alt=\"Foto Schm\u00f6kerbude\" aria-describedby=\"gallery-1-17844\" srcset=\"https:\/\/unser-quartier.de\/hagelkreuz\/files\/2023\/10\/e7ccc8d3-5a46-4ca8-9803-e555e7cc5523-e1698748483517-300x369.jpg 300w, https:\/\/unser-quartier.de\/hagelkreuz\/files\/2023\/10\/e7ccc8d3-5a46-4ca8-9803-e555e7cc5523-e1698748483517-150x185.jpg 150w, https:\/\/unser-quartier.de\/hagelkreuz\/files\/2023\/10\/e7ccc8d3-5a46-4ca8-9803-e555e7cc5523-e1698748483517.jpg 468w\" sizes=\"auto, (max-width: 300px) 100vw, 300px\" \/><\/a>\n\t\t\t<\/div>\n\t\t\t\t<figcaption class='wp-caption-text gallery-caption' id='gallery-1-17844'>\n\t\t\t\tAlpen\n\t\t\t\t<\/figcaption><\/figure><figure class='gallery-item'>\n\t\t\t<div class='gallery-icon portrait'>\n\t\t\t\t<a href=\"https:\/\/unser-quartier.de\/hagelkreuz\/img_8797\/\" data-wpel-link=\"internal\"><img loading=\"lazy\" decoding=\"async\" width=\"300\" height=\"400\" src=\"https:\/\/unser-quartier.de\/hagelkreuz\/files\/2023\/10\/IMG_8797-300x400.jpg\" class=\"attachment-medium size-medium\" alt=\"Foto Schm\u00f6kerbude\" srcset=\"https:\/\/unser-quartier.de\/hagelkreuz\/files\/2023\/10\/IMG_8797-300x400.jpg 300w, https:\/\/unser-quartier.de\/hagelkreuz\/files\/2023\/10\/IMG_8797-150x200.jpg 150w, https:\/\/unser-quartier.de\/hagelkreuz\/files\/2023\/10\/IMG_8797.jpg 480w\" sizes=\"auto, (max-width: 300px) 100vw, 300px\" \/><\/a>\n\t\t\t<\/div><\/figure><figure class='gallery-item'>\n\t\t\t<div class='gallery-icon portrait'>\n\t\t\t\t<a href=\"https:\/\/unser-quartier.de\/hagelkreuz\/img_8798\/\" data-wpel-link=\"internal\"><img loading=\"lazy\" decoding=\"async\" width=\"300\" height=\"397\" src=\"https:\/\/unser-quartier.de\/hagelkreuz\/files\/2023\/10\/IMG_8798-300x397.jpg\" class=\"attachment-medium size-medium\" alt=\"Foto Schm\u00f6kerbude\" srcset=\"https:\/\/unser-quartier.de\/hagelkreuz\/files\/2023\/10\/IMG_8798-300x397.jpg 300w, https:\/\/unser-quartier.de\/hagelkreuz\/files\/2023\/10\/IMG_8798-150x198.jpg 150w, https:\/\/unser-quartier.de\/hagelkreuz\/files\/2023\/10\/IMG_8798.jpg 650w\" sizes=\"auto, (max-width: 300px) 100vw, 300px\" \/><\/a>\n\t\t\t<\/div><\/figure><figure class='gallery-item'>\n\t\t\t<div class='gallery-icon portrait'>\n\t\t\t\t<a href=\"https:\/\/unser-quartier.de\/hagelkreuz\/img_8799\/\" data-wpel-link=\"internal\"><img loading=\"lazy\" decoding=\"async\" width=\"300\" height=\"422\" src=\"https:\/\/unser-quartier.de\/hagelkreuz\/files\/2023\/10\/IMG_8799-300x422.jpg\" class=\"attachment-medium size-medium\" alt=\"Foto Schm\u00f6kerbude\" srcset=\"https:\/\/unser-quartier.de\/hagelkreuz\/files\/2023\/10\/IMG_8799-300x422.jpg 300w, https:\/\/unser-quartier.de\/hagelkreuz\/files\/2023\/10\/IMG_8799-728x1024.jpg 728w, https:\/\/unser-quartier.de\/hagelkreuz\/files\/2023\/10\/IMG_8799-150x211.jpg 150w, https:\/\/unser-quartier.de\/hagelkreuz\/files\/2023\/10\/IMG_8799-768x1080.jpg 768w, https:\/\/unser-quartier.de\/hagelkreuz\/files\/2023\/10\/IMG_8799.jpg 853w\" sizes=\"auto, (max-width: 300px) 100vw, 300px\" \/><\/a>\n\t\t\t<\/div><\/figure><figure class='gallery-item'>\n\t\t\t<div class='gallery-icon portrait'>\n\t\t\t\t<a href=\"https:\/\/unser-quartier.de\/hagelkreuz\/schmbude3\/\" data-wpel-link=\"internal\"><img loading=\"lazy\" decoding=\"async\" width=\"300\" height=\"533\" src=\"https:\/\/unser-quartier.de\/hagelkreuz\/files\/2023\/10\/Schmbude3-300x533.jpeg\" class=\"attachment-medium size-medium\" alt=\"Foto Schm\u00f6kerbude\" aria-describedby=\"gallery-1-17898\" srcset=\"https:\/\/unser-quartier.de\/hagelkreuz\/files\/2023\/10\/Schmbude3-300x533.jpeg 300w, https:\/\/unser-quartier.de\/hagelkreuz\/files\/2023\/10\/Schmbude3-576x1024.jpeg 576w, https:\/\/unser-quartier.de\/hagelkreuz\/files\/2023\/10\/Schmbude3-150x267.jpeg 150w, https:\/\/unser-quartier.de\/hagelkreuz\/files\/2023\/10\/Schmbude3.jpeg 675w\" sizes=\"auto, (max-width: 300px) 100vw, 300px\" \/><\/a>\n\t\t\t<\/div>\n\t\t\t\t<figcaption class='wp-caption-text gallery-caption' id='gallery-1-17898'>\n\t\t\t\tWiesbaden\n\t\t\t\t<\/figcaption><\/figure><figure class='gallery-item'>\n\t\t\t<div class='gallery-icon portrait'>\n\t\t\t\t<a href=\"https:\/\/unser-quartier.de\/hagelkreuz\/schmbude2\/\" data-wpel-link=\"internal\"><img loading=\"lazy\" decoding=\"async\" width=\"300\" height=\"400\" src=\"https:\/\/unser-quartier.de\/hagelkreuz\/files\/2023\/10\/Schmbude2-300x400.jpeg\" class=\"attachment-medium size-medium\" alt=\"Foto Schm\u00f6kerbude\" srcset=\"https:\/\/unser-quartier.de\/hagelkreuz\/files\/2023\/10\/Schmbude2-300x400.jpeg 300w, https:\/\/unser-quartier.de\/hagelkreuz\/files\/2023\/10\/Schmbude2-150x200.jpeg 150w, https:\/\/unser-quartier.de\/hagelkreuz\/files\/2023\/10\/Schmbude2.jpeg 768w\" sizes=\"auto, (max-width: 300px) 100vw, 300px\" \/><\/a>\n\t\t\t<\/div><\/figure><figure class='gallery-item'>\n\t\t\t<div class='gallery-icon portrait'>\n\t\t\t\t<a href=\"https:\/\/unser-quartier.de\/hagelkreuz\/schmbude1\/\" data-wpel-link=\"internal\"><img loading=\"lazy\" decoding=\"async\" width=\"300\" height=\"533\" src=\"https:\/\/unser-quartier.de\/hagelkreuz\/files\/2023\/10\/Schmbude1-300x533.jpeg\" class=\"attachment-medium size-medium\" alt=\"Foto Schm\u00f6kerbude\" srcset=\"https:\/\/unser-quartier.de\/hagelkreuz\/files\/2023\/10\/Schmbude1-300x533.jpeg 300w, https:\/\/unser-quartier.de\/hagelkreuz\/files\/2023\/10\/Schmbude1-576x1024.jpeg 576w, https:\/\/unser-quartier.de\/hagelkreuz\/files\/2023\/10\/Schmbude1-150x267.jpeg 150w, https:\/\/unser-quartier.de\/hagelkreuz\/files\/2023\/10\/Schmbude1.jpeg 675w\" sizes=\"auto, (max-width: 300px) 100vw, 300px\" \/><\/a>\n\t\t\t<\/div><\/figure><figure class='gallery-item'>\n\t\t\t<div class='gallery-icon portrait'>\n\t\t\t\t<a href=\"https:\/\/unser-quartier.de\/hagelkreuz\/schmbude7\/\" data-wpel-link=\"internal\"><img loading=\"lazy\" decoding=\"async\" width=\"300\" height=\"400\" src=\"https:\/\/unser-quartier.de\/hagelkreuz\/files\/2023\/10\/Schmbude7-300x400.jpeg\" class=\"attachment-medium size-medium\" alt=\"Foto Schm\u00f6kerbude\" aria-describedby=\"gallery-1-17895\" srcset=\"https:\/\/unser-quartier.de\/hagelkreuz\/files\/2023\/10\/Schmbude7-300x400.jpeg 300w, https:\/\/unser-quartier.de\/hagelkreuz\/files\/2023\/10\/Schmbude7-768x1024.jpeg 768w, https:\/\/unser-quartier.de\/hagelkreuz\/files\/2023\/10\/Schmbude7-150x200.jpeg 150w, https:\/\/unser-quartier.de\/hagelkreuz\/files\/2023\/10\/Schmbude7.jpeg 900w\" sizes=\"auto, (max-width: 300px) 100vw, 300px\" \/><\/a>\n\t\t\t<\/div>\n\t\t\t\t<figcaption class='wp-caption-text gallery-caption' id='gallery-1-17895'>\n\t\t\t\tSaarbr\u00fccken\n\t\t\t\t<\/figcaption><\/figure><figure class='gallery-item'>\n\t\t\t<div class='gallery-icon portrait'>\n\t\t\t\t<a href=\"https:\/\/unser-quartier.de\/hagelkreuz\/schmbude6\/\" data-wpel-link=\"internal\"><img loading=\"lazy\" decoding=\"async\" width=\"300\" height=\"400\" src=\"https:\/\/unser-quartier.de\/hagelkreuz\/files\/2023\/10\/Schmbude6-300x400.jpeg\" class=\"attachment-medium size-medium\" alt=\"Foto Schm\u00f6kerbude\" srcset=\"https:\/\/unser-quartier.de\/hagelkreuz\/files\/2023\/10\/Schmbude6-300x400.jpeg 300w, https:\/\/unser-quartier.de\/hagelkreuz\/files\/2023\/10\/Schmbude6-768x1024.jpeg 768w, https:\/\/unser-quartier.de\/hagelkreuz\/files\/2023\/10\/Schmbude6-150x200.jpeg 150w, https:\/\/unser-quartier.de\/hagelkreuz\/files\/2023\/10\/Schmbude6.jpeg 900w\" sizes=\"auto, (max-width: 300px) 100vw, 300px\" \/><\/a>\n\t\t\t<\/div><\/figure><figure class='gallery-item'>\n\t\t\t<div class='gallery-icon portrait'>\n\t\t\t\t<a href=\"https:\/\/unser-quartier.de\/hagelkreuz\/schmbude5\/\" data-wpel-link=\"internal\"><img loading=\"lazy\" decoding=\"async\" width=\"300\" height=\"400\" src=\"https:\/\/unser-quartier.de\/hagelkreuz\/files\/2023\/10\/Schmbude5-300x400.jpeg\" class=\"attachment-medium size-medium\" alt=\"Foto Schm\u00f6kerbude\" aria-describedby=\"gallery-1-17893\" srcset=\"https:\/\/unser-quartier.de\/hagelkreuz\/files\/2023\/10\/Schmbude5-300x400.jpeg 300w, https:\/\/unser-quartier.de\/hagelkreuz\/files\/2023\/10\/Schmbude5-768x1024.jpeg 768w, https:\/\/unser-quartier.de\/hagelkreuz\/files\/2023\/10\/Schmbude5-150x200.jpeg 150w, https:\/\/unser-quartier.de\/hagelkreuz\/files\/2023\/10\/Schmbude5.jpeg 900w\" sizes=\"auto, (max-width: 300px) 100vw, 300px\" \/><\/a>\n\t\t\t<\/div>\n\t\t\t\t<figcaption class='wp-caption-text gallery-caption' id='gallery-1-17893'>\n\t\t\t\tUlmen\/Eifel\n\t\t\t\t<\/figcaption><\/figure><figure class='gallery-item'>\n\t\t\t<div class='gallery-icon portrait'>\n\t\t\t\t<a href=\"https:\/\/unser-quartier.de\/hagelkreuz\/schmbude4\/\" data-wpel-link=\"internal\"><img loading=\"lazy\" decoding=\"async\" width=\"300\" height=\"400\" src=\"https:\/\/unser-quartier.de\/hagelkreuz\/files\/2023\/10\/Schmbude4-300x400.jpeg\" class=\"attachment-medium size-medium\" alt=\"Foto Schm\u00f6kerbude\" srcset=\"https:\/\/unser-quartier.de\/hagelkreuz\/files\/2023\/10\/Schmbude4-300x400.jpeg 300w, https:\/\/unser-quartier.de\/hagelkreuz\/files\/2023\/10\/Schmbude4-768x1024.jpeg 768w, https:\/\/unser-quartier.de\/hagelkreuz\/files\/2023\/10\/Schmbude4-150x200.jpeg 150w, https:\/\/unser-quartier.de\/hagelkreuz\/files\/2023\/10\/Schmbude4.jpeg 900w\" sizes=\"auto, (max-width: 300px) 100vw, 300px\" \/><\/a>\n\t\t\t<\/div><\/figure><figure class='gallery-item'>\n\t\t\t<div class='gallery-icon portrait'>\n\t\t\t\t<a href=\"https:\/\/unser-quartier.de\/hagelkreuz\/schmoekerbuden-standorte\/lillehammer-2023\/#main\" data-wpel-link=\"internal\"><img loading=\"lazy\" decoding=\"async\" width=\"300\" height=\"400\" src=\"https:\/\/unser-quartier.de\/hagelkreuz\/files\/2023\/10\/Lillehammer-2023-300x400.jpg\" class=\"attachment-medium size-medium\" alt=\"Foto Schm\u00f6kerbude\" aria-describedby=\"gallery-1-17900\" srcset=\"https:\/\/unser-quartier.de\/hagelkreuz\/files\/2023\/10\/Lillehammer-2023-300x400.jpg 300w, https:\/\/unser-quartier.de\/hagelkreuz\/files\/2023\/10\/Lillehammer-2023-150x200.jpg 150w, https:\/\/unser-quartier.de\/hagelkreuz\/files\/2023\/10\/Lillehammer-2023.jpg 425w\" sizes=\"auto, (max-width: 300px) 100vw, 300px\" \/><\/a>\n\t\t\t<\/div>\n\t\t\t\t<figcaption class='wp-caption-text gallery-caption' id='gallery-1-17900'>\n\t\t\t\tLillehammer\n\t\t\t\t<\/figcaption><\/figure>\n\t\t<\/div>\n\n<div class=\"text-orange cursor-pointer whitespace-normal inline\">\u00a0<\/div>\n","protected":false},"excerpt":{"rendered":"<p>Das Schm\u00f6kerbuden Team hat auf seinen Reisen \u00fcberall in Deutschland und Europa Schm\u00f6kerbuden aufgest\u00f6bert und fotografiert. Wir zeigen nun eine Auswahl in der Fotogalerie. Vielleicht haben Sie auch noch Fotos von &#8222;Schm\u00f6kerbuden&#8220;, dann senden Sie sie uns zu, wir vervollst\u00e4ndigen dann die Sammlung. Sie k\u00f6nnen Fotos bis zu einem Datenvolumen von 10 MB zusenden unter&hellip; <a class=\"continue\" href=\"https:\/\/unser-quartier.de\/hagelkreuz\/schmoekerbuden-standorte\/\" data-wpel-link=\"internal\"> \u00bb weiterlesen: <span> Schm\u00f6kerbuden-Standorte<\/span><\/a><\/p>\n","protected":false},"author":391,"featured_media":0,"parent":0,"menu_order":0,"comment_status":"closed","ping_status":"closed","template":"","meta":{"generate_page_header":"","footnotes":""},"class_list":["post-17877","page","type-page","status-publish"],"_links":{"self":[{"href":"https:\/\/unser-quartier.de\/hagelkreuz\/wp-json\/wp\/v2\/pages\/17877","targetHints":{"allow":["GET"]}}],"collection":[{"href":"https:\/\/unser-quartier.de\/hagelkreuz\/wp-json\/wp\/v2\/pages"}],"about":[{"href":"https:\/\/unser-quartier.de\/hagelkreuz\/wp-json\/wp\/v2\/types\/page"}],"author":[{"embeddable":true,"href":"https:\/\/unser-quartier.de\/hagelkreuz\/wp-json\/wp\/v2\/users\/391"}],"replies":[{"embeddable":true,"href":"https:\/\/unser-quartier.de\/hagelkreuz\/wp-json\/wp\/v2\/comments?post=17877"}],"version-history":[{"count":3,"href":"https:\/\/unser-quartier.de\/hagelkreuz\/wp-json\/wp\/v2\/pages\/17877\/revisions"}],"predecessor-version":[{"id":17901,"href":"https:\/\/unser-quartier.de\/hagelkreuz\/wp-json\/wp\/v2\/pages\/17877\/revisions\/17901"}],"wp:attachment":[{"href":"https:\/\/unser-quartier.de\/hagelkreuz\/wp-json\/wp\/v2\/media?parent=17877"}],"curies":[{"name":"wp","href":"https:\/\/api.w.org\/{rel}","templated":true}]}}