{"id":22951,"date":"2025-09-24T12:55:41","date_gmt":"2025-09-24T12:55:41","guid":{"rendered":"https:\/\/unser-quartier.de\/hagelkreuz\/?page_id=22951"},"modified":"2025-09-24T12:55:41","modified_gmt":"2025-09-24T12:55:41","slug":"kochen-im-hagelkreuz","status":"publish","type":"page","link":"https:\/\/unser-quartier.de\/hagelkreuz\/kochen-im-hagelkreuz\/","title":{"rendered":"Kochen im Hagelkreuz"},"content":{"rendered":"<p>\u201eKochen im Hagelkreuz\u201c ist als neue Aktivit\u00e4t f\u00fcr die Bewohner des Quartiers bereits beim ersten Kochevent am Mittwoch, 30. April 2025, ein voller Erfolg: Insgesamt 6 Personen sch\u00e4lten und schnippelten f\u00fcr eine leckere K\u00fcrbissuppe mit Baguette und schlemmten am Ende einen k\u00f6stlichen Nachtisch aus frischen Fr\u00fcchten.<\/p>\n<p>Gekocht wird einmal im Monat immer jeden dritten Mittwoch im Pfarrheim Christ K\u00f6nig. Hier wird die Grundausstattung der K\u00fcche vorgehalten und die Teilnehmer bringen ihr Lieblingspittermesser oder Kochtopf mit. Aus der Teilnehmergruppe ergibt sich durch Diskussion und Verabredung das n\u00e4chste Men\u00fc. Jeder hat abwechselnd die Kochm\u00fctze auf und stellt das Men\u00fc zusammen, kauft die ben\u00f6tigten Zutaten ein und teilt die jeweiligen Aufgaben den Mitk\u00f6ch*innen zu. So k\u00f6nnen viele unterschiedliche Gerichte kennengelernt werden.<\/p>\n<p>F\u00fcr weitere Informationen steht Ingo Behr telefonisch unter 021 52\/ 917 2112, gern bereit und informiert Interessierte.\u00a0<\/p>\n","protected":false},"excerpt":{"rendered":"<p>\u201eKochen im Hagelkreuz\u201c ist als neue Aktivit\u00e4t f\u00fcr die Bewohner des Quartiers bereits beim ersten Kochevent am Mittwoch, 30. April 2025, ein voller Erfolg: Insgesamt 6 Personen sch\u00e4lten und schnippelten f\u00fcr eine leckere K\u00fcrbissuppe mit Baguette und schlemmten am Ende einen k\u00f6stlichen Nachtisch aus frischen Fr\u00fcchten. Gekocht wird einmal im Monat immer jeden dritten Mittwoch&hellip; <a class=\"continue\" href=\"https:\/\/unser-quartier.de\/hagelkreuz\/kochen-im-hagelkreuz\/\" data-wpel-link=\"internal\"> \u00bb weiterlesen: <span> Kochen im Hagelkreuz<\/span><\/a><\/p>\n","protected":false},"author":391,"featured_media":0,"parent":0,"menu_order":0,"comment_status":"closed","ping_status":"closed","template":"","meta":{"generate_page_header":"","footnotes":""},"class_list":["post-22951","page","type-page","status-publish"],"_links":{"self":[{"href":"https:\/\/unser-quartier.de\/hagelkreuz\/wp-json\/wp\/v2\/pages\/22951","targetHints":{"allow":["GET"]}}],"collection":[{"href":"https:\/\/unser-quartier.de\/hagelkreuz\/wp-json\/wp\/v2\/pages"}],"about":[{"href":"https:\/\/unser-quartier.de\/hagelkreuz\/wp-json\/wp\/v2\/types\/page"}],"author":[{"embeddable":true,"href":"https:\/\/unser-quartier.de\/hagelkreuz\/wp-json\/wp\/v2\/users\/391"}],"replies":[{"embeddable":true,"href":"https:\/\/unser-quartier.de\/hagelkreuz\/wp-json\/wp\/v2\/comments?post=22951"}],"version-history":[{"count":2,"href":"https:\/\/unser-quartier.de\/hagelkreuz\/wp-json\/wp\/v2\/pages\/22951\/revisions"}],"predecessor-version":[{"id":22953,"href":"https:\/\/unser-quartier.de\/hagelkreuz\/wp-json\/wp\/v2\/pages\/22951\/revisions\/22953"}],"wp:attachment":[{"href":"https:\/\/unser-quartier.de\/hagelkreuz\/wp-json\/wp\/v2\/media?parent=22951"}],"curies":[{"name":"wp","href":"https:\/\/api.w.org\/{rel}","templated":true}]}}