{"id":6115,"date":"2018-07-04T09:45:45","date_gmt":"2018-07-04T07:45:45","guid":{"rendered":"https:\/\/unser-quartier.de\/hagelkreuz\/?page_id=6115"},"modified":"2025-02-14T10:34:18","modified_gmt":"2025-02-14T10:34:18","slug":"schmoekerbude-2","status":"publish","type":"page","link":"https:\/\/unser-quartier.de\/hagelkreuz\/projekte\/schmoekerbude-2\/","title":{"rendered":"Schm\u00f6kerbude"},"content":{"rendered":"<div class=\"wp-block-image\">\n<figure id=\"attachment_22288\" aria-describedby=\"caption-attachment-22288\" style=\"width: 290px\" class=\"wp-caption alignleft\"><a href=\"https:\/\/unser-quartier.de\/hagelkreuz\/files\/2025\/02\/IMG_0144-e1726483470758-1.jpg\" data-wpel-link=\"internal\"><img loading=\"lazy\" decoding=\"async\" class=\"wpa-warning wpa-image-missing-alt wp-image-22288 size-medium\" src=\"https:\/\/unser-quartier.de\/hagelkreuz\/files\/2025\/02\/IMG_0144-e1726483470758-1-300x188.jpg\" alt=\"Gruppenfoto Schm\u00f6kerbuden-Team\" width=\"300\" height=\"188\" data-warning=\"Missing alt text\" srcset=\"https:\/\/unser-quartier.de\/hagelkreuz\/files\/2025\/02\/IMG_0144-e1726483470758-1-300x188.jpg 300w, https:\/\/unser-quartier.de\/hagelkreuz\/files\/2025\/02\/IMG_0144-e1726483470758-1-150x94.jpg 150w, https:\/\/unser-quartier.de\/hagelkreuz\/files\/2025\/02\/IMG_0144-e1726483470758-1.jpg 728w\" sizes=\"auto, (max-width: 300px) 100vw, 300px\" \/><\/a><figcaption id=\"caption-attachment-22288\" class=\"wp-caption-text\">Das Schm\u00f6kerbuden-Team<\/figcaption><\/figure>\n<\/div>\n<p>Der Concordienplatz, mitten im Herzen vom Hagelkreuz, bietet sich an, eine \u00f6ffentliche Bibliothek zu beheimaten. Hier kann man dann nach Herzenslust in B\u00fcchern schm\u00f6kern, sich dabei gem\u00fctlich auf eine der B\u00e4nke setzen oder bei kalten Getr\u00e4nken, Eis oder kulinarischen Angeboten in entspannter Atmosph\u00e4re in die Fantasiewelt der B\u00fccher eintauchen. In den Regalen der Schm\u00f6kerbude finden sich aus den Genres Romane, Krimi, Sience Fiction, Fantasy, History und Kinderb\u00fccher viele spannende B\u00fccher.<\/p>\n<h3>Das Beste daran, die B\u00fccher sind kostenlos und k\u00f6nnen mitgenommen werden oder gegen eigene gut erhaltene B\u00fccher eingetauscht werden.<\/h3>\n<p>B\u00fccher k\u00f6nnen auch direkt im Quartiersb\u00fcro, am Concordienplatz 7 abgegeben werden!<\/p>\n<h3>B\u00fccherannahme: Samstags ist das Quartiersb\u00fcro, Concordienplatz 7, von 10 \u2013 12 Uhr ge\u00f6ffnet.\u00a0<\/h3>\n<p>Wir, das ehrenamtliche <a href=\"https:\/\/unser-quartier.de\/hagelkreuz\/2019\/10\/die-4-von-der-schmoekerbude\/\" data-wpel-link=\"internal\">Team der Schm\u00f6kerbude<\/a>, freuen uns auf ihre Lieblingsb\u00fccher. Bitte bringen Sie nur B\u00fccher aus den genannten Genres mit. Sachb\u00fccher, Zeitschriften, religi\u00f6se oder politische B\u00fccher k\u00f6nnen aus Platzgr\u00fcnden leider nicht angenommen werden.<\/p>\n<p>Weitere Informationen unter Telefon 02152 9172112, beim Quartiersentwickler Ingo Behr.<\/p>\n<h3><strong>F\u00fcnf Jahre Schm\u00f6kerbude<\/strong><\/h3>\n<div class=\"text-orange cursor-pointer whitespace-normal inline\"><div id=\"metaslider-id-17661\" style=\"max-width: 1000px; margin: 0 auto;\" class=\"ml-slider-3-93-0 metaslider metaslider-responsive metaslider-17661 ml-slider ms-theme-default\" role=\"region\" aria-roledescription=\"Slideshow\" aria-label=\"Jubil\u00e4um Schm\u00f6kerbude\">\n    <div id=\"metaslider_container_17661\">\n        <ul id='metaslider_17661' class='rslides'>\n            <li aria-roledescription='slide' aria-labelledby='slide-0'><img loading=\"lazy\" decoding=\"async\" src=\"https:\/\/unser-quartier.de\/hagelkreuz\/files\/2023\/09\/IMG_6285-1000x700.png\" height=\"700\" width=\"1000\" alt=\"Gruppenfoto Schm\u00f6kerbuden Team\" class=\"slider-17661 slide-17717\" title=\"Jubil\u00e4um Schm\u00f6kerbude\" \/><\/li>\n            <li style='display: none;' aria-roledescription='slide' aria-labelledby='slide-1'><img loading=\"lazy\" decoding=\"async\" src=\"https:\/\/unser-quartier.de\/hagelkreuz\/files\/2023\/09\/IMG_6253-1000x700.png\" height=\"700\" width=\"1000\" alt=\"Foto B\u00fcrgermeister Christoph Dellmans\" class=\"slider-17661 slide-17718\" title=\"Jubil\u00e4um Schm\u00f6kerbude\" \/><\/li>\n            <li style='display: none;' aria-roledescription='slide' aria-labelledby='slide-2'><img loading=\"lazy\" decoding=\"async\" src=\"https:\/\/unser-quartier.de\/hagelkreuz\/files\/2023\/09\/IMG_6242-1000x700.png\" height=\"700\" width=\"1000\" alt=\"Gruppenfoto mit Autorin Mona I. Schlegel\" class=\"slider-17661 slide-17719\" title=\"Jubil\u00e4um Schm\u00f6kerbude\" \/><\/li>\n            <li style='display: none;' aria-roledescription='slide' aria-labelledby='slide-3'><img loading=\"lazy\" decoding=\"async\" src=\"https:\/\/unser-quartier.de\/hagelkreuz\/files\/2023\/09\/IMG_6297-1000x700.png\" height=\"700\" width=\"1000\" alt=\"Foto Autorin Mona I. Schlegel\" class=\"slider-17661 slide-17720\" title=\"Jubil\u00e4um Schm\u00f6kerbude\" \/><div class=\"caption-wrap\"><div class=\"caption\">Mona I. Schlegel liest vor.<\/div><\/div><\/li>\n            <li style='display: none;' aria-roledescription='slide' aria-labelledby='slide-4'><img loading=\"lazy\" decoding=\"async\" src=\"https:\/\/unser-quartier.de\/hagelkreuz\/files\/2023\/09\/IMG_6268-1000x700.png\" height=\"700\" width=\"1000\" alt=\"Foto Rede Willi Stenhorst\" class=\"slider-17661 slide-17721\" title=\"IMG_6268\" \/><\/li>\n            <li style='display: none;' aria-roledescription='slide' aria-labelledby='slide-5'><img loading=\"lazy\" decoding=\"async\" src=\"https:\/\/unser-quartier.de\/hagelkreuz\/files\/2023\/09\/IMG_6292-1000x700.png\" height=\"700\" width=\"1000\" alt=\"Gruppenfoto Teilnehmnde\" class=\"slider-17661 slide-17722\" title=\"Jubil\u00e4um Schm\u00f6kerbude\" \/><\/li>\n            <li style='display: none;' aria-roledescription='slide' aria-labelledby='slide-6'><img loading=\"lazy\" decoding=\"async\" src=\"https:\/\/unser-quartier.de\/hagelkreuz\/files\/2023\/09\/IMG_6260-1000x700.png\" height=\"700\" width=\"1000\" alt=\"Foto Rede Monika B\u00fcskens\" class=\"slider-17661 slide-17724\" title=\"Jubil\u00e4um Schm\u00f6kerbude\" \/><\/li>\n            <li style='display: none;' aria-roledescription='slide' aria-labelledby='slide-7'><img loading=\"lazy\" decoding=\"async\" src=\"https:\/\/unser-quartier.de\/hagelkreuz\/files\/2023\/09\/IMG_20230811_164957-1000x700.jpg\" height=\"700\" width=\"1000\" alt=\"Foto Teilnehmende\" class=\"slider-17661 slide-17728\" title=\"Jubil\u00e4um Schm\u00f6kerbude\" \/><\/li>\n            <li style='display: none;' aria-roledescription='slide' aria-labelledby='slide-8'><img loading=\"lazy\" decoding=\"async\" src=\"https:\/\/unser-quartier.de\/hagelkreuz\/files\/2023\/09\/IMG_6315-1000x700.png\" height=\"700\" width=\"1000\" alt=\"Foto Gewinner Suchwortr\u00e4tsel\" class=\"slider-17661 slide-17739\" title=\"Jubil\u00e4um Schm\u00f6kerbude\" \/><\/li>\n            <li style='display: none;' aria-roledescription='slide' aria-labelledby='slide-9'><img loading=\"lazy\" decoding=\"async\" src=\"https:\/\/unser-quartier.de\/hagelkreuz\/files\/2023\/09\/IMG_6236-1000x700.png\" height=\"700\" width=\"1000\" alt=\"Foto Plakat\" class=\"slider-17661 slide-17740\" title=\"Jubil\u00e4um Schm\u00f6kerbude\" \/><\/li>\n        <\/ul>\n        \n    <\/div>\n<\/div><\/div>\n<p>&nbsp;<\/p>\n<h3>Impressionen der Er\u00f6ffnung der Schm\u00f6kerbude am 23.6.2018<\/h3>\n<div id='gallery-1' class='gallery galleryid-6115 gallery-columns-3 gallery-size-thumbnail'><figure class='gallery-item'>\n\t\t\t<div class='gallery-icon landscape'>\n\t\t\t\t<a href=\"https:\/\/unser-quartier.de\/hagelkreuz\/projekte\/schmoekerbude-2\/img_0094\/#main\" data-wpel-link=\"internal\"><img loading=\"lazy\" decoding=\"async\" width=\"150\" height=\"100\" src=\"https:\/\/unser-quartier.de\/hagelkreuz\/files\/2018\/07\/IMG_0094-150x100.jpg\" class=\"attachment-thumbnail size-thumbnail\" alt=\"Foto Telefonzelle mit Schleife\" aria-describedby=\"gallery-1-6124\" srcset=\"https:\/\/unser-quartier.de\/hagelkreuz\/files\/2018\/07\/IMG_0094-150x100.jpg 150w, https:\/\/unser-quartier.de\/hagelkreuz\/files\/2018\/07\/IMG_0094-300x200.jpg 300w, https:\/\/unser-quartier.de\/hagelkreuz\/files\/2018\/07\/IMG_0094-768x512.jpg 768w, https:\/\/unser-quartier.de\/hagelkreuz\/files\/2018\/07\/IMG_0094-1024x683.jpg 1024w, https:\/\/unser-quartier.de\/hagelkreuz\/files\/2018\/07\/IMG_0094-600x400.jpg 600w, https:\/\/unser-quartier.de\/hagelkreuz\/files\/2018\/07\/IMG_0094-272x182.jpg 272w, https:\/\/unser-quartier.de\/hagelkreuz\/files\/2018\/07\/IMG_0094.jpg 1200w\" sizes=\"auto, (max-width: 150px) 100vw, 150px\" \/><\/a>\n\t\t\t<\/div>\n\t\t\t\t<figcaption class='wp-caption-text gallery-caption' id='gallery-1-6124'>\n\t\t\t\tDie Schm\u00f6kerbude wird eingeweiht\n\t\t\t\t<\/figcaption><\/figure><figure class='gallery-item'>\n\t\t\t<div class='gallery-icon landscape'>\n\t\t\t\t<a href=\"https:\/\/unser-quartier.de\/hagelkreuz\/projekte\/schmoekerbude-2\/img_0120\/#main\" data-wpel-link=\"internal\"><img loading=\"lazy\" decoding=\"async\" width=\"150\" height=\"100\" src=\"https:\/\/unser-quartier.de\/hagelkreuz\/files\/2018\/07\/IMG_0120-150x100.jpg\" class=\"attachment-thumbnail size-thumbnail\" alt=\"Foto Gruppenfoto Er\u00f6ffnungsfeier\" aria-describedby=\"gallery-1-6121\" srcset=\"https:\/\/unser-quartier.de\/hagelkreuz\/files\/2018\/07\/IMG_0120-150x100.jpg 150w, https:\/\/unser-quartier.de\/hagelkreuz\/files\/2018\/07\/IMG_0120-300x200.jpg 300w, https:\/\/unser-quartier.de\/hagelkreuz\/files\/2018\/07\/IMG_0120-768x512.jpg 768w, https:\/\/unser-quartier.de\/hagelkreuz\/files\/2018\/07\/IMG_0120-1024x683.jpg 1024w, https:\/\/unser-quartier.de\/hagelkreuz\/files\/2018\/07\/IMG_0120-600x400.jpg 600w, https:\/\/unser-quartier.de\/hagelkreuz\/files\/2018\/07\/IMG_0120-272x182.jpg 272w, https:\/\/unser-quartier.de\/hagelkreuz\/files\/2018\/07\/IMG_0120.jpg 1200w\" sizes=\"auto, (max-width: 150px) 100vw, 150px\" \/><\/a>\n\t\t\t<\/div>\n\t\t\t\t<figcaption class='wp-caption-text gallery-caption' id='gallery-1-6121'>\n\t\t\t\tDer Quartiersentwickler begr\u00fc\u00dft die B\u00fcrger*innen bei der Er\u00f6ffnungsfeier der Schm\u00f6kerbude\n\t\t\t\t<\/figcaption><\/figure><figure class='gallery-item'>\n\t\t\t<div class='gallery-icon landscape'>\n\t\t\t\t<a href=\"https:\/\/unser-quartier.de\/hagelkreuz\/projekte\/schmoekerbude-2\/img_0146\/#main\" data-wpel-link=\"internal\"><img loading=\"lazy\" decoding=\"async\" width=\"150\" height=\"100\" src=\"https:\/\/unser-quartier.de\/hagelkreuz\/files\/2018\/07\/IMG_0146-150x100.jpg\" class=\"attachment-thumbnail size-thumbnail\" alt=\"Gruppenfoto Vorstand B\u00fcrgerverein\" aria-describedby=\"gallery-1-6118\" srcset=\"https:\/\/unser-quartier.de\/hagelkreuz\/files\/2018\/07\/IMG_0146-150x100.jpg 150w, https:\/\/unser-quartier.de\/hagelkreuz\/files\/2018\/07\/IMG_0146-300x200.jpg 300w, https:\/\/unser-quartier.de\/hagelkreuz\/files\/2018\/07\/IMG_0146-768x512.jpg 768w, https:\/\/unser-quartier.de\/hagelkreuz\/files\/2018\/07\/IMG_0146-1024x683.jpg 1024w, https:\/\/unser-quartier.de\/hagelkreuz\/files\/2018\/07\/IMG_0146-600x400.jpg 600w, https:\/\/unser-quartier.de\/hagelkreuz\/files\/2018\/07\/IMG_0146-272x182.jpg 272w, https:\/\/unser-quartier.de\/hagelkreuz\/files\/2018\/07\/IMG_0146.jpg 1200w\" sizes=\"auto, (max-width: 150px) 100vw, 150px\" \/><\/a>\n\t\t\t<\/div>\n\t\t\t\t<figcaption class='wp-caption-text gallery-caption' id='gallery-1-6118'>\n\t\t\t\tDer Vorstand des B\u00fcrgervereins Hagelkreuz freut sich \u00fcber eine neue Attraktion im Hagelkreuz\n\t\t\t\t<\/figcaption><\/figure><figure class='gallery-item'>\n\t\t\t<div class='gallery-icon landscape'>\n\t\t\t\t<a href=\"https:\/\/unser-quartier.de\/hagelkreuz\/projekte\/schmoekerbude-2\/img_0143\/#main\" data-wpel-link=\"internal\"><img loading=\"lazy\" decoding=\"async\" width=\"150\" height=\"100\" src=\"https:\/\/unser-quartier.de\/hagelkreuz\/files\/2018\/07\/IMG_0143-150x100.jpg\" class=\"attachment-thumbnail size-thumbnail\" alt=\"Fotodrei ehrenamtliche Handwerker\" aria-describedby=\"gallery-1-6119\" srcset=\"https:\/\/unser-quartier.de\/hagelkreuz\/files\/2018\/07\/IMG_0143-150x100.jpg 150w, https:\/\/unser-quartier.de\/hagelkreuz\/files\/2018\/07\/IMG_0143-300x200.jpg 300w, https:\/\/unser-quartier.de\/hagelkreuz\/files\/2018\/07\/IMG_0143-768x512.jpg 768w, https:\/\/unser-quartier.de\/hagelkreuz\/files\/2018\/07\/IMG_0143-1024x683.jpg 1024w, https:\/\/unser-quartier.de\/hagelkreuz\/files\/2018\/07\/IMG_0143-600x400.jpg 600w, https:\/\/unser-quartier.de\/hagelkreuz\/files\/2018\/07\/IMG_0143-272x182.jpg 272w, https:\/\/unser-quartier.de\/hagelkreuz\/files\/2018\/07\/IMG_0143.jpg 1200w\" sizes=\"auto, (max-width: 150px) 100vw, 150px\" \/><\/a>\n\t\t\t<\/div>\n\t\t\t\t<figcaption class='wp-caption-text gallery-caption' id='gallery-1-6119'>\n\t\t\t\tMehr als 40 Arbeitsstunden waren von den ehrenamtliclhen Handwerkern n\u00f6tig, um aus einer Telefonzelle eine Schm\u00f6kerbude zu machen.\n\t\t\t\t<\/figcaption><\/figure><figure class='gallery-item'>\n\t\t\t<div class='gallery-icon landscape'>\n\t\t\t\t<a href=\"https:\/\/unser-quartier.de\/hagelkreuz\/projekte\/schmoekerbude-2\/img_0114\/#main\" data-wpel-link=\"internal\"><img loading=\"lazy\" decoding=\"async\" width=\"150\" height=\"100\" src=\"https:\/\/unser-quartier.de\/hagelkreuz\/files\/2018\/07\/IMG_0114-150x100.jpg\" class=\"attachment-thumbnail size-thumbnail\" alt=\"Gruppenfoto Er\u00f6ffnungsfeier\" aria-describedby=\"gallery-1-6122\" srcset=\"https:\/\/unser-quartier.de\/hagelkreuz\/files\/2018\/07\/IMG_0114-150x100.jpg 150w, https:\/\/unser-quartier.de\/hagelkreuz\/files\/2018\/07\/IMG_0114-300x200.jpg 300w, https:\/\/unser-quartier.de\/hagelkreuz\/files\/2018\/07\/IMG_0114-768x512.jpg 768w, https:\/\/unser-quartier.de\/hagelkreuz\/files\/2018\/07\/IMG_0114-1024x683.jpg 1024w, https:\/\/unser-quartier.de\/hagelkreuz\/files\/2018\/07\/IMG_0114-600x400.jpg 600w, https:\/\/unser-quartier.de\/hagelkreuz\/files\/2018\/07\/IMG_0114-272x182.jpg 272w, https:\/\/unser-quartier.de\/hagelkreuz\/files\/2018\/07\/IMG_0114.jpg 1200w\" sizes=\"auto, (max-width: 150px) 100vw, 150px\" \/><\/a>\n\t\t\t<\/div>\n\t\t\t\t<figcaption class='wp-caption-text gallery-caption' id='gallery-1-6122'>\n\t\t\t\tViele Besucher bei der Er\u00f6ffnungsfeier\n\t\t\t\t<\/figcaption><\/figure><figure class='gallery-item'>\n\t\t\t<div class='gallery-icon landscape'>\n\t\t\t\t<a href=\"https:\/\/unser-quartier.de\/hagelkreuz\/projekte\/schmoekerbude-2\/img_0112\/#main\" data-wpel-link=\"internal\"><img loading=\"lazy\" decoding=\"async\" width=\"150\" height=\"100\" src=\"https:\/\/unser-quartier.de\/hagelkreuz\/files\/2018\/07\/IMG_0112-150x100.jpg\" class=\"attachment-thumbnail size-thumbnail\" alt=\"Gruppenfoto ehrenamtliches Betreuungsteam\" aria-describedby=\"gallery-1-6123\" srcset=\"https:\/\/unser-quartier.de\/hagelkreuz\/files\/2018\/07\/IMG_0112-150x100.jpg 150w, https:\/\/unser-quartier.de\/hagelkreuz\/files\/2018\/07\/IMG_0112-300x200.jpg 300w, https:\/\/unser-quartier.de\/hagelkreuz\/files\/2018\/07\/IMG_0112-768x512.jpg 768w, https:\/\/unser-quartier.de\/hagelkreuz\/files\/2018\/07\/IMG_0112-1024x683.jpg 1024w, https:\/\/unser-quartier.de\/hagelkreuz\/files\/2018\/07\/IMG_0112-600x400.jpg 600w, https:\/\/unser-quartier.de\/hagelkreuz\/files\/2018\/07\/IMG_0112-272x182.jpg 272w, https:\/\/unser-quartier.de\/hagelkreuz\/files\/2018\/07\/IMG_0112.jpg 1200w\" sizes=\"auto, (max-width: 150px) 100vw, 150px\" \/><\/a>\n\t\t\t<\/div>\n\t\t\t\t<figcaption class='wp-caption-text gallery-caption' id='gallery-1-6123'>\n\t\t\t\tDas ehrenamtliche Betreuerinnenteam wird vorgestellt.\n\t\t\t\t<\/figcaption><\/figure><figure class='gallery-item'>\n\t\t\t<div class='gallery-icon landscape'>\n\t\t\t\t<a href=\"https:\/\/unser-quartier.de\/hagelkreuz\/projekte\/schmoekerbude-2\/img_0151\/#main\" data-wpel-link=\"internal\"><img loading=\"lazy\" decoding=\"async\" width=\"150\" height=\"100\" src=\"https:\/\/unser-quartier.de\/hagelkreuz\/files\/2018\/07\/IMG_0151-150x100.jpg\" class=\"attachment-thumbnail size-thumbnail\" alt=\"Foto Philipp Wachowiak liest in einem Buch\" aria-describedby=\"gallery-1-6117\" srcset=\"https:\/\/unser-quartier.de\/hagelkreuz\/files\/2018\/07\/IMG_0151-150x100.jpg 150w, https:\/\/unser-quartier.de\/hagelkreuz\/files\/2018\/07\/IMG_0151-300x200.jpg 300w, https:\/\/unser-quartier.de\/hagelkreuz\/files\/2018\/07\/IMG_0151-768x512.jpg 768w, https:\/\/unser-quartier.de\/hagelkreuz\/files\/2018\/07\/IMG_0151-1024x683.jpg 1024w, https:\/\/unser-quartier.de\/hagelkreuz\/files\/2018\/07\/IMG_0151-600x400.jpg 600w, https:\/\/unser-quartier.de\/hagelkreuz\/files\/2018\/07\/IMG_0151-272x182.jpg 272w, https:\/\/unser-quartier.de\/hagelkreuz\/files\/2018\/07\/IMG_0151.jpg 1200w\" sizes=\"auto, (max-width: 150px) 100vw, 150px\" \/><\/a>\n\t\t\t<\/div>\n\t\t\t\t<figcaption class='wp-caption-text gallery-caption' id='gallery-1-6117'>\n\t\t\t\tPhilipp Wachowiak liest vor\n\t\t\t\t<\/figcaption><\/figure><figure class='gallery-item'>\n\t\t\t<div class='gallery-icon landscape'>\n\t\t\t\t<a href=\"https:\/\/unser-quartier.de\/hagelkreuz\/projekte\/schmoekerbude-2\/img_0128\/#main\" data-wpel-link=\"internal\"><img loading=\"lazy\" decoding=\"async\" width=\"150\" height=\"100\" src=\"https:\/\/unser-quartier.de\/hagelkreuz\/files\/2018\/07\/IMG_0128-150x100.jpg\" class=\"attachment-thumbnail size-thumbnail\" alt=\"Foto Telefonzelle mit B\u00fcchern und ersten Nutzern\" aria-describedby=\"gallery-1-6120\" srcset=\"https:\/\/unser-quartier.de\/hagelkreuz\/files\/2018\/07\/IMG_0128-150x100.jpg 150w, https:\/\/unser-quartier.de\/hagelkreuz\/files\/2018\/07\/IMG_0128-300x200.jpg 300w, https:\/\/unser-quartier.de\/hagelkreuz\/files\/2018\/07\/IMG_0128-768x512.jpg 768w, https:\/\/unser-quartier.de\/hagelkreuz\/files\/2018\/07\/IMG_0128-1024x683.jpg 1024w, https:\/\/unser-quartier.de\/hagelkreuz\/files\/2018\/07\/IMG_0128-600x400.jpg 600w, https:\/\/unser-quartier.de\/hagelkreuz\/files\/2018\/07\/IMG_0128-272x182.jpg 272w, https:\/\/unser-quartier.de\/hagelkreuz\/files\/2018\/07\/IMG_0128.jpg 1200w\" sizes=\"auto, (max-width: 150px) 100vw, 150px\" \/><\/a>\n\t\t\t<\/div>\n\t\t\t\t<figcaption class='wp-caption-text gallery-caption' id='gallery-1-6120'>\n\t\t\t\tDie ersten Nutzer der Schm\u00f6kerbude\n\t\t\t\t<\/figcaption><\/figure>\n\t\t<\/div>\n\n","protected":false},"excerpt":{"rendered":"<p>Der Concordienplatz, mitten im Herzen vom Hagelkreuz, bietet sich an, eine \u00f6ffentliche Bibliothek zu beheimaten. Hier kann man dann nach Herzenslust in B\u00fcchern schm\u00f6kern, sich dabei gem\u00fctlich auf eine der B\u00e4nke setzen oder bei kalten Getr\u00e4nken, Eis oder kulinarischen Angeboten in entspannter Atmosph\u00e4re in die Fantasiewelt der B\u00fccher eintauchen. In den Regalen der Schm\u00f6kerbude finden&hellip; <a class=\"continue\" href=\"https:\/\/unser-quartier.de\/hagelkreuz\/projekte\/schmoekerbude-2\/\" data-wpel-link=\"internal\"> \u00bb weiterlesen: <span> Schm\u00f6kerbude<\/span><\/a><\/p>\n","protected":false},"author":391,"featured_media":0,"parent":1704,"menu_order":7,"comment_status":"closed","ping_status":"closed","template":"","meta":{"generate_page_header":"","footnotes":""},"class_list":["post-6115","page","type-page","status-publish"],"_links":{"self":[{"href":"https:\/\/unser-quartier.de\/hagelkreuz\/wp-json\/wp\/v2\/pages\/6115","targetHints":{"allow":["GET"]}}],"collection":[{"href":"https:\/\/unser-quartier.de\/hagelkreuz\/wp-json\/wp\/v2\/pages"}],"about":[{"href":"https:\/\/unser-quartier.de\/hagelkreuz\/wp-json\/wp\/v2\/types\/page"}],"author":[{"embeddable":true,"href":"https:\/\/unser-quartier.de\/hagelkreuz\/wp-json\/wp\/v2\/users\/391"}],"replies":[{"embeddable":true,"href":"https:\/\/unser-quartier.de\/hagelkreuz\/wp-json\/wp\/v2\/comments?post=6115"}],"version-history":[{"count":3,"href":"https:\/\/unser-quartier.de\/hagelkreuz\/wp-json\/wp\/v2\/pages\/6115\/revisions"}],"predecessor-version":[{"id":22297,"href":"https:\/\/unser-quartier.de\/hagelkreuz\/wp-json\/wp\/v2\/pages\/6115\/revisions\/22297"}],"up":[{"embeddable":true,"href":"https:\/\/unser-quartier.de\/hagelkreuz\/wp-json\/wp\/v2\/pages\/1704"}],"wp:attachment":[{"href":"https:\/\/unser-quartier.de\/hagelkreuz\/wp-json\/wp\/v2\/media?parent=6115"}],"curies":[{"name":"wp","href":"https:\/\/api.w.org\/{rel}","templated":true}]}}