{"id":6369,"date":"2018-09-05T09:55:17","date_gmt":"2018-09-05T07:55:17","guid":{"rendered":"https:\/\/unser-quartier.de\/hagelkreuz\/?page_id=6369"},"modified":"2024-04-19T11:57:02","modified_gmt":"2024-04-19T11:57:02","slug":"info-treff-smartphones-und-tablets","status":"publish","type":"page","link":"https:\/\/unser-quartier.de\/hagelkreuz\/projekte\/info-treff-smartphones-und-tablets\/","title":{"rendered":"Info-Treff Mobile Endger\u00e4te"},"content":{"rendered":"<h1>Smartphone (Handy), Tablets und Laptops sind die Nabelschnur der digitalen Welt<\/h1>\n<p>Was sind eigentlich Apps und wo bekomme ich sie her? Welche Apps sind denn f\u00fcr meine Bed\u00fcrfnisse die richtigen? Wie kann ich mit einem Smartphone fotografieren und die Fotos dann verschicken? Wie bediene ich die Kommunikationsplattformen WhatsApp oder Signal?<\/p>\n<p>Diese Fragen und viele mehr werden im Quartiersb\u00fcro Hagelkreuz, Concordienplatz 7,\u00a0 jeden zweiten und vierten Mittwoch im Monat von 15:30 \u2013 17.00 Uhr durch Ehrenamtliche beantwortet. Es wird keine Haftung f\u00fcr evtl. Datenverlust \u00fcbernommen.<\/p>\n<p>Nutzer von mobilen Endger\u00e4ten k\u00f6nnen sich im Quartiersb\u00fcro Hagelkreuz kostenlos informieren und austauschen. Bitte die eigenen Ger\u00e4te mitbringen. Bitte unbedingt auch die erforderlichen Passw\u00f6rter mitbringen!<\/p>\n<p>Fragen zu dem Umgang mit Laptops k\u00f6nnen nur eingeschr\u00e4nkt beantwortet werden, da dies meistens zeitaufw\u00e4ndiger ist und jeder Telnehmer die Chance haben soll, seine Fragen beantwortet zu bekommen.<\/p>\n<p>Eine Anmeldung bei Ingo Behr unter Telefon 02152 917 2112 oder per E-Mail unter <a href=\"mailto: ingo.behr@kempen.de\">info@hagelkreuz-kempen.de<\/a>\u00a0 ist erforderlich. Falls Sie verhindert sein sollten, sagen Sie bitte unbedingt rechtzeitig ab! Sie blockieren sonst Pl\u00e4tze f\u00fcr andere Interessierte.<\/p>\n<h2>Informationen f\u00fcr den Umgang mit mobilen Endger\u00e4ten<\/h2>\n<p>Bevor Sie an einem Treffen teilnehmen, lesen Sie bitte die Handreichungen zum Umgang mit digitalen Endger\u00e4ten, die wir Ihnen auf <a href=\"https:\/\/unser-quartier.de\/hagelkreuz\/service\/downloads\/\" data-wpel-link=\"internal\">dieser Seite<\/a> bereitstellen. Vielleicht beantwortet sich ja dadurch die eine oder andere Frage.<\/p>\n<h2>Die n\u00e4chsten Termine:<\/h2>\nKeine  Veranstaltungen\n<h3>Weitere Termine vom Quartiersprojekt Hagelkreuz finden Sie unter <a href=\"https:\/\/unser-quartier.de\/hagelkreuz\/veranstaltungen\/liste\/\" data-wpel-link=\"internal\">Veranstaltungen.<\/a><\/h3>\n","protected":false},"excerpt":{"rendered":"<p>Smartphone (Handy), Tablets und Laptops sind die Nabelschnur der digitalen Welt Was sind eigentlich Apps und wo bekomme ich sie her? Welche Apps sind denn f\u00fcr meine Bed\u00fcrfnisse die richtigen? Wie kann ich mit einem Smartphone fotografieren und die Fotos dann verschicken? Wie bediene ich die Kommunikationsplattformen WhatsApp oder Signal? Diese Fragen und viele mehr&hellip; <a class=\"continue\" href=\"https:\/\/unser-quartier.de\/hagelkreuz\/projekte\/info-treff-smartphones-und-tablets\/\" data-wpel-link=\"internal\"> \u00bb weiterlesen: <span> Info-Treff Mobile Endger\u00e4te<\/span><\/a><\/p>\n","protected":false},"author":391,"featured_media":0,"parent":1704,"menu_order":2,"comment_status":"closed","ping_status":"closed","template":"","meta":{"generate_page_header":"","footnotes":""},"class_list":["post-6369","page","type-page","status-publish"],"_links":{"self":[{"href":"https:\/\/unser-quartier.de\/hagelkreuz\/wp-json\/wp\/v2\/pages\/6369","targetHints":{"allow":["GET"]}}],"collection":[{"href":"https:\/\/unser-quartier.de\/hagelkreuz\/wp-json\/wp\/v2\/pages"}],"about":[{"href":"https:\/\/unser-quartier.de\/hagelkreuz\/wp-json\/wp\/v2\/types\/page"}],"author":[{"embeddable":true,"href":"https:\/\/unser-quartier.de\/hagelkreuz\/wp-json\/wp\/v2\/users\/391"}],"replies":[{"embeddable":true,"href":"https:\/\/unser-quartier.de\/hagelkreuz\/wp-json\/wp\/v2\/comments?post=6369"}],"version-history":[{"count":3,"href":"https:\/\/unser-quartier.de\/hagelkreuz\/wp-json\/wp\/v2\/pages\/6369\/revisions"}],"predecessor-version":[{"id":20092,"href":"https:\/\/unser-quartier.de\/hagelkreuz\/wp-json\/wp\/v2\/pages\/6369\/revisions\/20092"}],"up":[{"embeddable":true,"href":"https:\/\/unser-quartier.de\/hagelkreuz\/wp-json\/wp\/v2\/pages\/1704"}],"wp:attachment":[{"href":"https:\/\/unser-quartier.de\/hagelkreuz\/wp-json\/wp\/v2\/media?parent=6369"}],"curies":[{"name":"wp","href":"https:\/\/api.w.org\/{rel}","templated":true}]}}