{"id":106,"date":"2016-05-11T14:41:42","date_gmt":"2016-05-11T12:41:42","guid":{"rendered":"https:\/\/hausherbstzeitlos.wordpress.com\/?page_id=106"},"modified":"2016-06-17T14:40:04","modified_gmt":"2016-06-17T12:40:04","slug":"selbstverteidigung","status":"publish","type":"page","link":"https:\/\/unser-quartier.de\/haus-herbstzeitlos-siegen\/selbstverteidigung\/","title":{"rendered":"Selbstverteidigung"},"content":{"rendered":"<p><a href=\"https:\/\/unser-quartier.de\/haus-herbstzeitlos-siegen\/files\/2016\/05\/sportgruppe.jpg\"><img loading=\"lazy\" decoding=\"async\" style=\"padding-top: 0;padding-left: 0;padding-right: 0;border: 0\" title=\"Sportgruppe\" src=\"https:\/\/unser-quartier.de\/haus-herbstzeitlos-siegen\/files\/2016\/05\/sportgruppe_thumb.jpg\" alt=\"Sportgruppe\" width=\"378\" height=\"286\" border=\"0\" \/><\/a><\/p>\n<p align=\"justify\">Angefangen hat alles vor nunmehr 5 Jahren. <strong>&#8222;Senioren wehren sich&#8220;,<\/strong> so lautete damals die Ank\u00fcndigung zu einem zun\u00e4chst auf 3 Monate angelegten Kurs, und eine kleine Zahl von Seniorinnen und Senioren war dieser Einladung gefolgt. Schon bald bekamen die Teilnehmer Lust auf mehr. Rasch entwickelte sich eine zweistellige Teilnehmerzahl, die heute noch mit Erfolg und Elan bei der Sache ist. Dies ist besonders der facettenreichen, anschaulichen und methodisch geschickten Trainingsleitung von Andy Holz zu verdanken, welcher seine jahrzehntelangen Erfahrungen im Bereich von Personenschutz , Personal Training und Selbstverteidigung gezielt und adressatenbezogen auf die Vertreter der dritten Generation \u00fcbertr\u00e4gt.<\/p>\n<p align=\"justify\">So vermittelt er den Teilnehmern, wie man seine eigenen M\u00f6glichkeiten realistisch einsch\u00e4tzt, Gefahrensituationen fr\u00fchzeitig erkennt und je nach Situation flexibel reagiert, ohne sich dabei leichtfertig zu \u00fcbernehmen. &#8222;Die beste Selbstverteidigung ist diejenige,welche erst gar nicht stattfinden muss&#8220;, dies ist sein zentraler Grundsatz. So ist es angebracht, Gefahrensituationen und Provokationen auf der Stra\u00dfe m\u00f6glichst zu vermeiden sowie Hinterhalte rechtzeitig zu erkennen. \u00dcberzeugend aufrechte Haltung, feste Stimme &#8211; Anrede stets in der Sie-Form &#8211; sowie beschwichtigende Handhaltung reichen bereits in vielen F\u00e4llen aus, um Eskalation zu vermeiden.<\/p>\n<p align=\"justify\">Nicht immer ist es jedoch damit getan, und so kommt es dann auf die rasche und wirkungsvolle Abwehr und Gegenwehr an. Meistens rechnen die Angreifer, welche in der Regel nur ein hilfloses Opfer suchen, nicht mit der Wehrhaftigkeit des vermeintlich Schwachen. Erfolgreiche Ab- und Gegenwehr wird sich wom\u00f6glich herumsprechen und derartige Schl\u00e4ger von k\u00fcnftigem Tun abschrecken.<\/p>\n<p align=\"justify\">Dieser Selbstverteidigungskurs ist jederzeit offen f\u00fcr Neueinsteiger ohne Vorkenntnisse. &#8222;Die Mischung macht es, wir alle k\u00f6nnen von einander lernen und unterst\u00fctzen uns gegenseitig. Neue Teilnehmerinnen und Teilnehmer lernen von den Fortgeschrittenen ,und diese verbessern und verfeinern ihre bisherigen Fertigkeiten&#8220;, so Andy Holz.<\/p>\n<p align=\"justify\">Auch der gesellige Teil kommt auf seine Kosten. In gewissen Abst\u00e4nden treffen sich die Kursteilnehmer mit ihrem Gro\u00dfmeister zum gemeinsamen Abendessen in lockerer und heiterer Atmosph\u00e4re.<\/p>\n<p>Quelle: <a href=\"http:\/\/www.senioren-stadt-siegen.de\/aktuelles\/haus-herbstzeitlose\" target=\"_blank\">Seniorenbeirat Siegen<\/a><\/p>\n<p>Die Gruppe trifft sich <strong>jeden Donnerstag um 9.30 Uhr<\/strong><br \/>\nim Haus Herbstzeitlos, Marienborner Str. 151, 57074 Siegen<\/p>\n<p>Interessente k\u00f6nnen wie folgt Kontakt aufnehmen:<br \/>\n<strong>Andreas Holz 0160 &#8211; 830 18 67<\/strong> oder <a href=\"http:\/\/www.sensei-sports.de\">www.sensei-sports.de<\/a><br \/>\noder: Gesch\u00e4ftsstelle des Seniorenbeirates der Stadt Siegen<strong> 0271 &#8211; 40 42 202<\/strong><\/p>\n<p>&nbsp;<\/p>\n","protected":false},"excerpt":{"rendered":"<p>Angefangen hat alles vor nunmehr 5 Jahren. &#8222;Senioren wehren sich&#8220;, so lautete damals die Ank\u00fcndigung zu einem zun\u00e4chst auf 3 Monate angelegten Kurs, und eine kleine Zahl von Seniorinnen und Senioren war dieser Einladung gefolgt. Schon bald bekamen die Teilnehmer &hellip; <a href=\"https:\/\/unser-quartier.de\/haus-herbstzeitlos-siegen\/selbstverteidigung\/\">Weiterlesen <span class=\"meta-nav\">&rarr;<\/span><\/a><\/p>\n","protected":false},"author":66,"featured_media":0,"parent":0,"menu_order":0,"comment_status":"closed","ping_status":"closed","template":"","meta":{"footnotes":""},"class_list":["post-106","page","type-page","status-publish","hentry"],"_links":{"self":[{"href":"https:\/\/unser-quartier.de\/haus-herbstzeitlos-siegen\/wp-json\/wp\/v2\/pages\/106","targetHints":{"allow":["GET"]}}],"collection":[{"href":"https:\/\/unser-quartier.de\/haus-herbstzeitlos-siegen\/wp-json\/wp\/v2\/pages"}],"about":[{"href":"https:\/\/unser-quartier.de\/haus-herbstzeitlos-siegen\/wp-json\/wp\/v2\/types\/page"}],"author":[{"embeddable":true,"href":"https:\/\/unser-quartier.de\/haus-herbstzeitlos-siegen\/wp-json\/wp\/v2\/users\/66"}],"replies":[{"embeddable":true,"href":"https:\/\/unser-quartier.de\/haus-herbstzeitlos-siegen\/wp-json\/wp\/v2\/comments?post=106"}],"version-history":[{"count":0,"href":"https:\/\/unser-quartier.de\/haus-herbstzeitlos-siegen\/wp-json\/wp\/v2\/pages\/106\/revisions"}],"wp:attachment":[{"href":"https:\/\/unser-quartier.de\/haus-herbstzeitlos-siegen\/wp-json\/wp\/v2\/media?parent=106"}],"curies":[{"name":"wp","href":"https:\/\/api.w.org\/{rel}","templated":true}]}}