{"id":17,"date":"2016-05-11T13:22:53","date_gmt":"2016-05-11T11:22:53","guid":{"rendered":"https:\/\/hausherbstzeitlos.wordpress.com\/?page_id=17"},"modified":"2019-07-11T11:04:28","modified_gmt":"2019-07-11T09:04:28","slug":"senecfe-siegen","status":"publish","type":"page","link":"https:\/\/unser-quartier.de\/haus-herbstzeitlos-siegen\/senecfe-siegen\/","title":{"rendered":"Senec@f&eacute; Siegen"},"content":{"rendered":"<p><img loading=\"lazy\" decoding=\"async\" class=\" wp-image-250 alignleft\" src=\"https:\/\/unser-quartier.de\/haus-herbstzeitlos-siegen\/files\/2016\/05\/senecafe-klein.jpg\" alt=\"senecafe-klein\" width=\"212\" height=\"144\" \/><\/p>\n<p><img loading=\"lazy\" decoding=\"async\" class=\"wp-image-7683 alignleft\" src=\"https:\/\/unser-quartier.de\/haus-herbstzeitlos-siegen\/files\/2019\/07\/Logo-Digitalkompass-300x166.jpg\" alt=\"\" width=\"251\" height=\"146\" \/><\/p>\n<p>&nbsp;<\/p>\n<p>&nbsp;<\/p>\n<p>&nbsp;<\/p>\n<p>&nbsp;<\/p>\n<p>&nbsp;<\/p>\n<p style=\"text-align: justify\">Das <strong>Senec@f\u00e9 &#8211; Treffpunkt Neue Medien<\/strong> wurde bereits 2003 im Haus Herbstzeitlos eingerichtet. Der <strong>Verein ALTERAktiv Siegen-Wittgenstein e.V.<\/strong> hat sich in diesem Projekt das Ziel gesetzt, \u00e4ltere Menschen durch Schulung in ihrer Medienkompetenz und damit in ihrer individuellen Handlungsm\u00f6glichkeiten zu unterst\u00fctzen. Ziel ist es, auch im Alter ein selbstbestimmtes Leben f\u00fchren zu k\u00f6nnen.<\/p>\n<p style=\"text-align: justify\"><a href=\"https:\/\/unser-quartier.de\/haus-herbstzeitlos-siegen\/files\/2016\/06\/Senecafe-1.jpg\"><img loading=\"lazy\" decoding=\"async\" style=\"padding-top: 0px;padding-left: 0px;padding-right: 0px;border-width: 0px\" title=\"Senecafe\" src=\"https:\/\/unser-quartier.de\/haus-herbstzeitlos-siegen\/files\/2016\/06\/Senecafe_thumb-1.jpg\" alt=\"Senecafe\" width=\"556\" height=\"371\" border=\"0\" \/><\/a><\/p>\n<p>Fotos und Collage: <a href=\"mailto:Senec@f\u00e9\">Senec@f\u00e9<\/a><\/p>\n<p>Die ehrenamtlichen Mitarbeiter des Senec@f\u00e9s unterst\u00fctzen Interessierte beim Einstieg in PC und Internet, nat\u00fcrlich auch bei Smartphones und Tablets.<br \/>\nKommen Sie zu uns! Wir helfen Ihnen beim Erlernen der neuen Technik!<\/p>\n<p><strong>Das Senec@fe ist ge\u00f6ffnet:<\/strong><br \/>\nMontags\u00a0\u00a0 von\u00a0 14.00 h bis 18.00 h<br \/>\nDienstags von\u00a0 09.00 h bis 12.00 h<br \/>\nMittwochs von\u00a0 09.00 h bis 12.00 h und 14.00 h bis 18.00 h<\/p>\n<p><strong>Telefon: 0271 &#8211; 250 32 39<\/strong> w\u00e4hrend der \u00d6ffnungszeiten<\/p>\n<p>Mehr erfahren Sie auf dem <a href=\"https:\/\/anntheres.wordpress.com\/\">Senec@f\u00e9-Blog<\/a><br \/>\noder auf der Website von <a href=\"http:\/\/www.senioren-siegen.de\/\">Alteraktiv Siegen-Wittgenstein e.V.<\/a><\/p>\n<p>Seit 1.04.2019 geh\u00f6rt das Senec@f\u00e9 auch zur bundesweiten<br \/>\nInitiative &#8220; Digitalkompass&#8220;.<\/p>\n<p><a href=\"https:\/\/unser-quartier.de\/haus-herbstzeitlos-siegen\/files\/2019\/07\/Flyer-Senecafe-19-07-11-Druck.pdf\">Flyer Senecafe 19-07-11 Druck<\/a><\/p>\n<p><a title=\"Senecafe-Brosch\u00fcre 2015-10-06-\" href=\"https:\/\/unser-quartier.de\/haus-herbstzeitlos-siegen\/files\/2016\/05\/senecafe-broschc3bcre-2015-10-06.pdf\">Senecafe-Brosch\u00fcre 2015-10-06-<\/a><\/p>\n<p><span style=\"color: #0d4d2d\"><strong>\u00a0<\/strong><\/span><\/p>\n","protected":false},"excerpt":{"rendered":"<p>&nbsp; &nbsp; &nbsp; &nbsp; &nbsp; Das Senec@f\u00e9 &#8211; Treffpunkt Neue Medien wurde bereits 2003 im Haus Herbstzeitlos eingerichtet. Der Verein ALTERAktiv Siegen-Wittgenstein e.V. hat sich in diesem Projekt das Ziel gesetzt, \u00e4ltere Menschen durch Schulung in ihrer Medienkompetenz und damit &hellip; <a href=\"https:\/\/unser-quartier.de\/haus-herbstzeitlos-siegen\/senecfe-siegen\/\">Weiterlesen <span class=\"meta-nav\">&rarr;<\/span><\/a><\/p>\n","protected":false},"author":66,"featured_media":0,"parent":0,"menu_order":0,"comment_status":"closed","ping_status":"closed","template":"","meta":{"footnotes":""},"class_list":["post-17","page","type-page","status-publish","hentry"],"_links":{"self":[{"href":"https:\/\/unser-quartier.de\/haus-herbstzeitlos-siegen\/wp-json\/wp\/v2\/pages\/17","targetHints":{"allow":["GET"]}}],"collection":[{"href":"https:\/\/unser-quartier.de\/haus-herbstzeitlos-siegen\/wp-json\/wp\/v2\/pages"}],"about":[{"href":"https:\/\/unser-quartier.de\/haus-herbstzeitlos-siegen\/wp-json\/wp\/v2\/types\/page"}],"author":[{"embeddable":true,"href":"https:\/\/unser-quartier.de\/haus-herbstzeitlos-siegen\/wp-json\/wp\/v2\/users\/66"}],"replies":[{"embeddable":true,"href":"https:\/\/unser-quartier.de\/haus-herbstzeitlos-siegen\/wp-json\/wp\/v2\/comments?post=17"}],"version-history":[{"count":0,"href":"https:\/\/unser-quartier.de\/haus-herbstzeitlos-siegen\/wp-json\/wp\/v2\/pages\/17\/revisions"}],"wp:attachment":[{"href":"https:\/\/unser-quartier.de\/haus-herbstzeitlos-siegen\/wp-json\/wp\/v2\/media?parent=17"}],"curies":[{"name":"wp","href":"https:\/\/api.w.org\/{rel}","templated":true}]}}

<p><img loading="lazy" decoding="async" class=" wp-image-250 alignleft" src="https://unser-quartier.de/haus-herbstzeitlos-siegen/files/2016/05/senecafe-klein.jpg" alt="senecafe-klein" width="212" height="144" /></p>
<p><img loading="lazy" decoding="async" class="wp-image-7683 alignleft" src="https://unser-quartier.de/haus-herbstzeitlos-siegen/files/2019/07/Logo-Digitalkompass-300x166.jpg" alt="" width="251" height="146" /></p>
<p>&nbsp;</p>
<p>&nbsp;</p>
<p>&nbsp;</p>
<p>&nbsp;</p>
<p>&nbsp;</p>
<p style="text-align: justify">Das <strong>Senec@fé &#8211; Treffpunkt Neue Medien</strong> wurde bereits 2003 im Haus Herbstzeitlos eingerichtet. Der <strong>Verein ALTERAktiv Siegen-Wittgenstein e.V.</strong> hat sich in diesem Projekt das Ziel gesetzt, ältere Menschen durch Schulung in ihrer Medienkompetenz und damit in ihrer individuellen Handlungsmöglichkeiten zu unterstützen. Ziel ist es, auch im Alter ein selbstbestimmtes Leben führen zu können.</p>
<p style="text-align: justify"><a href="https://unser-quartier.de/haus-herbstzeitlos-siegen/files/2016/06/Senecafe-1.jpg"><img loading="lazy" decoding="async" style="padding-top: 0px;padding-left: 0px;padding-right: 0px;border-width: 0px" title="Senecafe" src="https://unser-quartier.de/haus-herbstzeitlos-siegen/files/2016/06/Senecafe_thumb-1.jpg" alt="Senecafe" width="556" height="371" border="0" /></a></p>
<p>Fotos und Collage: <a href="mailto:Senec@fé">Senec@fé</a></p>
<p>Die ehrenamtlichen Mitarbeiter des Senec@fés unterstützen Interessierte beim Einstieg in PC und Internet, natürlich auch bei Smartphones und Tablets.<br />
Kommen Sie zu uns! Wir helfen Ihnen beim Erlernen der neuen Technik!</p>
<p><strong>Das Senec@fe ist geöffnet:</strong><br />
Montags   von  14.00 h bis 18.00 h<br />
Dienstags von  09.00 h bis 12.00 h<br />
Mittwochs von  09.00 h bis 12.00 h und 14.00 h bis 18.00 h</p>
<p><strong>Telefon: 0271 &#8211; 250 32 39</strong> während der Öffnungszeiten</p>
<p>Mehr erfahren Sie auf dem <a href="https://anntheres.wordpress.com/">Senec@fé-Blog</a><br />
oder auf der Website von <a href="http://www.senioren-siegen.de/">Alteraktiv Siegen-Wittgenstein e.V.</a></p>
<p>Seit 1.04.2019 gehört das Senec@fé auch zur bundesweiten<br />
Initiative &#8220; Digitalkompass&#8220;.</p>
<p><a href="https://unser-quartier.de/haus-herbstzeitlos-siegen/files/2019/07/Flyer-Senecafe-19-07-11-Druck.pdf">Flyer Senecafe 19-07-11 Druck</a></p>
<p><a title="Senecafe-Broschüre 2015-10-06-" href="https://unser-quartier.de/haus-herbstzeitlos-siegen/files/2016/05/senecafe-broschc3bcre-2015-10-06.pdf">Senecafe-Broschüre 2015-10-06-</a></p>
<p><span style="color: #0d4d2d"><strong> </strong></span></p>

<p>&nbsp; &nbsp; &nbsp; &nbsp; &nbsp; Das Senec@fé &#8211; Treffpunkt Neue Medien wurde bereits 2003 im Haus Herbstzeitlos eingerichtet. Der Verein ALTERAktiv Siegen-Wittgenstein e.V. hat sich in diesem Projekt das Ziel gesetzt, ältere Menschen durch Schulung in ihrer Medienkompetenz und damit &hellip; <a href="https://unser-quartier.de/haus-herbstzeitlos-siegen/senecfe-siegen/">Weiterlesen <span class="meta-nav">&rarr;</span></a></p>
