{"id":368,"date":"2016-05-24T11:27:22","date_gmt":"2016-05-24T09:27:22","guid":{"rendered":"https:\/\/unser-quartier.de\/haus-herbstzeitlos-siegen\/?page_id=368"},"modified":"2025-03-10T12:28:00","modified_gmt":"2025-03-10T11:28:00","slug":"heinzelwerker-2","status":"publish","type":"page","link":"https:\/\/unser-quartier.de\/haus-herbstzeitlos-siegen\/heinzelwerker-2\/","title":{"rendered":"Das Heinzelwerk Siegen"},"content":{"rendered":"<div class=\"wp-block-image\"><a href=\"https:\/\/unser-quartier.de\/haus-herbstzeitlos-siegen\/files\/2023\/01\/Heinzelwerk.jpg\"><img loading=\"lazy\" decoding=\"async\" class=\"alignnone wp-image-10242 size-full\" src=\"https:\/\/unser-quartier.de\/haus-herbstzeitlos-siegen\/files\/2023\/01\/Heinzelwerk.jpg\" alt=\"\" width=\"363\" height=\"278\" srcset=\"https:\/\/unser-quartier.de\/haus-herbstzeitlos-siegen\/files\/2023\/01\/Heinzelwerk.jpg 363w, https:\/\/unser-quartier.de\/haus-herbstzeitlos-siegen\/files\/2023\/01\/Heinzelwerk-300x230.jpg 300w\" sizes=\"auto, (max-width: 363px) 100vw, 363px\" \/><\/a><\/div>\n<h4><\/h4>\n<h6>Ehrenamtliche Hilfeleistung in Siegen<\/h6>\n<p align=\"justify\">Gegenseitige Hilfe bei einfachen Alltagsarbeiten ist in einer Dorfgemeinschaft selbstverst\u00e4ndlich. Aber funktioniert das auch in einer Stadt wie Siegen?<br \/>\nWir meinen der Bedarf ist vorhanden und zahlreiche Menschen (\u00c4ltere, Behinderte, Bed\u00fcrftige) sind auf unkonventionelle, ehrenamtliche Hilfe angewiesen.<br \/>\nEin Stuhl ist aus dem Leim gegangen, die Dichtung im Wasserhahn marode oder die Gl\u00fchbirne durchgebrannt. Das Regal wackelt, die T\u00fcre klemmt oder das Bild muss an die Wand.<br \/>\nEinfache Alltagsarbeiten, die viele im Nu erledigt haben, stellen oft \u00e4ltere und behinderte Menschen vor gro\u00dfe Probleme.<br \/>\nF\u00fcr viele, die in wirtschaftliche Not geraten sind, spielt auch Geld eine gro\u00dfe Rolle, so dass sie selbst solche einfachen Arbeiten nicht bezahlen k\u00f6nnen.<br \/>\nAuf der anderen Seite gibt es in einer Stadt wie Siegen auch ein Potential an geschickten, handwerklich begabten Menschen, die anderen unkonventionell und ehrenamtlich helfen wollen. Das Heinzelwerk Siegen f\u00fchrt beide Gruppen zusammen.<\/p>\n<p><strong>Welche Arbeiten macht das Heinzelwerk?<\/strong><\/p>\n<p align=\"justify\">Es werden einfache T\u00e4tigkeiten im Sinne einer Nachbarschaftshilfe durchgef\u00fchrt. Zum Beispiel: T\u00fcrscharnier \u00f6len, Schublade richten, Stuhlbein befestigen, Bild aufh\u00e4ngen, Wasserhahn dichten, Gl\u00fchbirne auswechseln, Regal befestigen, Schriftwechsel f\u00fchren.<br \/>\nUmfangreichere Arbeiten wie beispielsweise Malerarbeiten, das Verlegen von Teppichb\u00f6den oder Laminat sowie Arbeiten an fest installierten Gas-, Wasser- oder Elektroleitungen sind ausgeschlossen.<br \/>\nDas Heinzelwerk Siegen will den lokalen Betrieben keine Konkurrenz machen.<br \/>\nDie Ehrenamtlichen sehen ihren Einsatz als &#8222;Nachbarschaftshilfe&#8220;. Und sind sie selbst mit ihrem Latein am Ende, beraten und unterst\u00fctzen sie beim Gespr\u00e4ch hin zu den professionellen Handwerkern.<\/p>\n<p><strong>Organisation<\/strong><\/p>\n<p align=\"justify\">In einer Stadt muss eine solche Hilfe naturgem\u00e4\u00df anders organisiert sein als auf dem Dorf. W\u00e4hrend dort noch die einfache Mund zu Mund-Propaganda ausreicht, ist in der Stadt eine feste Anlaufstelle notwendig.<\/p>\n<p align=\"justify\">In Siegen ist dies die\u00a0 <a href=\"http:\/\/www.siegen.de\/ols\/bereiche-institute\/?tx_ricools_showorgaeinheit%5Borgaeinheit%5D=95&amp;tx_ricools_showorgaeinheit%5Baction%5D=show&amp;tx_ricools_showorgaeinheit%5Bcontroller%5D=Orgaeinheit&amp;cHash=2828013a7f0d8d3f299543c72be64f22\">&#8222;Fachstelle Leben im Alter&#8220;<\/a>. \u00dcber das Gesch\u00e4ftszimmer Beir\u00e4te und Beauftragtestelle [0271] 404-2202 oder den Seniorenbeauftragten (0271) 404-2434 werden die\u00a0 Hilfeanfragen angenommen und an die Heinzelwerker weitergeleitet..<br \/>\nJeden 3. Donnerstag im Monat\u00a0 ist das B\u00fcro der Heinzelwerker sowie die Werkstatt von 14.30 &#8211; 16.30 Uhr im Haus Herbstzeitlos ge\u00f6ffnet.<br \/>\nGerne k\u00f6nnen Sie mit Ihrem Anliegen dort vorbeikommen oder rufen unter: 0271- 38 786 162 an. Sie k\u00f6nnen aber auch eine Mail senden an heinzelwerk-siegen@gmx.de.<\/p>\n<p align=\"justify\">Jeder Heinzelwerker f\u00fchrt dann die Arbeiten durch, die seinen technischen F\u00e4higkeiten entsprechen.<\/p>\n<p><strong>Wer arbeitet mit im Heinzelwerk?<\/strong><\/p>\n<p align=\"justify\">Im Heinzelwerk arbeiten Damen und Herren mit, die Spa\u00df an einfachen, handwerklichen Arbeiten haben und einen Teil ihrer freien Zeit in diese dringend ben\u00f6tigte Hilfe investieren wollen.<\/p>\n<p align=\"justify\">Das Spektrum der Mitwirkenden reicht dabei von jungen Leuten, die mitten im Berufsleben stehen bis hin zum pensionierten Handwerker, der auch im Ruhestand noch mit seiner Fachkompetenz und Erfahrung helfen will.<\/p>\n<p align=\"justify\">Neben den eigentlichen Arbeiten ist aber der Sozialkontakt zu den Hilfesuchenden wichtig. Oft gibt es nach getaner Arbeit noch Zeit f\u00fcr ein gutes Gespr\u00e4ch.<\/p>\n<p align=\"justify\">Die Heinzelwerker treffen sich einmal im Monat um sich \u00fcber anstehende Arbeiten und die gesammelten Erfahrungen auszutauschen.<\/p>\n<p align=\"justify\">Im Haus Herbstzeitlos in der Marienborner Stra\u00dfe 151 steht au\u00dferdem eine Werkstatt zur Verf\u00fcgung, die f\u00fcr notwendige Arbeiten unterst\u00fctzend in Anspruch genommen werden kann.<\/p>\n<p><a name=\"_GoBack\"><\/a><\/p>\n<p><strong>Website mit mehr Informationen:<\/strong><\/p>\n<p><a href=\"http:\/\/www.heinzelwerk-si.de\/index.php?id=23\" target=\"_blank\" rel=\"noopener\">www.heinzelwerk.de<\/a><\/p>\n<p><a href=\"https:\/\/unser-quartier.de\/haus-herbstzeitlos-siegen\/files\/2023\/01\/Heinzelwerk-Flyer-Stand-11-2022.pdf\">Flyer<\/a><\/p>\n<p><strong>Treffpunkt der Heinzelwerker:<\/strong><\/p>\n<p>Die Heinzelwerker\/innen treffen sich an jedem 3. Dienstag im Monat um 15.00 Uhr im Haus Herbstzeitlos, Marienborner Str. 151 (Neue Helfer\/innen sind gerne willkommen!)<\/p>\n","protected":false},"excerpt":{"rendered":"<p>Ehrenamtliche Hilfeleistung in Siegen Gegenseitige Hilfe bei einfachen Alltagsarbeiten ist in einer Dorfgemeinschaft selbstverst\u00e4ndlich. Aber funktioniert das auch in einer Stadt wie Siegen? Wir meinen der Bedarf ist vorhanden und zahlreiche Menschen (\u00c4ltere, Behinderte, Bed\u00fcrftige) sind auf unkonventionelle, ehrenamtliche Hilfe &hellip; <a href=\"https:\/\/unser-quartier.de\/haus-herbstzeitlos-siegen\/heinzelwerker-2\/\">Weiterlesen <span class=\"meta-nav\">&rarr;<\/span><\/a><\/p>\n","protected":false},"author":66,"featured_media":0,"parent":0,"menu_order":0,"comment_status":"closed","ping_status":"closed","template":"","meta":{"footnotes":""},"class_list":["post-368","page","type-page","status-publish","hentry"],"_links":{"self":[{"href":"https:\/\/unser-quartier.de\/haus-herbstzeitlos-siegen\/wp-json\/wp\/v2\/pages\/368","targetHints":{"allow":["GET"]}}],"collection":[{"href":"https:\/\/unser-quartier.de\/haus-herbstzeitlos-siegen\/wp-json\/wp\/v2\/pages"}],"about":[{"href":"https:\/\/unser-quartier.de\/haus-herbstzeitlos-siegen\/wp-json\/wp\/v2\/types\/page"}],"author":[{"embeddable":true,"href":"https:\/\/unser-quartier.de\/haus-herbstzeitlos-siegen\/wp-json\/wp\/v2\/users\/66"}],"replies":[{"embeddable":true,"href":"https:\/\/unser-quartier.de\/haus-herbstzeitlos-siegen\/wp-json\/wp\/v2\/comments?post=368"}],"version-history":[{"count":3,"href":"https:\/\/unser-quartier.de\/haus-herbstzeitlos-siegen\/wp-json\/wp\/v2\/pages\/368\/revisions"}],"predecessor-version":[{"id":15342,"href":"https:\/\/unser-quartier.de\/haus-herbstzeitlos-siegen\/wp-json\/wp\/v2\/pages\/368\/revisions\/15342"}],"wp:attachment":[{"href":"https:\/\/unser-quartier.de\/haus-herbstzeitlos-siegen\/wp-json\/wp\/v2\/media?parent=368"}],"curies":[{"name":"wp","href":"https:\/\/api.w.org\/{rel}","templated":true}]}}