{"id":64,"date":"2016-05-11T14:34:28","date_gmt":"2016-05-11T12:34:28","guid":{"rendered":"https:\/\/hausherbstzeitlos.wordpress.com\/?page_id=64"},"modified":"2025-10-08T09:11:18","modified_gmt":"2025-10-08T07:11:18","slug":"senioren-service-stelle","status":"publish","type":"page","link":"https:\/\/unser-quartier.de\/haus-herbstzeitlos-siegen\/senioren-service-stelle\/","title":{"rendered":"SeniorenServiceStelle"},"content":{"rendered":"<p align=\"justify\">Die SeniorenServiceStelle der Stadt Siegen unterst\u00fctzt Sie, auch im Alter selbstbestimmt und in gewohnter Umgebung zu leben. Sie bietet Beratung und Information ganz in Ihrer N\u00e4he, telefonisch oder pers\u00f6nlich, vertraulich und in angenehmer Atmosph\u00e4re, kostenfrei und tr\u00e4gerneutral.<\/p>\n<p>Wir informieren Sie \u00fcber &#8230;<\/p>\n<ul>\n<li>\u00b7 Hilfestellungen bei der Alltagsbew\u00e4ltigung.<\/li>\n<li>\u00b7 Ambulante, teilstation\u00e4re und station\u00e4re Pflegeangebote.<\/li>\n<li>\u00b7 Entlastungsdienste und Hilfe f\u00fcr pflegende Angeh\u00f6rige.<\/li>\n<li>\u00b7 Begegnungs-, Bildungs-, und Freizeitangebote.<\/li>\n<li>\u00b7 Ehrenamtliche T\u00e4tigkeiten.<\/li>\n<li>\u00b7 Besuchs- und Begleitdienste.<\/li>\n<li>\u00b7 Wohnungsanpassung.<\/li>\n<li>\u00b7 Wohnformen.<\/li>\n<\/ul>\n<p>Wir vermitteln &#8230;<\/p>\n<ul>\n<li>\u00b7 Kontakt zu weiteren sozialen Diensten, Einrichtungen und Beratungsstellen.<\/li>\n<li>\u00b7 Organisieren auf Wunsch einen Hausbesuch von ehren- oder hauptamtlichen<br \/>\nMitarbeiter\/-innen der Stadt Siegen.<\/li>\n<\/ul>\n<p>Die <strong>SeniorenServiceStelle im Haus Herbstzeitlos<\/strong> ist in der Regel<br \/>\n<strong>Montags und Mittwochs von 9 \u2013 12 Uhr besetzt.<\/strong><br \/>\nGerne kann ein Termin au\u00dferhalb der Sprechstunde vereinbart werden.<br \/>\n<strong><br \/>\nAnsprechpersonen:<\/strong><br \/>\nVolker Reichmann &#8211; Seniorenbeauftragter, Tel. (0271) \u2013 404 &#8211; 2434<br \/>\nKerstin Fey &#8211; Fachberatung\u00a0\u00a0\u00a0\u00a0\u00a0\u00a0\u00a0\u00a0\u00a0\u00a0\u00a0\u00a0\u00a0\u00a0\u00a0\u00a0\u00a0\u00a0\u00a0\u00a0\u00a0\u00a0\u00a0 Tel. (0271) &#8211; 404 &#8211; 2238<\/p>\n<p>E-Mail: seniorenservice@siegen.de<\/p>\n<p><a name=\"_GoBack\"><\/a><\/p>\n","protected":false},"excerpt":{"rendered":"<p>Die SeniorenServiceStelle der Stadt Siegen unterst\u00fctzt Sie, auch im Alter selbstbestimmt und in gewohnter Umgebung zu leben. Sie bietet Beratung und Information ganz in Ihrer N\u00e4he, telefonisch oder pers\u00f6nlich, vertraulich und in angenehmer Atmosph\u00e4re, kostenfrei und tr\u00e4gerneutral. Wir informieren Sie &hellip; <a href=\"https:\/\/unser-quartier.de\/haus-herbstzeitlos-siegen\/senioren-service-stelle\/\">Weiterlesen <span class=\"meta-nav\">&rarr;<\/span><\/a><\/p>\n","protected":false},"author":66,"featured_media":0,"parent":0,"menu_order":0,"comment_status":"closed","ping_status":"closed","template":"","meta":{"footnotes":""},"class_list":["post-64","page","type-page","status-publish","hentry"],"_links":{"self":[{"href":"https:\/\/unser-quartier.de\/haus-herbstzeitlos-siegen\/wp-json\/wp\/v2\/pages\/64","targetHints":{"allow":["GET"]}}],"collection":[{"href":"https:\/\/unser-quartier.de\/haus-herbstzeitlos-siegen\/wp-json\/wp\/v2\/pages"}],"about":[{"href":"https:\/\/unser-quartier.de\/haus-herbstzeitlos-siegen\/wp-json\/wp\/v2\/types\/page"}],"author":[{"embeddable":true,"href":"https:\/\/unser-quartier.de\/haus-herbstzeitlos-siegen\/wp-json\/wp\/v2\/users\/66"}],"replies":[{"embeddable":true,"href":"https:\/\/unser-quartier.de\/haus-herbstzeitlos-siegen\/wp-json\/wp\/v2\/comments?post=64"}],"version-history":[{"count":3,"href":"https:\/\/unser-quartier.de\/haus-herbstzeitlos-siegen\/wp-json\/wp\/v2\/pages\/64\/revisions"}],"predecessor-version":[{"id":15344,"href":"https:\/\/unser-quartier.de\/haus-herbstzeitlos-siegen\/wp-json\/wp\/v2\/pages\/64\/revisions\/15344"}],"wp:attachment":[{"href":"https:\/\/unser-quartier.de\/haus-herbstzeitlos-siegen\/wp-json\/wp\/v2\/media?parent=64"}],"curies":[{"name":"wp","href":"https:\/\/api.w.org\/{rel}","templated":true}]}}

<p align="justify">Die SeniorenServiceStelle der Stadt Siegen unterstützt Sie, auch im Alter selbstbestimmt und in gewohnter Umgebung zu leben. Sie bietet Beratung und Information ganz in Ihrer Nähe, telefonisch oder persönlich, vertraulich und in angenehmer Atmosphäre, kostenfrei und trägerneutral.</p>
<p>Wir informieren Sie über &#8230;</p>
<ul>
<li>· Hilfestellungen bei der Alltagsbewältigung.</li>
<li>· Ambulante, teilstationäre und stationäre Pflegeangebote.</li>
<li>· Entlastungsdienste und Hilfe für pflegende Angehörige.</li>
<li>· Begegnungs-, Bildungs-, und Freizeitangebote.</li>
<li>· Ehrenamtliche Tätigkeiten.</li>
<li>· Besuchs- und Begleitdienste.</li>
<li>· Wohnungsanpassung.</li>
<li>· Wohnformen.</li>
</ul>
<p>Wir vermitteln &#8230;</p>
<ul>
<li>· Kontakt zu weiteren sozialen Diensten, Einrichtungen und Beratungsstellen.</li>
<li>· Organisieren auf Wunsch einen Hausbesuch von ehren- oder hauptamtlichen<br />
Mitarbeiter/-innen der Stadt Siegen.</li>
</ul>
<p>Die <strong>SeniorenServiceStelle im Haus Herbstzeitlos</strong> ist in der Regel<br />
<strong>Montags und Mittwochs von 9 – 12 Uhr besetzt.</strong><br />
Gerne kann ein Termin außerhalb der Sprechstunde vereinbart werden.<br />
<strong><br />
Ansprechpersonen:</strong><br />
Volker Reichmann &#8211; Seniorenbeauftragter, Tel. (0271) – 404 &#8211; 2434<br />
Kerstin Fey &#8211; Fachberatung                        Tel. (0271) &#8211; 404 &#8211; 2238</p>
<p>E-Mail: seniorenservice@siegen.de</p>
<p><a name="_GoBack"></a></p>

<p>Die SeniorenServiceStelle der Stadt Siegen unterstützt Sie, auch im Alter selbstbestimmt und in gewohnter Umgebung zu leben. Sie bietet Beratung und Information ganz in Ihrer Nähe, telefonisch oder persönlich, vertraulich und in angenehmer Atmosphäre, kostenfrei und trägerneutral. Wir informieren Sie &hellip; <a href="https://unser-quartier.de/haus-herbstzeitlos-siegen/senioren-service-stelle/">Weiterlesen <span class="meta-nav">&rarr;</span></a></p>
