{"id":6812,"date":"2018-05-25T10:56:07","date_gmt":"2018-05-25T08:56:07","guid":{"rendered":"https:\/\/unser-quartier.de\/haus-herbstzeitlos-siegen\/?page_id=6812"},"modified":"2018-06-06T10:30:33","modified_gmt":"2018-06-06T08:30:33","slug":"datenschutzerklaerung-2","status":"publish","type":"page","link":"https:\/\/unser-quartier.de\/haus-herbstzeitlos-siegen\/datenschutzerklaerung-2\/","title":{"rendered":"Datenschutzerkl&auml;rung"},"content":{"rendered":"<h4>Wer wir sind:<br \/>\nHausbeirat der Gruppen im Haus Herbstzeitlos,<br \/>\nMarienborner Str. 151, 57074 Siegen<\/h4>\n<p>Adresse und Kontakte <a href=\"https:\/\/unser-quartier.de\/haus-herbstzeitlos-siegen\/impressum\/\">siehe Impressum<\/a><\/p>\n<p>Die Adresse unserer Website ist: <a href=\"https:\/\/unser-quartier.de\/haus-herbstzeitlos-siegen\">https:\/\/unser-quartier.de\/haus-herbstzeitlos-siegen<\/a>.<br \/>\nDie Website ist ein Verbund zur Ver\u00f6ffentlichung von Mitteilungen der im Haus Herbstzeitlos ans\u00e4ssigen Vereine und Organisationen.<\/p>\n<p>Wir haben die <strong>Kommentarfunktionen deaktiviert,<\/strong> damit hier keine Daten gesammelt werden. Funktionen f\u00fcr Soziale Netzwerke werden nicht betrieben.<\/p>\n<p>Die <strong>Beitr\u00e4ge des Blogs<\/strong> k\u00f6nnen allerdings von den Nutzern <strong>abonniert <\/strong>werden. Dazu m\u00fcssen sich diese mit ihrer E-Mail-Adresse registrieren. Die Daten werden nur zum Versand der Blogbeitr\u00e4ge verwendet. Eine Abmeldung ist jederzeit durch die Nutzer selbst\u00e4ndig m\u00f6glich. Organisationen, die nicht mehr im Blog genannt werden m\u00f6chten, k\u00f6nnen die L\u00f6schung der Seiten beantragen unter:<\/p>\n<p><strong>Mail: hausherbstzeitlos(at)googlemail.com<\/strong><\/p>\n<p><strong>Nutzer, die die Beitr\u00e4ge weiterhin abonnieren m\u00f6chten, bitten wir sich neu f\u00fcr das Abo zu registrieren und dieses zu best\u00e4tigen!<\/strong><\/p>\n<p>Es werden allerdings die Zugriffe der Nutzer auf die Website registriert. Diese Daten werden nicht verwendet, sondern dienen nur zu statistischen Zwecken.<\/p>\n<p>F\u00fcr die Anzeige des Standortes Haus Herbstzeitlos wird der Dienst Google Maps im Kalender genutzt.<\/p>\n<p>Ver\u00f6ffentlichungen von Texten und Bildmaterial werden immer nur auf Bitte der Nutzer vorgenommen, die damit ihr ausdr\u00fcckliches Einverst\u00e4ndnis geben.<\/p>\n<p>F\u00fcr die Verlinkungen auf andere Seiten k\u00f6nnen wir keine Verantwortung \u00fcbernehmen, diese liegt grunds\u00e4tzlich bei den Betreibern dieser Seiten.<\/p>\n<p>Die Betreiber dieser Seite nehmen den Schutz Ihrer pers\u00f6nlichen Daten sehr ernst. Wir behandeln Ihre personenbezogenen Daten vertraulich und entsprechend der gesetzlichen Datenschutzvorschriften sowie dieser Datenschutzerkl\u00e4rung.<\/p>\n<p>Die Nutzung unserer Webseite ist in der Regel ohne Angabe personenbezogener Daten m\u00f6glich. Soweit auf unseren Seiten personenbezogene Daten (beispielsweise Name, Anschrift oder E-Mail-Adressen) erhoben werden, erfolgt dies, soweit m\u00f6glich, stets auf freiwilliger Basis. Diese Daten werden ohne Ihre ausdr\u00fcckliche Zustimmung nicht an Dritte weitergegeben.<\/p>\n<p>Wir weisen darauf hin, dass die Daten\u00fcbertragung im Internet (z.B. bei der Kommunikation per E-Mail) Sicherheitsl\u00fccken aufweisen kann. Ein l\u00fcckenloser Schutz der Daten vor dem Zugriff durch Dritte ist nicht m\u00f6glich.<\/p>\n","protected":false},"excerpt":{"rendered":"<p>Wer wir sind: Hausbeirat der Gruppen im Haus Herbstzeitlos, Marienborner Str. 151, 57074 Siegen Adresse und Kontakte siehe Impressum Die Adresse unserer Website ist: https:\/\/unser-quartier.de\/haus-herbstzeitlos-siegen. Die Website ist ein Verbund zur Ver\u00f6ffentlichung von Mitteilungen der im Haus Herbstzeitlos ans\u00e4ssigen Vereine &hellip; <a href=\"https:\/\/unser-quartier.de\/haus-herbstzeitlos-siegen\/datenschutzerklaerung-2\/\">Weiterlesen <span class=\"meta-nav\">&rarr;<\/span><\/a><\/p>\n","protected":false},"author":66,"featured_media":0,"parent":0,"menu_order":0,"comment_status":"closed","ping_status":"closed","template":"","meta":{"footnotes":""},"class_list":["post-6812","page","type-page","status-publish","hentry"],"_links":{"self":[{"href":"https:\/\/unser-quartier.de\/haus-herbstzeitlos-siegen\/wp-json\/wp\/v2\/pages\/6812","targetHints":{"allow":["GET"]}}],"collection":[{"href":"https:\/\/unser-quartier.de\/haus-herbstzeitlos-siegen\/wp-json\/wp\/v2\/pages"}],"about":[{"href":"https:\/\/unser-quartier.de\/haus-herbstzeitlos-siegen\/wp-json\/wp\/v2\/types\/page"}],"author":[{"embeddable":true,"href":"https:\/\/unser-quartier.de\/haus-herbstzeitlos-siegen\/wp-json\/wp\/v2\/users\/66"}],"replies":[{"embeddable":true,"href":"https:\/\/unser-quartier.de\/haus-herbstzeitlos-siegen\/wp-json\/wp\/v2\/comments?post=6812"}],"version-history":[{"count":0,"href":"https:\/\/unser-quartier.de\/haus-herbstzeitlos-siegen\/wp-json\/wp\/v2\/pages\/6812\/revisions"}],"wp:attachment":[{"href":"https:\/\/unser-quartier.de\/haus-herbstzeitlos-siegen\/wp-json\/wp\/v2\/media?parent=6812"}],"curies":[{"name":"wp","href":"https:\/\/api.w.org\/{rel}","templated":true}]}}