{"id":70,"date":"2023-05-01T09:00:45","date_gmt":"2023-05-01T07:00:45","guid":{"rendered":"https:\/\/hausherbstzeitlos.wordpress.com\/?page_id=70"},"modified":"2025-03-10T12:34:52","modified_gmt":"2025-03-10T11:34:52","slug":"seniorenberater-stadt-siegen","status":"publish","type":"page","link":"https:\/\/unser-quartier.de\/haus-herbstzeitlos-siegen\/seniorenberater-stadt-siegen\/","title":{"rendered":"Seniorenfachberatung der Stadt Siegen"},"content":{"rendered":"<h2>Seniorenberatung<\/h2>\n<p>Die Fachberatung f\u00fcr Senioren erfolgt unabh\u00e4ngig, \u00fcberkonfessionell, ist streng vertraulich und kostenlos.<\/p>\n<p>Der Seniorenberater ist pers\u00f6nlich, telefonisch und per E-Mail erreichbar. Vorherige Terminabsprache ist empfehlenswert.<\/p>\n<p>Mobilit\u00e4tseingeschr\u00e4nkte Personen aufgrund von Alter oder Handicap werden nach Absprache gerne zu Hause besucht.<\/p>\n<p><strong>Wir helfen&#8230;<\/strong><\/p>\n<ul>\n<li>im Umgang mit \u00c4mtern, Kranken-\/Pflegekasse und sonstige Einrichtungen<\/li>\n<li>bei der Versorgung zu Hause ( Essen auf R\u00e4dern, Hausnotruf, Ambulante Pflege&#8230;)<\/li>\n<li>bei allen Fragen rund ums Alter<\/li>\n<\/ul>\n<p>Wir beantworten Fragen&#8230;<\/p>\n<ul>\n<li>zu unterst\u00fctzenden Angeboten im Wohnumfeld<\/li>\n<li>zur Finanzierung h\u00e4uslicher Pflege<\/li>\n<li>zu entlastenden Angeboten<\/li>\n<\/ul>\n<p>Die Seniorenberatung informiert und ber\u00e4t Sie zu den Themen\u2026<\/p>\n<ul>\n<li>Ambulante- und Heimpflege<\/li>\n<li>Wohnen im Alter<\/li>\n<li>Vorsorgevollmacht und Patientenverf\u00fcgung sowie gesetzliche Betreuung<\/li>\n<li>Pflegehilfsmittel<\/li>\n<li>Anspr\u00fcche gegen\u00fcber Kranken- und Pflegekassen<\/li>\n<\/ul>\n<p><b>Die Fachberatung vermittelt bzw. ist Ihnen dabei behilflich\u2026<\/b><\/p>\n<ul>\n<li>H\u00e4usliche Alten- und Krankenpflege sowie Haushaltshilfen<\/li>\n<li>Kurzzeitpflege- und Tagespflegepl\u00e4tze<\/li>\n<li>Essen auf R\u00e4dern<\/li>\n<li>Hausnotrufsysteme<\/li>\n<li>Hospizdienste<\/li>\n<li>Pflege-Hilfsmittel<\/li>\n<li>Fahrdienste<\/li>\n<li>Unterbringung in einem Alten- und Pflegeheim<\/li>\n<\/ul>\n<p><a href=\"https:\/\/unser-quartier.de\/haus-herbstzeitlos-siegen\/files\/2016\/07\/clip_image002.jpg\"><img loading=\"lazy\" decoding=\"async\" style=\"padding-top: 0px; padding-left: 0px; padding-right: 0px; border-width: 0px;\" title=\"clip_image002\" src=\"https:\/\/unser-quartier.de\/haus-herbstzeitlos-siegen\/files\/2016\/07\/clip_image002_thumb.jpg\" alt=\"clip_image002\" width=\"182\" height=\"92\" border=\"0\" \/><\/a><\/p>\n<ul>\n<li>Sie erreichen die Seniorenberaterin Frau Kerstin Fey in der Fachberatung \u201eLeben im Alter\u201c im Weidenauer Str. 158-160, 57076 Siegen<\/li>\n<\/ul>\n<p>Tel. 0271\/404-2238<br \/>\nE-Mail: k.fey@siegen.de<\/p>\n","protected":false},"excerpt":{"rendered":"<p>Seniorenberatung Die Fachberatung f\u00fcr Senioren erfolgt unabh\u00e4ngig, \u00fcberkonfessionell, ist streng vertraulich und kostenlos. Der Seniorenberater ist pers\u00f6nlich, telefonisch und per E-Mail erreichbar. Vorherige Terminabsprache ist empfehlenswert. Mobilit\u00e4tseingeschr\u00e4nkte Personen aufgrund von Alter oder Handicap werden nach Absprache gerne zu Hause besucht. &hellip; <a href=\"https:\/\/unser-quartier.de\/haus-herbstzeitlos-siegen\/seniorenberater-stadt-siegen\/\">Weiterlesen <span class=\"meta-nav\">&rarr;<\/span><\/a><\/p>\n","protected":false},"author":66,"featured_media":0,"parent":0,"menu_order":0,"comment_status":"closed","ping_status":"closed","template":"","meta":{"footnotes":""},"class_list":["post-70","page","type-page","status-publish","hentry"],"_links":{"self":[{"href":"https:\/\/unser-quartier.de\/haus-herbstzeitlos-siegen\/wp-json\/wp\/v2\/pages\/70","targetHints":{"allow":["GET"]}}],"collection":[{"href":"https:\/\/unser-quartier.de\/haus-herbstzeitlos-siegen\/wp-json\/wp\/v2\/pages"}],"about":[{"href":"https:\/\/unser-quartier.de\/haus-herbstzeitlos-siegen\/wp-json\/wp\/v2\/types\/page"}],"author":[{"embeddable":true,"href":"https:\/\/unser-quartier.de\/haus-herbstzeitlos-siegen\/wp-json\/wp\/v2\/users\/66"}],"replies":[{"embeddable":true,"href":"https:\/\/unser-quartier.de\/haus-herbstzeitlos-siegen\/wp-json\/wp\/v2\/comments?post=70"}],"version-history":[{"count":3,"href":"https:\/\/unser-quartier.de\/haus-herbstzeitlos-siegen\/wp-json\/wp\/v2\/pages\/70\/revisions"}],"predecessor-version":[{"id":15345,"href":"https:\/\/unser-quartier.de\/haus-herbstzeitlos-siegen\/wp-json\/wp\/v2\/pages\/70\/revisions\/15345"}],"wp:attachment":[{"href":"https:\/\/unser-quartier.de\/haus-herbstzeitlos-siegen\/wp-json\/wp\/v2\/media?parent=70"}],"curies":[{"name":"wp","href":"https:\/\/api.w.org\/{rel}","templated":true}]}}