{"id":97,"date":"2016-05-11T14:39:48","date_gmt":"2016-05-11T12:39:48","guid":{"rendered":"https:\/\/hausherbstzeitlos.wordpress.com\/?page_id=97"},"modified":"2023-06-26T16:14:58","modified_gmt":"2023-06-26T14:14:58","slug":"selbsthilfegruppe-asthma","status":"publish","type":"page","link":"https:\/\/unser-quartier.de\/haus-herbstzeitlos-siegen\/selbsthilfegruppe-asthma\/","title":{"rendered":"SAB Selbsthilfegruppe Asthma und Bronchitis Siegen (COPD)"},"content":{"rendered":"<p><img loading=\"lazy\" decoding=\"async\" class=\"alignnone size-full wp-image-2548\" src=\"https:\/\/unser-quartier.de\/haus-herbstzeitlos-siegen\/files\/2016\/05\/Asthma.jpg\" alt=\"Asthma\" width=\"284\" height=\"166\" \/><\/p>\n<p>Wir sind eine Selbsthilfegruppe der Diakonie und treffen uns von Februar-November jeden letzten Montag (au\u00dfer Feiertage) um 18.30 h im Haus Herbstzeitlos in der Marienborner Str. 151 in Siegen-Kaan.<\/p>\n<p><strong>Unsere Aktivit\u00e4ten:<\/strong><br \/>\nWeiterbildung durch Vortr\u00e4ge von Fach\u00e4rzten, Physiotherapeuten, Atemgymnastik, Erfahrungsaustausch und einiges mehr. Dauer: ca. 1- 1 1\/2 Std. je Treffen.<\/p>\n<p><strong>Unsere Gruppe:<\/strong><br \/>\nBesteht aus Betroffenen und deren Angeh\u00f6rigen.<\/p>\n<p>Als Selbsthilfegruppe sind wir kein eingetragener Verein. Es gibt keine Mitgliedschaft,<br \/>\nkeinen Beitrag oder Eintritt.<\/p>\n<p>Wir hoffen Ihr Interesse geweckt zu haben.<\/p>\n<p>F\u00fcr weitere Fragen stehen bereit:<\/p>\n<p class=\"style11\" align=\"justify\">Burkhard und Ulrike Schlag\u00a0\u00a0\u00a0\u00a0\u00a0\u00a0\u00a0\u00a0\u00a0\u00a0\u00a0\u00a0\u00a0\u00a0\u00a0\u00a0\u00a0\u00a0\u00a0 Tel. 0271\/87941<br \/>\nRoland und Gunda Mohr\u00a0\u00a0\u00a0\u00a0\u00a0\u00a0\u00a0\u00a0\u00a0\u00a0\u00a0\u00a0\u00a0\u00a0\u00a0\u00a0\u00a0\u00a0\u00a0\u00a0\u00a0\u00a0\u00a0 Tel.: 0271\/88989<br \/>\nG\u00fcnther und Ulla Selzer\u00a0\u00a0\u00a0\u00a0\u00a0\u00a0\u00a0\u00a0\u00a0\u00a0\u00a0\u00a0\u00a0\u00a0\u00a0\u00a0\u00a0\u00a0\u00a0\u00a0\u00a0\u00a0\u00a0\u00a0 Tel. 0170-8000270<br \/>\nUrsula\u00a0 Steuber \u00a0\u00a0\u00a0\u00a0\u00a0\u00a0 \u00a0 \u00a0 \u00a0 \u00a0 \u00a0 \u00a0 \u00a0 \u00a0 \u00a0 \u00a0 \u00a0 \u00a0 \u00a0 \u00a0\u00a0\u00a0\u00a0 Tel.: 02737\/3308<\/p>\n<p class=\"style11\" align=\"justify\">Weitere Informationen erhalten Sie auch bei der:<\/p>\n<p class=\"style4\" align=\"justify\"><strong><span class=\"style9\">Koordinationsstelle f\u00fcr Selbsthilfegruppen:<br \/>\n<\/span> <\/strong><span class=\"style9\">City &#8211; Diakonie<br \/>\nFriedrichstra\u00dfe 27<br \/>\n57072 Siegen<\/span><\/p>\n<p class=\"style9\">\n","protected":false},"excerpt":{"rendered":"<p>Wir sind eine Selbsthilfegruppe der Diakonie und treffen uns von Februar-November jeden letzten Montag (au\u00dfer Feiertage) um 18.30 h im Haus Herbstzeitlos in der Marienborner Str. 151 in Siegen-Kaan. Unsere Aktivit\u00e4ten: Weiterbildung durch Vortr\u00e4ge von Fach\u00e4rzten, Physiotherapeuten, Atemgymnastik, Erfahrungsaustausch und &hellip; <a href=\"https:\/\/unser-quartier.de\/haus-herbstzeitlos-siegen\/selbsthilfegruppe-asthma\/\">Weiterlesen <span class=\"meta-nav\">&rarr;<\/span><\/a><\/p>\n","protected":false},"author":66,"featured_media":0,"parent":0,"menu_order":0,"comment_status":"closed","ping_status":"closed","template":"","meta":{"footnotes":""},"class_list":["post-97","page","type-page","status-publish","hentry"],"_links":{"self":[{"href":"https:\/\/unser-quartier.de\/haus-herbstzeitlos-siegen\/wp-json\/wp\/v2\/pages\/97","targetHints":{"allow":["GET"]}}],"collection":[{"href":"https:\/\/unser-quartier.de\/haus-herbstzeitlos-siegen\/wp-json\/wp\/v2\/pages"}],"about":[{"href":"https:\/\/unser-quartier.de\/haus-herbstzeitlos-siegen\/wp-json\/wp\/v2\/types\/page"}],"author":[{"embeddable":true,"href":"https:\/\/unser-quartier.de\/haus-herbstzeitlos-siegen\/wp-json\/wp\/v2\/users\/66"}],"replies":[{"embeddable":true,"href":"https:\/\/unser-quartier.de\/haus-herbstzeitlos-siegen\/wp-json\/wp\/v2\/comments?post=97"}],"version-history":[{"count":2,"href":"https:\/\/unser-quartier.de\/haus-herbstzeitlos-siegen\/wp-json\/wp\/v2\/pages\/97\/revisions"}],"predecessor-version":[{"id":10294,"href":"https:\/\/unser-quartier.de\/haus-herbstzeitlos-siegen\/wp-json\/wp\/v2\/pages\/97\/revisions\/10294"}],"wp:attachment":[{"href":"https:\/\/unser-quartier.de\/haus-herbstzeitlos-siegen\/wp-json\/wp\/v2\/media?parent=97"}],"curies":[{"name":"wp","href":"https:\/\/api.w.org\/{rel}","templated":true}]}}