{"id":1486,"date":"2014-05-25T16:05:28","date_gmt":"2014-05-25T14:05:28","guid":{"rendered":"http:\/\/unser-quartier.de\/kali50plus\/?p=1486"},"modified":"2022-01-30T12:52:20","modified_gmt":"2022-01-30T11:52:20","slug":"2-4-kultur-priv-initiativen","status":"publish","type":"page","link":"https:\/\/unser-quartier.de\/kali50plus\/2-4-kultur-priv-initiativen\/","title":{"rendered":"Kultur &#8211; private Initiativen"},"content":{"rendered":"<div id=\"pl-1486\"  class=\"panel-layout\" ><div id=\"pg-1486-0\"  class=\"panel-grid panel-no-style\" ><div id=\"pgc-1486-0-0\"  class=\"panel-grid-cell\" ><div id=\"panel-1486-0-0-0\" class=\"so-panel widget widget_sow-editor panel-first-child panel-last-child\" data-index=\"0\" ><div\n\t\t\t\n\t\t\tclass=\"so-widget-sow-editor so-widget-sow-editor-base\"\n\t\t\t\n\t\t>\n<div class=\"siteorigin-widget-tinymce textwidget\">\n\t<h5>Verband Frau und Kultur e.V. \u2013 Gruppe Kamp-Lintfort<\/h5>\n<p>Christa Aumann<br \/>\nTelefon: 0 28 42-1 04 95<br \/>\nE-Mail: <a href=\"mailto:christa.aumann@t-online.de\" target=\"_blank\" rel=\"noopener\">christa.aumann@t-online.de<\/a><br \/>\nInternet: <a href=\"http:\/\/www.verband-frau-und-kultur.de\" target=\"_blank\" rel=\"noopener follow external noreferrer\" data-wpel-link=\"external\" class=\"ext-link wpel-icon-right\">www.verband-frau-und-kultur.de<span class=\"wpel-icon wpel-image wpel-icon-8\"><\/span><\/a><\/p>\n<p>1. Di im Monat 15:00 Uhr (Vortr\u00e4ge)<br \/>\n3. Di im Monat (Ausfl\u00fcge)<br \/>\nDer Verband bietet neben Vortr\u00e4gen und Gespr\u00e4chen \u00fcber Literatur in der \"Alten Scheune\" regelm\u00e4\u00dfig Ausfl\u00fcge an.<\/p>\n<h5>LesART Kamp-Lintfort e.V.<\/h5>\n<p>Ren\u00e9 Schneider<br \/>\nMediathek Kamp-Lintfort<br \/>\nFreiherr-vom-Stein-Stra\u00dfe 26, 47475 Kamp-Lintfort<br \/>\nTelefon: 02842-330402<br \/>\n<a href=\"mailto:info@heute-schon-gelesen.de\">info@heute-schon-gelesen.de<\/a><br \/>\nInternet: <a href=\"http:\/\/www.heute-schon-gelesen.de\" target=\"_blank\" rel=\"noopener follow external noreferrer\" data-wpel-link=\"external\" class=\"ext-link wpel-icon-right\">www.heute-schon-gelesen.de<span class=\"wpel-icon wpel-image wpel-icon-8\"><\/span><\/a><\/p>\n<p>4. Mi im Monat (au\u00dfer Juli) und 2. Mi im Dezember 19:30 Uhr<\/p>\n<p>Mehr als 20 ehrenamtliche Vorleserinnen lesen Kindern, Jugendlichen und auch Erwachsenen an verschiedenen Orten in der Stadt vor.<\/p>\n<h5>Lyrikerkreis Kamp-Lintfort e.V.<\/h5>\n<p>Christine Uterm\u00f6hlen<br \/>\nNimmendohrstr.10, 47475 Kamp-Lintfort<br \/>\nTelefon: 02842-81189<br \/>\nE-Mail: <a href=\"mailto:c.utermoehlen@t-online.de\">c.utermoehlen@t-online.de<\/a><br \/>\nInternet: <a href=\"https:\/\/www.kamp-lintfort.de\/de\/vereine\/lyrikerkreis-kamp-lintfort-e.v.\/\" target=\"_blank\" rel=\"noopener follow external noreferrer\" data-wpel-link=\"external\" class=\"ext-link wpel-icon-right\">lyrikerkreis<span class=\"wpel-icon wpel-image wpel-icon-8\"><\/span><\/a><\/p>\n<p>\u201eSchreiben, was man erlebt\u201c, hei\u00dft das Motto. Die Zuh\u00f6rer wollen keine \u201ehochgestochene\u201c Lyrik, sie wollen teilhaben an den allt\u00e4glichen Dingen, die sie selbst in irgendeiner Form erlebten, und die ihnen in humorvollen und nachdenklichen Worten n\u00e4her gebracht werden. Interessierte sind immer gern gesehen, um ihre Kreationen vorzustellen.<\/p>\n<h5>Verein Niederrhein Ortsverein Kamp-Lintfort e.V.<\/h5>\n<p>Birgit Kames<br \/>\nFriedrich-Heinrich-Allee 48, 47475 Kamp-Lintfort<br \/>\nTelefon: 02842-719985<br \/>\nE-Mail: <a href=\"mailto:info@vn-kamp-lintfort.de\">info@vn-kamp-lintfort.de<\/a><br \/>\nInternet:&nbsp;<a href=\"http:\/\/www.vn-kamp-lintfort.de\" target=\"_blank\" rel=\"noopener follow external noreferrer\" data-wpel-link=\"external\" class=\"ext-link wpel-icon-right\">www.vn-kamp-lintfort.de<span class=\"wpel-icon wpel-image wpel-icon-8\"><\/span><\/a><\/p>\n<p>Neben dem historischen Stammtisch zur Geschichte Kamp-Lintforts k\u00fcmmert sich der Verein um den Aufbau und die P\ufb02ege eines Archivs. F\u00fcr Mitglieder und Interessierte gibt es gemeinsame Besuche kultureller Orte und verschiedene Ausflugs- und Wanderangebote.<\/p>\n<h5>Briefmarken- und M\u00fcnzsammlerverein Kamp-Lintfort<br \/>\nvon 1964 e.V.<\/h5>\n<p>Bernd Kr\u00f6ger<br \/>\nMittelstr. 96F, 47475 Kamp-Lintfort<br \/>\nTelefon: 02842-475915<br \/>\nE-Mail: <a href=\"mailto:kroeger.bernd@t-online.de\">kroeger.bernd@t-online.de<\/a><br \/>\nInternet: <a href=\"http:\/\/www.briefmarkenverein-kamp-lintfort.de\" target=\"_blank\" rel=\"noopener follow external noreferrer\" data-wpel-link=\"external\" class=\"ext-link wpel-icon-right\">www.briefmarkenverein-kamp-lintfort.de<span class=\"wpel-icon wpel-image wpel-icon-8\"><\/span><\/a><\/p>\n<p>3. So im Monat 10:00 bis 12:30 Uhr<br \/>\nDie regelm\u00e4\u00dfigen Tauschtage in der Begegnungsst\u00e4tte Don-Bosco-Heim lassen Sammlerherzen h\u00f6her schlagen.<\/p>\n<div id=\"pg-1246-0\" class=\"panel-grid panel-no-style\">&nbsp;<\/div>\n<div id=\"pg-1246-1\" class=\"panel-grid panel-no-style\">\n<div id=\"pgc-1246-1-0\" class=\"panel-grid-cell\">\n<div id=\"panel-1246-1-0-0\" class=\"so-panel widget widget_sow-editor panel-first-child panel-last-child\">\n<div class=\"so-widget-sow-editor so-widget-sow-editor-base\">\n<div class=\"siteorigin-widget-tinymce textwidget\">\n<p><strong><a href=\"https:\/\/unser-quartier.de\/kali50plus\/inhaltsverzeichnis\/\" data-wpel-link=\"internal\">&lt;zur\u00fcck zum Inhaltsverzeichnis Wegweiser 50plus&gt;<\/a><\/strong><\/p>\n<\/div>\n<\/div>\n<\/div>\n<\/div>\n<\/div>\n<\/div>\n<\/div><\/div><\/div><\/div><\/div>","protected":false},"excerpt":{"rendered":"<p>Verband Frau und Kultur e.V. \u2013 Gruppe Kamp-Lintfort Christa Aumann Telefon: 0 28 42-1 04 95 E-Mail: christa.aumann@t-online.de Internet: www.verband-frau-und-kultur.de 1. Di im Monat 15:00 Uhr (Vortr\u00e4ge) 3. Di im Monat (Ausfl\u00fcge) Der Verband bietet neben Vortr\u00e4gen und Gespr\u00e4chen \u00fcber Literatur in der &#8222;Alten Scheune&#8220; regelm\u00e4\u00dfig Ausfl\u00fcge an. LesART Kamp-Lintfort e.V. Ren\u00e9 Schneider Mediathek Kamp-Lintfort &hellip; <a href=\"https:\/\/unser-quartier.de\/kali50plus\/2-4-kultur-priv-initiativen\/\" class=\"more-link\" data-wpel-link=\"internal\"><span class=\"screen-reader-text\">Kultur &#8211; private Initiativen<\/span> weiterlesen <span class=\"meta-nav\">&rarr;<\/span><\/a><\/p>\n","protected":false},"author":168,"featured_media":0,"parent":0,"menu_order":0,"comment_status":"closed","ping_status":"closed","template":"","meta":{"_bbp_topic_count":0,"_bbp_reply_count":0,"_bbp_total_topic_count":0,"_bbp_total_reply_count":0,"_bbp_voice_count":0,"_bbp_anonymous_reply_count":0,"_bbp_topic_count_hidden":0,"_bbp_reply_count_hidden":0,"_bbp_forum_subforum_count":0,"advanced_seo_description":"","jetpack_seo_html_title":"","jetpack_seo_noindex":false,"ngg_post_thumbnail":0,"jetpack_post_was_ever_published":false,"footnotes":""},"class_list":["post-1486","page","type-page","status-publish","hentry"],"jetpack_shortlink":"https:\/\/wp.me\/P4AdMt-nY","jetpack_likes_enabled":true,"jetpack-related-posts":[],"jetpack_sharing_enabled":true,"_links":{"self":[{"href":"https:\/\/unser-quartier.de\/kali50plus\/wp-json\/wp\/v2\/pages\/1486","targetHints":{"allow":["GET"]}}],"collection":[{"href":"https:\/\/unser-quartier.de\/kali50plus\/wp-json\/wp\/v2\/pages"}],"about":[{"href":"https:\/\/unser-quartier.de\/kali50plus\/wp-json\/wp\/v2\/types\/page"}],"author":[{"embeddable":true,"href":"https:\/\/unser-quartier.de\/kali50plus\/wp-json\/wp\/v2\/users\/168"}],"replies":[{"embeddable":true,"href":"https:\/\/unser-quartier.de\/kali50plus\/wp-json\/wp\/v2\/comments?post=1486"}],"version-history":[{"count":0,"href":"https:\/\/unser-quartier.de\/kali50plus\/wp-json\/wp\/v2\/pages\/1486\/revisions"}],"wp:attachment":[{"href":"https:\/\/unser-quartier.de\/kali50plus\/wp-json\/wp\/v2\/media?parent=1486"}],"curies":[{"name":"wp","href":"https:\/\/api.w.org\/{rel}","templated":true}]}}