{"id":1489,"date":"2014-05-25T16:31:04","date_gmt":"2014-05-25T14:31:04","guid":{"rendered":"http:\/\/unser-quartier.de\/kali50plus\/?p=1489"},"modified":"2022-01-30T12:54:37","modified_gmt":"2022-01-30T11:54:37","slug":"2-5-sport-spiel-bewegung-seite-1","status":"publish","type":"page","link":"https:\/\/unser-quartier.de\/kali50plus\/2-5-sport-spiel-bewegung-seite-1\/","title":{"rendered":"Sport, Spiel und Bewegung &#8211; Seite 1"},"content":{"rendered":"<div id=\"pl-1489\"  class=\"panel-layout\" ><div id=\"pg-1489-0\"  class=\"panel-grid panel-no-style\" ><div id=\"pgc-1489-0-0\"  class=\"panel-grid-cell\" ><div id=\"panel-1489-0-0-0\" class=\"so-panel widget widget_sow-editor panel-first-child panel-last-child\" data-index=\"0\" ><div\n\t\t\t\n\t\t\tclass=\"so-widget-sow-editor so-widget-sow-editor-base\"\n\t\t\t\n\t\t>\n<div class=\"siteorigin-widget-tinymce textwidget\">\n\t<p>Mit Bewegung, Spiel und Sport halten sich \u00e4ltere Menschen \ufb01t bis ins hohe Alter. Der Lohn des regelm\u00e4\u00dfigen \u00dcbens ist nicht nur k\u00f6rperliche wie geistige Fitness, sondern auch die Erh\u00f6hung der Kondition und Koordination. Und ganz nebenbei kann die Steigerung des Wohlbe\ufb01ndens und Selbstwertgef\u00fchls erlebt werden. Sport und Spiel macht Spa\u00df und trainiert das Gehirn. Zudem wirkt es vorbeugend gegen Erkrankungen, sie helfen in der Rehabilitation bei der Bew\u00e4ltigung von Krankheiten.<\/p>\n<p>Genauso wichtig wie die sportliche Bet\u00e4tigung ist das Kn\u00fcpfen von Kontakten zu Gleichgesinnten sowie auch zu j\u00fcngeren und \u00e4lteren Menschen in den Sportvereinen.<\/p>\n<h5>StadtSportVerband Kamp-Lintfort e.V.<\/h5>\n<p>Manfred Klessa (Vorsitzender)<br \/> Heinrichstr. 39, 47475 Kamp-Lintfort<br \/> Telefon: 02842-80451<br \/> Telefax: 02842-719732<br \/> E-Mail: <a href=\"mailto:m.klessa@t-online.de\">m.klessa@t-online.de<\/a><br \/> oder <a href=\"mailto:kontakt@stadtsportverband-kamp-lintfort.de\">kontakt@stadtsportverband-kamp-lintfort.de <\/a><\/p>\n<p>Er besteht derzeit aus \u00fcber 40 Sportvereinen mit mehr als 9.000 Mitgliedern. Die Vereine decken mit ihren Angeboten nahezu die gesamte Palette der g\u00e4ngigen Sportarten ab.<\/p>\n<p>Schon seit l\u00e4ngerem geh\u00f6rt der Seniorensport zu den Arbeitsschwerpunkten des Stadtsportverbandes. Nutzen auch Sie die breit gef\u00e4cherten Angebote von sportartspezifischen M\u00f6glichkeiten bis hin zu breiten- und freizeitorientiertem Sport. Bei den Angeboten der Kamp-Lintforter Sportvereine wird unterschieden, ob Sie Einsteiger sind oder ob Sie Ihr Leben lang Sport getrieben haben.<\/p>\n<p>Eine erste \u00dcbersicht \u00fcber die in der Stadt beheimateten Vereine bietet die nachstehende Auswahl. Sollte das bevorzugte Interessengebiet fehlen, so k\u00f6nnen weitere Informationen beim StadtSportVerband oder beim Amt f\u00fcr Schule, Jugend und Sport eingeholt werden.<\/p>\n<h5>Lintforter Turnverein 1927 e.V.<\/h5>\n<p>Eyller Str. 45 (Gesch\u00e4ftsstelle\/Vereinsheim)<br \/> Eyller Str. 54 (Sportstudio)<br \/> Telefon: 02842-94604<br \/> Telefax: 02842-94605<br \/> E-Mail: <a href=\"mailto:geschaeftsfuehrung@ltv-1927.de\">geschaeftsfuehrung@ltv-1927.de<\/a><br \/> Internet: <a href=\"http:\/\/www.ltv-1927.de\" target=\"_blank\" rel=\"noopener follow external noreferrer\" data-wpel-link=\"external\" class=\"ext-link wpel-icon-right\">www.ltv-1927.de<span class=\"wpel-icon wpel-image wpel-icon-8\"><\/span><\/a><\/p>\n<p>Mehr Bewegung, richtige Ern\u00e4hrung und Entspannung k\u00f6nnen das Wohlbefinden positiv beeinflussen. Der Lintforter Turnverein ber\u00e4t gerne bei Fragen zu gesundheitsorientierten Sportangeboten. Regelm\u00e4\u00dfiges Training hilft, bis ins hohe Alter das Leben genie\u00dfen zu k\u00f6nnen. Und in der Gruppe macht es zudem noch Spa\u00df. Die Angebotspalette bietet f\u00fcr \u00e4ltere Mitb\u00fcrger und f\u00fcr den kleineren Geldbeutel das Passende. Kostenloses und unverbindliches Schnuppern in den Gruppen ist jederzeit m\u00f6glich.<\/p>\n<p>Seniorenberatung \u2013 tr\u00e4ger\u00fcbergreifend gezielt zu gesundheitsf\u00f6rdernden Angeboten:<br \/> Mi 11:00 bis 12:00 Uhr<\/p>\n<h5>Post-Sportverein Kamp-Lintfort e.V. \u2013<br \/> Tischtennis-Abteilung<\/h5>\n<p>Manfred Klessa<br \/> Heinrichstr. 39, 47475 Kamp-Lintfort<br \/> Telefon: 02842-80451, Telefax: 02842-719732<br \/> E-Mail: <a href=\"mailto:m.klessa@t-online.de\">m.klessa@t-online.de<\/a><br \/> Internet: <a href=\"http:\/\/www.psv-kamp-lintfort.de\" target=\"_blank\" rel=\"noopener follow external noreferrer\" data-wpel-link=\"external\" class=\"ext-link wpel-icon-right\">www.psv-kamp-lintfort.de<span class=\"wpel-icon wpel-image wpel-icon-8\"><\/span><\/a><\/p>\n<p>Tischtennis f\u00fcr Hobby-Spielerinnen und -Spieler<\/p>\n<h5>DJK Kamp-Lintfort e.V.<\/h5>\n<p>Wolfgang Holzgr\u00e4fe<br \/> Franzstra\u00dfe 58, 47475 Kamp-Lintfort<br \/> Telefon: 02842-8782<br \/> E-Mail: <a href=\"mailto:w.holzgraefe@t-online.de\" target=\"_blank\" rel=\"noopener\">w.holzgraefe@t-online.de<\/a><br \/> Internet: <a href=\"http:\/\/www.djk-kamplintfort.de\" target=\"_blank\" rel=\"noopener follow external noreferrer\" data-wpel-link=\"external\" class=\"ext-link wpel-icon-right\">www.djk-kamplintfort.de<span class=\"wpel-icon wpel-image wpel-icon-8\"><\/span><\/a><br \/> Gymnastik f\u00fcr Frauen; Seniorenfu\u00dfball \u201eAlte Herren\u201c<\/p>\n<h5>SV Alemannia Kamp e.V.<\/h5>\n<p>Michaela Hammerschmidt<br \/> Rheurdter Str. 99, 47475 Kamp-Lintfort<br \/> Telefon: 02842-94750<br \/>E-Mail:<a href=\"mailto:hammerschmidt@alemannia-kamp.de\"> hammerschmidt@alemannia-kamp.de<\/a><br \/> Internet: <a href=\"http:\/\/www.alemannia-kamp.de\" target=\"_blank\" rel=\"noopener follow external noreferrer\" data-wpel-link=\"external\" class=\"ext-link wpel-icon-right\">www.alemannia-kamp.de<span class=\"wpel-icon wpel-image wpel-icon-8\"><\/span><\/a><\/p>\n<p>Gymnastik mit R\u00fcckenschule;<br \/> Lauftraining; Sportabzeichen;<br \/>Seniorenfu\u00dfball \"Alte Herren\"<\/p>\n<h5>TUS Fichte Lintfort 1914 e.V.<\/h5>\n<p>Franzstr. 58, 47475 Kamp-Lintfort<br \/> Telefon: 02842-10404<br \/>Telefax: 02842-10404<br \/> E-Mail: <a href=\"mailto:Tus-Fichte-Lintfort@t-online.de\">Tus-Fichte-Lintfort@t-online.de<\/a><br \/> Internet: <a title=\"TuS Fichte Lintfort - FuPa\" href=\"http:\/\/www.fupa.net\/vereine\/tus-fichte-lintfort.html\" target=\"_blank\" rel=\"noopener follow external noreferrer\" data-wpel-link=\"external\" class=\"ext-link wpel-icon-right\">http:\/\/www.fupa.net\/vereine\/tus-fichte-lintfort.html<span class=\"wpel-icon wpel-image wpel-icon-8\"><\/span><\/a><\/p>\n<h5>ADAC Motorclub Kamp-Lintfort 1950 e.V.<\/h5>\n<p>Telefon: 02842-550800<br \/>E-Mail: <a href=\"mailto:mckali@web.de\">mckali@web.de<\/a><br \/>Internet: <a href=\"http:\/\/www.mckali.de\" target=\"_blank\" rel=\"noopener follow external noreferrer\" data-wpel-link=\"external\" class=\"ext-link wpel-icon-right\">www.mckali.de<span class=\"wpel-icon wpel-image wpel-icon-8\"><\/span><\/a><br \/>Treffen f\u00fcr handwerklich geschickte Motorsportbegeisterte; <br \/>Rennstrecke am Eyller Berg<\/p>\n<h5>Allgemeiner Deutscher Fahrrad Club (ADFC) <br \/> Kreis Wesel e.V.<\/h5>\n<p>Peter Zellmer (1. Vorsitzender)<br \/>K\u00f6nigsberger Stra\u00dfe 5, 47475 Kamp-Lintfort<br \/>Telefon: 02842-711456<br \/>E-Mail: <a href=\"mailto:adfc-kreiswesel@t-online.de\" target=\"_blank\" rel=\"noopener\">adfc-kreiswesel@t-online.de<\/a><br \/> Internet: <a href=\"http:\/\/www.adfc-nrw.de\/wesel\/kamp-lintfort\" target=\"_blank\" rel=\"noopener follow external noreferrer\" data-wpel-link=\"external\" class=\"ext-link wpel-icon-right\">www.adfc-nrw.de\/wesel\/kamp-lintfort<span class=\"wpel-icon wpel-image wpel-icon-8\"><\/span><\/a><\/p>\n<h5>Basketball-Gemeinschaft Kamp-Lintfort<\/h5>\n<p>Kurt Liebke<br \/> Dorfstra\u00dfe 57, 47475 Kamp-Lintfort<br \/> Telefon: 02842-41004<br \/>Telefax: 02842-41811<br \/>E-Mail: <a href=\"mailto:k-liebke@liebke.de\" target=\"_blank\" rel=\"noopener\">k-liebke@liebke.de<\/a><br \/> Internet: <a href=\"http:\/\/www.bg-kamp-lintfort.de\" target=\"_blank\" rel=\"noopener follow external noreferrer\" data-wpel-link=\"external\" class=\"ext-link wpel-icon-right\">www.bg-kamp-lintfort.de<span class=\"wpel-icon wpel-image wpel-icon-8\"><\/span><\/a><\/p>\n<p>Basketball-Oldie-Abend<\/p>\n<h5>Behinderten-Sportgemeinschaft Kamp-Lintfort e.V.<\/h5>\n<p>Senioren-Sport (Hockergymnastik)<\/p>\n<p>Fritz Sto\u00dfno<br \/>Telefon: 02842-8625 oder 02842-71226<br \/>Vereinsheim am Pappelsee, Bertastra\u00dfe 74<\/p>\n<p>Mi 19:00 bis 20:30 Uhr<br \/>allgemeines Schwimmen; Panoramabad<\/p>\n<p>Mo 18:30 bis 20:00 Uhr<br \/>Herzsport; Gl\u00fcckauf-Halle, Moerser Stra\u00dfe 67<\/p>\n<p>Do 15:45 bis 18:15 Uhr<br \/>Lungensport; Gymnastikhall des Gymnasiums<br \/>an der Stadthalle, 2 Gruppen<\/p>\n<h5>Billardverein Gut-Stoss Rossenray 1961 (Karambol)<\/h5>\n<p>\u201eZum Krug\u201c<br \/>Schulstr. 160, 47475 Kamp-Lintfort<br \/> Telefon: 02842-8711 oder 02842-13307<br \/> E-Mail: <a href=\"mailto:gsr1961@web.de\">gsr1961@web.de<\/a><\/p>\n<p><strong><a href=\"https:\/\/unser-quartier.de\/kali50plus\/2-5-sport-spiel-bewegung-seite-2\/\" data-wpel-link=\"internal\">Seite 2 &gt;&gt;<\/a><a href=\"https:\/\/unser-quartier.de\/kali50plus\/inhaltsverzeichnis\/\" data-wpel-link=\"internal\"> <br \/>&lt;zur\u00fcck zum Inhaltsverzeichnis Wegweiser 50plus&gt;<\/a><\/strong><\/p>\n<p><strong>\u00a0<\/strong><\/p>\n<\/div>\n<\/div><\/div><\/div><\/div><\/div>","protected":false},"excerpt":{"rendered":"<p>Mit Bewegung, Spiel und Sport halten sich \u00e4ltere Menschen \ufb01t bis ins hohe Alter. Der Lohn des regelm\u00e4\u00dfigen \u00dcbens ist nicht nur k\u00f6rperliche wie geistige Fitness, sondern auch die Erh\u00f6hung der Kondition und Koordination. Und ganz nebenbei kann die Steigerung des Wohlbe\ufb01ndens und Selbstwertgef\u00fchls erlebt werden. Sport und Spiel macht Spa\u00df und trainiert das Gehirn. &hellip; <a href=\"https:\/\/unser-quartier.de\/kali50plus\/2-5-sport-spiel-bewegung-seite-1\/\" class=\"more-link\" data-wpel-link=\"internal\"><span class=\"screen-reader-text\">Sport, Spiel und Bewegung &#8211; Seite 1<\/span> weiterlesen <span class=\"meta-nav\">&rarr;<\/span><\/a><\/p>\n","protected":false},"author":168,"featured_media":0,"parent":0,"menu_order":0,"comment_status":"closed","ping_status":"closed","template":"","meta":{"_bbp_topic_count":0,"_bbp_reply_count":0,"_bbp_total_topic_count":0,"_bbp_total_reply_count":0,"_bbp_voice_count":0,"_bbp_anonymous_reply_count":0,"_bbp_topic_count_hidden":0,"_bbp_reply_count_hidden":0,"_bbp_forum_subforum_count":0,"advanced_seo_description":"","jetpack_seo_html_title":"","jetpack_seo_noindex":false,"ngg_post_thumbnail":0,"jetpack_post_was_ever_published":false,"footnotes":""},"class_list":["post-1489","page","type-page","status-publish","hentry"],"jetpack_shortlink":"https:\/\/wp.me\/P4AdMt-o1","jetpack_likes_enabled":true,"jetpack-related-posts":[],"jetpack_sharing_enabled":true,"_links":{"self":[{"href":"https:\/\/unser-quartier.de\/kali50plus\/wp-json\/wp\/v2\/pages\/1489","targetHints":{"allow":["GET"]}}],"collection":[{"href":"https:\/\/unser-quartier.de\/kali50plus\/wp-json\/wp\/v2\/pages"}],"about":[{"href":"https:\/\/unser-quartier.de\/kali50plus\/wp-json\/wp\/v2\/types\/page"}],"author":[{"embeddable":true,"href":"https:\/\/unser-quartier.de\/kali50plus\/wp-json\/wp\/v2\/users\/168"}],"replies":[{"embeddable":true,"href":"https:\/\/unser-quartier.de\/kali50plus\/wp-json\/wp\/v2\/comments?post=1489"}],"version-history":[{"count":0,"href":"https:\/\/unser-quartier.de\/kali50plus\/wp-json\/wp\/v2\/pages\/1489\/revisions"}],"wp:attachment":[{"href":"https:\/\/unser-quartier.de\/kali50plus\/wp-json\/wp\/v2\/media?parent=1489"}],"curies":[{"name":"wp","href":"https:\/\/api.w.org\/{rel}","templated":true}]}}